|WARNING| pw149412 [PATCH] [v2,1/1] dts: add EAL confidence check su
dpdklab at iol.unh.edu
dpdklab at iol.unh.edu
Tue Jan 7 03:36:00 CET 2025
Test-Label: iol-abi-testing
Test-Status: WARNING
http://dpdk.org/patch/149412
_Testing issues_
Submitter: Dean Marx <dmarx at iol.unh.edu>
Date: Monday, December 23 2024 18:57:39
DPDK git baseline: Repo:dpdk
Branch: master
CommitID:fd51012de5369679e807be1d6a81d63ef15015ce
149412 --> testing issues
Upstream job id: Generic-DPDK-Compile-ABI#109182
Test environment and result as below:
+-------------------+----------+
| Environment | abi_test |
+===================+==========+
| RHEL8 | FAIL |
+-------------------+----------+
| Ubuntu 24.04 | FAIL |
+-------------------+----------+
| Fedora 40 (Clang) | FAIL |
+-------------------+----------+
| CentOS Stream 9 | FAIL |
+-------------------+----------+
| Ubuntu 22.04 | FAIL |
+-------------------+----------+
| Debian 12 | FAIL |
+-------------------+----------+
| openSUSE Leap 15 | FAIL |
+-------------------+----------+
| Fedora 41 (Clang) | FAIL |
+-------------------+----------+
| Fedora 41 | FAIL |
+-------------------+----------+
| RHEL9 | FAIL |
+-------------------+----------+
==== 20 line log output for RHEL9 (abi_test): ====
Error: cannot find librte_crypto_dpaa_sec.so.24.0 in build_install
Error: cannot find librte_net_atlantic.so.24.0 in build_install
Error: cannot find librte_crypto_caam_jr.so.24.0 in build_install
Error: cannot find librte_net_memif.so.24.0 in build_install
Error: cannot find librte_common_mlx5.so.24.0 in build_install
Error: cannot find librte_common_cpt.so.24.0 in build_install
Error: cannot find librte_regex_cn9k.so.24.0 in build_install
Error: cannot find librte_net_iavf.so.24.0 in build_install
Error: cannot find librte_net_cpfl.so.24.0 in build_install
Error: cannot find librte_event_dpaa2.so.24.0 in build_install
Error: cannot find librte_baseband_turbo_sw.so.24.0 in build_install
Error: cannot find librte_net_vdev_netvsc.so.24.0 in build_install
Error: cannot find librte_compress_zlib.so.24.0 in build_install
Error: cannot find librte_net_pfe.so.24.0 in build_install
Error: cannot find librte_baseband_la12xx.so.24.0 in build_install
Error: cannot find librte_net_tap.so.24.0 in build_install
Error: cannot find librte_member.so.24.0 in build_install
Error: cannot find librte_bitratestats.so.24.0 in build_install
Error: cannot find librte_gro.so.24.0 in build_install
Error: cannot find librte_cryptodev.so.24.0 in build_install
==== End log output ====
RHEL8
Kernel: Depends on container host
Compiler: gcc 8.5.0 20210514 (Red Hat 8.5.0-22)
Ubuntu 24.04
Kernel: Depends on container host
Compiler: gcc (Ubuntu 13.3.0-6ubuntu2~24.04) 13.3.0
Fedora 40 (Clang)
Kernel: Depends on container host
Compiler: clang 18.1.8 (Fedora 18.1.8-1.fc40)
CentOS Stream 9
Kernel: Depends on container host
Compiler: gcc 11.5.0 20240719 (Red Hat 11.5.0-2)
Ubuntu 22.04
Kernel: Depends on container host
Compiler: gcc (Ubuntu 11.4.0-1ubuntu1~22.04) 11.4.0
Debian 12
Kernel: Depends on container host
Compiler: gcc (Debian 12.2.0-14) 12.2.0
openSUSE Leap 15
Kernel: Depends on container host
Compiler: gcc (SUSE Linux) 7.5.0
Fedora 41 (Clang)
Kernel: Depends on container host
Compiler: clang 19.1.5 (Fedora 19.1.5-1.fc41)
Fedora 41
Kernel: Depends on container host
Compiler: gcc 14.2.1 20240912 (Red Hat 14.2.1-3)
RHEL9
Kernel: Depends on container host
Compiler: gcc 11.5.0 20240719 (Red Hat 11.5.0-2)
To view detailed results, visit:
https://lab.dpdk.org/results/dashboard/patchsets/32200/
UNH-IOL DPDK Community Lab
To manage your email subscriptions, visit:
https://lab.dpdk.org/results/dashboard/preferences/subscriptions/
More information about the test-report
mailing list