|WARNING| pw149394-149406 [PATCH] [v5,15/15] net/zxdh: mtu update op
dpdklab at iol.unh.edu
dpdklab at iol.unh.edu
Tue Jan 7 04:46:43 CET 2025
Test-Label: iol-abi-testing
Test-Status: WARNING
http://dpdk.org/patch/149406
_Testing issues_
Submitter: Junlong Wang <wang.junlong1 at zte.com.cn>
Date: Monday, December 23 2024 11:02:49
DPDK git baseline: Repo:dpdk
Branch: master
CommitID:94ad302b4ebba4a5b6706a1c43ea0505e5098169
149394-149406 --> testing issues
Upstream job id: Generic-DPDK-Compile-ABI#109250
Test environment and result as below:
+-------------------+----------+
| Environment | abi_test |
+===================+==========+
| CentOS Stream 9 | FAIL |
+-------------------+----------+
| Debian 12 | FAIL |
+-------------------+----------+
| Fedora 40 (Clang) | FAIL |
+-------------------+----------+
| Fedora 40 | FAIL |
+-------------------+----------+
| Fedora 41 (Clang) | FAIL |
+-------------------+----------+
| Fedora 41 | FAIL |
+-------------------+----------+
| RHEL8 | FAIL |
+-------------------+----------+
| openSUSE Leap 15 | FAIL |
+-------------------+----------+
| Ubuntu 22.04 | FAIL |
+-------------------+----------+
| RHEL9 | FAIL |
+-------------------+----------+
| Ubuntu 24.04 | FAIL |
+-------------------+----------+
==== 20 line log output for Ubuntu 24.04 (abi_test): ====
Error: cannot find librte_gso.so.24.0 in build_install
Error: cannot find librte_cfgfile.so.24.0 in build_install
Error: cannot find librte_net_vmxnet3.so.24.0 in build_install
Error: cannot find librte_ethdev.so.24.0 in build_install
Error: cannot find librte_cryptodev.so.24.0 in build_install
Error: cannot find librte_pipeline.so.24.0 in build_install
Error: cannot find librte_dmadev.so.24.0 in build_install
Error: cannot find librte_kvargs.so.24.0 in build_install
Error: cannot find librte_eal.so.24.0 in build_install
Error: cannot find librte_pdump.so.24.0 in build_install
Error: cannot find librte_mbuf.so.24.0 in build_install
Error: cannot find librte_pcapng.so.24.0 in build_install
Error: cannot find librte_cmdline.so.24.0 in build_install
Error: cannot find librte_bpf.so.24.0 in build_install
Error: cannot find librte_eventdev.so.24.0 in build_install
Error: cannot find librte_member.so.24.0 in build_install
Error: cannot find librte_mempool.so.24.0 in build_install
Error: cannot find librte_jobstats.so.24.0 in build_install
Error: cannot find librte_security.so.24.0 in build_install
Error: cannot find librte_ring.so.24.0 in build_install
==== End log output ====
CentOS Stream 9
Kernel: Depends on container host
Compiler: gcc 11.5.0 20240719 (Red Hat 11.5.0-2)
Debian 12
Kernel: Depends on container host
Compiler: gcc (Debian 12.2.0-14) 12.2.0
Fedora 40 (Clang)
Kernel: Depends on container host
Compiler: clang 18.1.8 (Fedora 18.1.8-1.fc40)
Fedora 40
Kernel: Depends on container host
Compiler: gcc 14.2.1 20240912 (Red Hat 14.2.1-3)
Fedora 41 (Clang)
Kernel: Depends on container host
Compiler: clang 19.1.5 (Fedora 19.1.5-1.fc41)
Fedora 41
Kernel: Depends on container host
Compiler: gcc 14.2.1 20240912 (Red Hat 14.2.1-3)
RHEL8
Kernel: Depends on container host
Compiler: gcc 8.5.0 20210514 (Red Hat 8.5.0-22)
openSUSE Leap 15
Kernel: Depends on container host
Compiler: gcc (SUSE Linux) 7.5.0
Ubuntu 22.04
Kernel: Depends on container host
Compiler: gcc (Ubuntu 11.4.0-1ubuntu1~22.04) 11.4.0
RHEL9
Kernel: Depends on container host
Compiler: gcc 11.5.0 20240719 (Red Hat 11.5.0-2)
Ubuntu 24.04
Kernel: Depends on container host
Compiler: gcc (Ubuntu 13.3.0-6ubuntu2~24.04) 13.3.0
To view detailed results, visit:
https://lab.dpdk.org/results/dashboard/patchsets/32195/
UNH-IOL DPDK Community Lab
To manage your email subscriptions, visit:
https://lab.dpdk.org/results/dashboard/preferences/subscriptions/
More information about the test-report
mailing list