|WARNING| pw149312 [PATCH] [RFC] eventdev: adapter API to configure

dpdklab at iol.unh.edu dpdklab at iol.unh.edu
Tue Jan 7 10:43:04 CET 2025


Test-Label: iol-abi-testing
Test-Status: WARNING
http://dpdk.org/patch/149312

_Testing issues_

Submitter: Shijith Thotton <sthotton at marvell.com>
Date: Thursday, December 19 2024 07:34:04 
DPDK git baseline: Repo:dpdk
  Branch: master
  CommitID:1b3bf1128d9bda5595861814792f74b8f57160c8

149312 --> testing issues

Upstream job id: Generic-DPDK-Compile-ABI#109479

Test environment and result as below:

+-------------------+----------+
|    Environment    | abi_test |
+===================+==========+
| CentOS Stream 9   | FAIL     |
+-------------------+----------+
| Fedora 40 (Clang) | FAIL     |
+-------------------+----------+
| Debian 12         | FAIL     |
+-------------------+----------+
| Fedora 40         | FAIL     |
+-------------------+----------+
| RHEL9             | FAIL     |
+-------------------+----------+
| Fedora 41 (Clang) | FAIL     |
+-------------------+----------+
| openSUSE Leap 15  | FAIL     |
+-------------------+----------+
| Fedora 41         | FAIL     |
+-------------------+----------+
| RHEL8             | FAIL     |
+-------------------+----------+
| Ubuntu 22.04      | FAIL     |
+-------------------+----------+
| Ubuntu 24.04      | FAIL     |
+-------------------+----------+

==== 20 line log output for Ubuntu 24.04 (abi_test): ====
Error: cannot find librte_pdump.so.24.0 in build_install
Error: cannot find librte_gro.so.24.0 in build_install
Error: cannot find librte_bitratestats.so.24.0 in build_install
Error: cannot find librte_eal.so.24.0 in build_install
Error: cannot find librte_pipeline.so.24.0 in build_install
Error: cannot find librte_mempool.so.24.0 in build_install
Error: cannot find librte_bpf.so.24.0 in build_install
Error: cannot find librte_efd.so.24.0 in build_install
Error: cannot find librte_rawdev.so.24.0 in build_install
Error: cannot find librte_net.so.24.0 in build_install
Error: cannot find librte_pcapng.so.24.0 in build_install
Error: cannot find librte_power.so.24.0 in build_install
Error: cannot find librte_pdcp.so.24.0 in build_install
Error: cannot find librte_vhost.so.24.0 in build_install
Error: cannot find librte_mbuf.so.24.0 in build_install
Error: cannot find librte_sched.so.24.0 in build_install
Error: cannot find librte_port.so.24.0 in build_install
Error: cannot find librte_compressdev.so.24.0 in build_install
Error: cannot find librte_acl.so.24.0 in build_install
Error: cannot find librte_latencystats.so.24.0 in build_install
==== End log output ====

CentOS Stream 9
	Kernel: Depends on container host
	Compiler: gcc 11.5.0 20240719 (Red Hat 11.5.0-2)

Fedora 40 (Clang)
	Kernel: Depends on container host
	Compiler: clang 18.1.8 (Fedora 18.1.8-1.fc40)

Debian 12
	Kernel: Depends on container host
	Compiler: gcc (Debian 12.2.0-14) 12.2.0

Fedora 40
	Kernel: Depends on container host
	Compiler: gcc 14.2.1 20240912 (Red Hat 14.2.1-3)

RHEL9
	Kernel: Depends on container host
	Compiler: gcc 11.5.0 20240719 (Red Hat 11.5.0-2)

Fedora 41 (Clang)
	Kernel: Depends on container host
	Compiler: clang 19.1.5 (Fedora 19.1.5-1.fc41)

openSUSE Leap 15
	Kernel: Depends on container host
	Compiler: gcc (SUSE Linux) 7.5.0

Fedora 41
	Kernel: Depends on container host
	Compiler: gcc 14.2.1 20240912 (Red Hat 14.2.1-3)

RHEL8
	Kernel: Depends on container host
	Compiler: gcc 8.5.0 20210514 (Red Hat 8.5.0-22)

Ubuntu 22.04
	Kernel: Depends on container host
	Compiler: gcc (Ubuntu 11.4.0-1ubuntu1~22.04) 11.4.0

Ubuntu 24.04
	Kernel: Depends on container host
	Compiler: gcc (Ubuntu 13.3.0-6ubuntu2~24.04) 13.3.0

To view detailed results, visit:
https://lab.dpdk.org/results/dashboard/patchsets/32167/

UNH-IOL DPDK Community Lab

To manage your email subscriptions, visit: 
https://lab.dpdk.org/results/dashboard/preferences/subscriptions/


More information about the test-report mailing list