|WARNING| pw149199-149200 [PATCH] [v2,2/2] dts: add port restart con

dpdklab at iol.unh.edu dpdklab at iol.unh.edu
Tue Jan 7 17:43:19 CET 2025


Test-Label: iol-abi-testing
Test-Status: WARNING
http://dpdk.org/patch/149200

_Testing issues_

Submitter: Thomas Wilks <thomas.wilks at arm.com>
Date: Thursday, December 12 2024 13:28:07 
DPDK git baseline: Repo:dpdk
  Branch: master
  CommitID:7df61db6c387703a36306c1aea92225921e2eeb2

149199-149200 --> testing issues

Upstream job id: Generic-DPDK-Compile-ABI#109808

Test environment and result as below:

+-----------------+----------+
|   Environment   | abi_test |
+=================+==========+
| CentOS Stream 9 | FAIL     |
+-----------------+----------+
| Fedora 40       | FAIL     |
+-----------------+----------+
| Ubuntu 24.04    | FAIL     |
+-----------------+----------+
| Ubuntu 22.04    | FAIL     |
+-----------------+----------+

==== 20 line log output for Ubuntu 22.04 (abi_test): ====
Error: cannot find librte_security.so.24.0 in build_install
Error: cannot find librte_pdump.so.24.0 in build_install
Error: cannot find librte_eal.so.24.0 in build_install
Error: cannot find librte_pipeline.so.24.0 in build_install
Error: cannot find librte_bitratestats.so.24.0 in build_install
Error: cannot find librte_efd.so.24.0 in build_install
Error: cannot find librte_pdcp.so.24.0 in build_install
Error: cannot find librte_compressdev.so.24.0 in build_install
Error: cannot find librte_mempool.so.24.0 in build_install
Error: cannot find librte_bpf.so.24.0 in build_install
Error: cannot find librte_net.so.24.0 in build_install
Error: cannot find librte_rawdev.so.24.0 in build_install
Error: cannot find librte_power.so.24.0 in build_install
Error: cannot find librte_pcapng.so.24.0 in build_install
Error: cannot find librte_sched.so.24.0 in build_install
Error: cannot find librte_mbuf.so.24.0 in build_install
Error: cannot find librte_vhost.so.24.0 in build_install
Error: cannot find librte_acl.so.24.0 in build_install
Error: cannot find librte_port.so.24.0 in build_install
Error: cannot find librte_latencystats.so.24.0 in build_install
==== End log output ====

CentOS Stream 9
	Kernel: Depends on container host
	Compiler: gcc 11.5.0 20240719 (Red Hat 11.5.0-2)

Fedora 40
	Kernel: Depends on container host
	Compiler: gcc 14.2.1 20240912 (Red Hat 14.2.1-3)

Ubuntu 24.04
	Kernel: Depends on container host
	Compiler: gcc (Ubuntu 13.3.0-6ubuntu2~24.04) 13.3.0

Ubuntu 22.04
	Kernel: Depends on container host
	Compiler: gcc (Ubuntu 11.4.0-1ubuntu1~22.04) 11.4.0

To view detailed results, visit:
https://lab.dpdk.org/results/dashboard/patchsets/32124/

UNH-IOL DPDK Community Lab

To manage your email subscriptions, visit: 
https://lab.dpdk.org/results/dashboard/preferences/subscriptions/


More information about the test-report mailing list