|WARNING| pw149246-149250 [PATCH] [v2,5/5] net/virtio: remove unneed

dpdklab at iol.unh.edu dpdklab at iol.unh.edu
Tue Jan 7 18:10:35 CET 2025


Test-Label: iol-abi-testing
Test-Status: WARNING
http://dpdk.org/patch/149250

_Testing issues_

Submitter: Stephen Hemminger <stephen at networkplumber.org>
Date: Saturday, December 14 2024 18:07:36 
DPDK git baseline: Repo:dpdk
  Branch: master
  CommitID:f1e0472368d4dbb1da33ae68b18ca21bc8a55259

149246-149250 --> testing issues

Upstream job id: Generic-DPDK-Compile-ABI#109806

Test environment and result as below:

+-------------------+----------+
|    Environment    | abi_test |
+===================+==========+
| CentOS Stream 9   | FAIL     |
+-------------------+----------+
| Fedora 40 (Clang) | FAIL     |
+-------------------+----------+
| RHEL9             | FAIL     |
+-------------------+----------+
| Ubuntu 22.04      | FAIL     |
+-------------------+----------+
| Ubuntu 24.04      | FAIL     |
+-------------------+----------+

==== 20 line log output for Ubuntu 24.04 (abi_test): ====
Error: cannot find librte_bitratestats.so.24.0 in build_install
Error: cannot find librte_security.so.24.0 in build_install
Error: cannot find librte_eal.so.24.0 in build_install
Error: cannot find librte_gro.so.24.0 in build_install
Error: cannot find librte_mempool.so.24.0 in build_install
Error: cannot find librte_pipeline.so.24.0 in build_install
Error: cannot find librte_efd.so.24.0 in build_install
Error: cannot find librte_pdcp.so.24.0 in build_install
Error: cannot find librte_compressdev.so.24.0 in build_install
Error: cannot find librte_net.so.24.0 in build_install
Error: cannot find librte_power.so.24.0 in build_install
Error: cannot find librte_rawdev.so.24.0 in build_install
Error: cannot find librte_pcapng.so.24.0 in build_install
Error: cannot find librte_bpf.so.24.0 in build_install
Error: cannot find librte_mbuf.so.24.0 in build_install
Error: cannot find librte_acl.so.24.0 in build_install
Error: cannot find librte_port.so.24.0 in build_install
Error: cannot find librte_vhost.so.24.0 in build_install
Error: cannot find librte_latencystats.so.24.0 in build_install
Error: cannot find librte_sched.so.24.0 in build_install
==== End log output ====

CentOS Stream 9
	Kernel: Depends on container host
	Compiler: gcc 11.5.0 20240719 (Red Hat 11.5.0-2)

Fedora 40 (Clang)
	Kernel: Depends on container host
	Compiler: clang 18.1.8 (Fedora 18.1.8-1.fc40)

RHEL9
	Kernel: Depends on container host
	Compiler: gcc 11.5.0 20240719 (Red Hat 11.5.0-2)

Ubuntu 22.04
	Kernel: Depends on container host
	Compiler: gcc (Ubuntu 11.4.0-1ubuntu1~22.04) 11.4.0

Ubuntu 24.04
	Kernel: Depends on container host
	Compiler: gcc (Ubuntu 13.3.0-6ubuntu2~24.04) 13.3.0

To view detailed results, visit:
https://lab.dpdk.org/results/dashboard/patchsets/32146/

UNH-IOL DPDK Community Lab

To manage your email subscriptions, visit: 
https://lab.dpdk.org/results/dashboard/preferences/subscriptions/


More information about the test-report mailing list