|WARNING| pw149260-149264 [PATCH] [v2,5/5] eal/x86: defer power intr
dpdklab at iol.unh.edu
dpdklab at iol.unh.edu
Wed Jan 8 07:43:39 CET 2025
Test-Label: iol-abi-testing
Test-Status: WARNING
http://dpdk.org/patch/149264
_Testing issues_
Submitter: David Marchand <david.marchand at redhat.com>
Date: Tuesday, December 17 2024 08:59:52
DPDK git baseline: Repo:dpdk
Branch: master
CommitID:7df61db6c387703a36306c1aea92225921e2eeb2
149260-149264 --> testing issues
Upstream job id: Generic-DPDK-Compile-ABI#110421
Test environment and result as below:
+-------------------+----------+
| Environment | abi_test |
+===================+==========+
| CentOS Stream 9 | PASS |
+-------------------+----------+
| Debian 12 | PASS |
+-------------------+----------+
| Fedora 40 (Clang) | FAIL |
+-------------------+----------+
| Fedora 40 | PASS |
+-------------------+----------+
| Fedora 41 (Clang) | PASS |
+-------------------+----------+
| Fedora 41 | PASS |
+-------------------+----------+
| openSUSE Leap 15 | FAIL |
+-------------------+----------+
| RHEL8 | PASS |
+-------------------+----------+
| RHEL9 | PASS |
+-------------------+----------+
| Ubuntu 22.04 | PASS |
+-------------------+----------+
| Ubuntu 24.04 | PASS |
+-------------------+----------+
==== 20 line log output for openSUSE Leap 15 (abi_test): ====
Error: cannot find librte_pipeline.so.24.0 in build_install
Error: cannot find librte_cfgfile.so.24.0 in build_install
Error: cannot find librte_net_vmxnet3.so.24.0 in build_install
Error: cannot find librte_net_memif.so.24.0 in build_install
Error: cannot find librte_kvargs.so.24.0 in build_install
Error: cannot find librte_mbuf.so.24.0 in build_install
Error: cannot find librte_cryptodev.so.24.0 in build_install
Error: cannot find librte_eal.so.24.0 in build_install
Error: cannot find librte_bpf.so.24.0 in build_install
Error: cannot find librte_pdump.so.24.0 in build_install
Error: cannot find librte_pcapng.so.24.0 in build_install
Error: cannot find librte_ethdev.so.24.0 in build_install
Error: cannot find librte_dmadev.so.24.0 in build_install
Error: cannot find librte_eventdev.so.24.0 in build_install
Error: cannot find librte_cmdline.so.24.0 in build_install
Error: cannot find librte_mempool.so.24.0 in build_install
Error: cannot find librte_member.so.24.0 in build_install
Error: cannot find librte_jobstats.so.24.0 in build_install
Error: cannot find librte_ring.so.24.0 in build_install
Error: cannot find librte_security.so.24.0 in build_install
==== End log output ====
CentOS Stream 9
Kernel: Depends on container host
Compiler: gcc 11.5.0 20240719 (Red Hat 11.5.0-2)
Debian 12
Kernel: Depends on container host
Compiler: gcc (Debian 12.2.0-14) 12.2.0
Fedora 40 (Clang)
Kernel: Depends on container host
Compiler: clang 18.1.8 (Fedora 18.1.8-1.fc40)
Fedora 40
Kernel: Depends on container host
Compiler: gcc 14.2.1 20240912 (Red Hat 14.2.1-3)
Fedora 41 (Clang)
Kernel: Depends on container host
Compiler: clang 19.1.5 (Fedora 19.1.5-1.fc41)
Fedora 41
Kernel: Depends on container host
Compiler: gcc 14.2.1 20240912 (Red Hat 14.2.1-3)
openSUSE Leap 15
Kernel: Depends on container host
Compiler: gcc (SUSE Linux) 7.5.0
RHEL8
Kernel: Depends on container host
Compiler: gcc 8.5.0 20210514 (Red Hat 8.5.0-22)
RHEL9
Kernel: Depends on container host
Compiler: gcc 11.5.0 20240719 (Red Hat 11.5.0-2)
Ubuntu 22.04
Kernel: Depends on container host
Compiler: gcc (Ubuntu 11.4.0-1ubuntu1~22.04) 11.4.0
Ubuntu 24.04
Kernel: Depends on container host
Compiler: gcc (Ubuntu 13.3.0-6ubuntu2~24.04) 13.3.0
To view detailed results, visit:
https://lab.dpdk.org/results/dashboard/patchsets/32151/
UNH-IOL DPDK Community Lab
To manage your email subscriptions, visit:
https://lab.dpdk.org/results/dashboard/preferences/subscriptions/
More information about the test-report
mailing list