|FAILURE| pw150165-150179 [PATCH] [v2,15/15] net/ngbe: add some ops
dpdklab at iol.unh.edu
dpdklab at iol.unh.edu
Fri Jan 17 15:08:32 CET 2025
Test-Label: iol-compile-arm64-testing
Test-Status: FAILURE
http://dpdk.org/patch/150179
_Testing issues_
Submitter: Zaiyu Wang <zaiyuwang at trustnetic.com>
Date: Friday, January 17 2025 10:41:14
DPDK git baseline: Repo:dpdk
Branch: master
CommitID:34ea86164bf17a431ec5ef78d7e51e2e9b3fd75e
150165-150179 --> testing issues
Upstream job id: Generic-DPDK-Compile-Meson#352191
Test environment and result as below:
+----------------------------------------+--------------------+
| Environment | dpdk_meson_compile |
+========================================+====================+
| RHEL9 (ARM) | PASS |
+----------------------------------------+--------------------+
| Ubuntu 20.04 ARM GCC Cross Compile | PASS |
+----------------------------------------+--------------------+
| Ubuntu 20.04 ARM SVE | PASS |
+----------------------------------------+--------------------+
| Debian 12 with MUSDK | PASS |
+----------------------------------------+--------------------+
| Fedora 40 (ARM Clang) | FAIL |
+----------------------------------------+--------------------+
| Fedora 40 (ARM) | PASS |
+----------------------------------------+--------------------+
| Fedora 41 (ARM Clang) | FAIL |
+----------------------------------------+--------------------+
| Fedora 41 (ARM) | PASS |
+----------------------------------------+--------------------+
| Ubuntu 22.04 (ARM) | PASS |
+----------------------------------------+--------------------+
| Ubuntu 24.04 (ARM) | PASS |
+----------------------------------------+--------------------+
| CentOS Stream 9 (ARM) | PASS |
+----------------------------------------+--------------------+
| Ubuntu 20.04 (ARM) | PASS |
+----------------------------------------+--------------------+
| Debian 11 (Buster) (ARM) | PASS |
+----------------------------------------+--------------------+
| Ubuntu 20.04 ARM Clang Cross Compile | PASS |
+----------------------------------------+--------------------+
| Ubuntu 20.04 aarch32 GCC Cross Compile | PASS |
+----------------------------------------+--------------------+
| Debian 12 (arm) | PASS |
+----------------------------------------+--------------------+
==== 20 line log output for Fedora 41 (ARM Clang) (dpdk_meson_compile): ====
[2088/3400] Compiling C object drivers/net/ngbe/base/libngbe_base.a.p/ngbe_mbx.c.o
[2089/3400] Compiling C object drivers/net/ngbe/base/libngbe_base.a.p/ngbe_mng.c.o
[2090/3400] Compiling C object drivers/net/ngbe/base/libngbe_base.a.p/ngbe_phy.c.o
[2091/3400] Compiling C object drivers/net/ngbe/base/libngbe_base.a.p/ngbe_phy_rtl.c.o
[2092/3400] Compiling C object drivers/net/ngbe/base/libngbe_base.a.p/ngbe_phy_mvl.c.o
[2093/3400] Compiling C object drivers/net/ngbe/base/libngbe_base.a.p/ngbe_phy_yt.c.o
[2094/3400] Compiling C object drivers/net/ngbe/base/libngbe_base.a.p/ngbe_vf.c.o
[2095/3400] Linking static target drivers/net/ngbe/base/libngbe_base.a
[2096/3400] Compiling C object drivers/libtmp_rte_net_ngbe.a.p/net_ngbe_ngbe_ethdev.c.o
[2097/3400] Compiling C object drivers/libtmp_rte_net_ngbe.a.p/net_ngbe_ngbe_ptypes.c.o
[2098/3400] Compiling C object drivers/libtmp_rte_net_ngbe.a.p/net_ngbe_ngbe_pf.c.o
[2099/3400] Compiling C object drivers/libtmp_rte_net_ngbe.a.p/net_ngbe_ngbe_rxtx.c.o
[2100/3400] Compiling C object drivers/libtmp_rte_net_ngbe.a.p/net_ngbe_ngbe_ethdev_vf.c.o
FAILED: drivers/libtmp_rte_net_ngbe.a.p/net_ngbe_ngbe_ethdev_vf.c.o
clang -Idrivers/libtmp_rte_net_ngbe.a.p -Idrivers -I../drivers -Idrivers/net/ngbe -I../drivers/net/ngbe -Idrivers/net/ngbe/base -I../drivers/net/ngbe/base -Ilib/ethdev -I../lib/ethdev -I. -I.. -Iconfig -I../config -Ilib/eal/include -I../lib/eal/include -Ilib/eal/linux/include -I../lib/eal/linux/include -Ilib/eal/arm/include -I../lib/eal/arm/include -I../kernel/linux -Ilib/eal/common -I../lib/eal/common -Ilib/eal -I../lib/eal -Ilib/kvargs -I../lib/kvargs -Ilib/log -I../lib/log -Ilib/metrics -I../lib/metrics -Ilib/telemetry -I../lib/telemetry -Ilib/net -I../lib/net -Ilib/mbuf -I../lib/mbuf -Ilib/mempool -I../lib/mempool -Ilib/ring -I../lib/ring -Ilib/meter -I../lib/meter -Idrivers/bus/pci -I../drivers/bus/pci -I../drivers/bus/pci/linux -Ilib/pci -I../lib/pci -Idrivers/bus/vdev -I../drivers/bus/vdev -Ilib/hash -I../lib/hash -Ilib/rcu -I../lib/rcu -Xclang -fcolor-diagnostics -pipe -D_FILE_OFFSET_BITS=64 -Wall -Winvalid-pch -Wextra -Werror -std=c11 -O3 -include rte_config.h -Wcast-qual -W
deprecated -Wformat -Wformat-nonliteral -Wformat-security -Wmissing-declarations -Wmissing-prototypes -Wnested-externs -Wold-style-definition -Wpointer-arith -Wsign-compare -Wstrict-prototypes -Wundef -Wwrite-strings -Wno-missing-field-initializers -D_GNU_SOURCE -fPIC -mcpu=thunderx2t99+crc+crypto -DALLOW_EXPERIMENTAL_API -DALLOW_INTERNAL_API -Wno-format-truncation -Wno-address-of-packed-member -DRTE_LOG_DEFAULT_LOGTYPE=pmd.net.ngbe -DRTE_ANNOTATE_LOCKS -Wthread-safety -MD -MQ drivers/libtmp_rte_net_ngbe.a.p/net_ngbe_ngbe_ethdev_vf.c.o -MF drivers/libtmp_rte_net_ngbe.a.p/net_ngbe_ngbe_ethdev_vf.c.o.d -o drivers/libtmp_rte_net_ngbe.a.p/net_ngbe_ngbe_ethdev_vf.c.o -c ../drivers/net/ngbe/ngbe_ethdev_vf.c
../drivers/net/ngbe/ngbe_ethdev_vf.c:1264:11: error: variable 'eicr' set but not used [-Werror,-Wunused-but-set-variable]
1264 | uint32_t eicr;
| ^
1 error generated.
ninja: build stopped: subcommand failed.
==== End log output ====
RHEL9 (ARM)
Kernel: Depends on container host
Compiler: gcc 11.5.0 20240719 (Red Hat 11.5.0-2)
Ubuntu 20.04 ARM GCC Cross Compile
Kernel: Depends on container host
Compiler: aarch64-linux-gnu-gcc (Ubuntu 9.4.0-1ubuntu1~20.04.2) 9.4.0
Ubuntu 20.04 ARM SVE
Kernel: Depends on container host
Compiler: gcc (Ubuntu 10.5.0-1ubuntu1~20.04) 10.5.0
Debian 12 with MUSDK
Kernel: Depends on container host
Compiler: gcc (Debian 12.2.0-14) 12.2.0
Fedora 40 (ARM Clang)
Kernel: Depends on container host
Compiler: clang 18.1.8 (Fedora 18.1.8-1.fc40)
Fedora 40 (ARM)
Kernel: Depends on container host
Compiler: gcc 14.2.1 20240912 (Red Hat 14.2.1-3)
Fedora 41 (ARM Clang)
Kernel: Depends on container host
Compiler: clang 19.1.5 (Fedora 19.1.5-1.fc41)
Fedora 41 (ARM)
Kernel: Depends on container host
Compiler: gcc 14.2.1 20240912 (Red Hat 14.2.1-3)
Ubuntu 22.04 (ARM)
Kernel: Depends on container host
Compiler: gcc (Ubuntu 11.4.0-1ubuntu1~22.04) 11.4.0
Ubuntu 24.04 (ARM)
Kernel: Depends on container host
Compiler: gcc (Ubuntu 13.3.0-6ubuntu2~24.04) 13.3.0
CentOS Stream 9 (ARM)
Kernel: Depends on container host
Compiler: gcc 11.5.0 20240719 (Red Hat 11.5.0-2)
Ubuntu 20.04 (ARM)
Kernel: Depends on container host
Compiler: gcc (Ubuntu 9.4.0-1ubuntu1~20.04.2) 9.4.0
Debian 11 (Buster) (ARM)
Kernel: Depends on container host
Compiler: gcc (Debian 10.2.1-6) 10.2.1 20210110
Ubuntu 20.04 ARM Clang Cross Compile
Kernel: Depends on container host
Compiler: clang 10.0.0-4ubuntu1
Ubuntu 20.04 aarch32 GCC Cross Compile
Kernel: Depends on container host
Compiler: gcc 9.4.0
Debian 12 (arm)
Kernel: Depends on container host
Compiler: gcc (Debian 12.2.0-14) 12.2.0
To view detailed results, visit:
https://lab.dpdk.org/results/dashboard/patchsets/32355/
UNH-IOL DPDK Community Lab
To manage your email subscriptions, visit:
https://lab.dpdk.org/results/dashboard/preferences/subscriptions/
More information about the test-report
mailing list