|FAILURE| pw150593 [PATCH] [v4] bus: fix inconsistent representation

dpdklab at iol.unh.edu dpdklab at iol.unh.edu
Wed Jan 29 16:22:54 CET 2025


Test-Label: iol-unit-arm64-testing
Test-Status: FAILURE
http://dpdk.org/patch/150593

_Testing issues_

Submitter: Shani Peretz <shperetz at nvidia.com>
Date: Wednesday, January 29 2025 08:54:16 
DPDK git baseline: Repo:dpdk
  Branch: master
  CommitID:3cd695c34528571c378c5f6be7ff81d3cca9a84c

150593 --> testing issues

Upstream job id: Generic-Unit-Test-DPDK#310119

Test environment and result as below:

+-----------------------------+----------------+---------------------------+--------------+------------------------------+
|         Environment         | dpdk_unit_test | cryptodev_sw_zuc_autotest | lpm_autotest | cryptodev_sw_snow3g_autotest |
+=============================+================+===========================+==============+==============================+
| 32-bit Ubuntu 22.04.4 (ARM) | PASS           | SKIPPED                   | SKIPPED      | SKIPPED                      |
+-----------------------------+----------------+---------------------------+--------------+------------------------------+
| Fedora 40 (ARM)             | FAIL           | SKIPPED                   | SKIPPED      | SKIPPED                      |
+-----------------------------+----------------+---------------------------+--------------+------------------------------+
| CentOS Stream 9 (ARM)       | FAIL           | SKIPPED                   | SKIPPED      | SKIPPED                      |
+-----------------------------+----------------+---------------------------+--------------+------------------------------+
| Debian 11 (Buster) (ARM)    | FAIL           | SKIPPED                   | SKIPPED      | SKIPPED                      |
+-----------------------------+----------------+---------------------------+--------------+------------------------------+
| Fedora 41 (ARM Clang)       | FAIL           | SKIPPED                   | SKIPPED      | SKIPPED                      |
+-----------------------------+----------------+---------------------------+--------------+------------------------------+
| Debian 12 (arm)             | FAIL           | FAIL                      | SKIPPED      | FAIL                         |
+-----------------------------+----------------+---------------------------+--------------+------------------------------+
| Fedora 40 (ARM Clang)       | FAIL           | SKIPPED                   | SKIPPED      | SKIPPED                      |
+-----------------------------+----------------+---------------------------+--------------+------------------------------+
| RHEL9 (ARM)                 | FAIL           | SKIPPED                   | SKIPPED      | SKIPPED                      |
+-----------------------------+----------------+---------------------------+--------------+------------------------------+
| Ubuntu 22.04 (ARM)          | FAIL           | SKIPPED                   | SKIPPED      | SKIPPED                      |
+-----------------------------+----------------+---------------------------+--------------+------------------------------+
| Ubuntu 20.04 (ARM)          | FAIL           | SKIPPED                   | SKIPPED      | SKIPPED                      |
+-----------------------------+----------------+---------------------------+--------------+------------------------------+
| Fedora 41 (ARM)             | FAIL           | SKIPPED                   | SKIPPED      | SKIPPED                      |
+-----------------------------+----------------+---------------------------+--------------+------------------------------+
| Ubuntu 24.04 (ARM)          | FAIL           | SKIPPED                   | SKIPPED      | SKIPPED                      |
+-----------------------------+----------------+---------------------------+--------------+------------------------------+
| Ubuntu 20.04 ARM SVE        | SKIPPED        | SKIPPED                   | PASS         | SKIPPED                      |
+-----------------------------+----------------+---------------------------+--------------+------------------------------+

==== Unit test summary for Ubuntu 24.04 (ARM) (dpdk_unit_test): ====
ninja: Entering directory `/home-local/jenkins-local/jenkins-agent/workspace/Generic-Unit-Test-DPDK/dpdk/build'
ninja: no work to do.
  1/119 DPDK:fast-tests / acl_autotest                   OK               6.02s
  2/119 DPDK:fast-tests / alarm_autotest                 OK               1.17s
  3/119 DPDK:fast-tests / argparse_autotest              OK               0.18s
  4/119 DPDK:fast-tests / atomic_autotest                OK               4.26s
  5/119 DPDK:fast-tests / bitcount_autotest              OK               0.20s
  6/119 DPDK:fast-tests / bitmap_autotest                OK               0.17s
  7/119 DPDK:fast-tests / bitops_autotest                OK               1.67s
  8/119 DPDK:fast-tests / bitratestats_autotest          OK               0.19s
  9/119 DPDK:fast-tests / bitset_autotest                OK               3.08s
 10/119 DPDK:fast-tests / bpf_autotest                   OK               0.17s
 11/119 DPDK:fast-tests / bpf_convert_autotest           OK               0.27s
 12/119 DPDK:fast-tests / byteorder_autotest             OK               0.17s
 13/119 DPDK:fast-tests / cfgfile_autotest               OK               0.17s
 14/119 DPDK:fast-tests / cksum_autotest                 OK               0.17s
 15/119 DPDK:fast-tests / cmdline_autotest               OK               0.17s
 16/119 DPDK:fast-tests / common_autotest                OK               1.15s
 17/119 DPDK:fast-tests / compressdev_autotest           SKIP             0.13s   exit status 77
 18/119 DPDK:fast-tests / cpuflags_autotest              OK               0.30s
 19/119 DPDK:fast-tests / crc_autotest                   OK               0.17s
 20/119 DPDK:fast-tests / user_delay_us                  OK               0.17s
 21/119 DPDK:fast-tests / debug_autotest                 OK               1.07s
 22/119 DPDK:fast-tests / devargs_autotest               OK               0.18s
 23/119 DPDK:fast-tests / dispatcher_autotest            OK               2.44s
 24/119 DPDK:fast-tests / distributor_autotest           OK               0.83s
 25/119 DPDK:fast-tests / eal_flags_c_opt_autotest       OK               2.06s
 26/119 DPDK:fast-tests / eal_flags_main_opt_autotest    OK               0.47s
 27/119 DPDK:fast-tests / eal_flags_n_opt_autotest       OK               0.42s
 28/119 DPDK:fast-tests / eal_flags_hpet_autotest        OK               0.23s
 29/119 DPDK:fast-tests / eal_flags_no_huge_autotest     OK               0.47s
 30/119 DPDK:fast-tests / eal_flags_a_opt_autotest       OK               0.65s
 31/119 DPDK:fast-tests / eal_flags_b_opt_autotest       OK               0.51s
 32/119 DPDK:fast-tests / eal_flags_vdev_opt_autotest    FAIL             0.21s   (exit status 255 or signal 127 SIGinvalid)
>>> MALLOC_PERTURB_=252 DPDK_TEST=eal_flags_vdev_opt_autotest /home-local/jenkins-local/jenkins-agent/workspace/Generic-Unit-Test-DPDK/dpdk/build/app/dpdk-test

 33/119 DPDK:fast-tests / eal_flags_r_opt_autotest       OK               0.39s
 34/119 DPDK:fast-tests / eal_flags_mem_autotest         OK               0.57s
 35/119 DPDK:fast-tests / eal_flags_file_prefix_autotest OK               1.59s
 36/119 DPDK:fast-tests / eal_flags_misc_autotest        OK               2.36s
 37/119 DPDK:fast-tests / eal_fs_autotest                OK               0.19s
 38/119 DPDK:fast-tests / errno_autotest                 OK               0.17s
 39/119 DPDK:fast-tests / ethdev_link_status             OK               0.17s
 40/119 DPDK:fast-tests / event_eth_tx_adapter_autotest  OK               1.14s
 41/119 DPDK:fast-tests / event_ring_autotest            OK               0.20s
 42/119 DPDK:fast-tests / eventdev_common_autotest       OK               0.18s
 43/119 DPDK:fast-tests / eventdev_selftest_sw           OK              10.64s
 44/119 DPDK:fast-tests / fbarray_autotest               OK               0.17s
 45/119 DPDK:fast-tests / fib_autotest                   OK               0.96s
 46/119 DPDK:fast-tests / fib6_autotest                  OK               0.87s
 47/119 DPDK:fast-tests / func_reentrancy_autotest       OK               0.80s
 48/119 DPDK:fast-tests / graph_autotest                 OK               0.20s
 49/119 DPDK:fast-tests / node_list_dump                 OK               0.17s
 50/119 DPDK:fast-tests / hash_autotest                  OK               0.55s
 51/119 DPDK:fast-tests / hash_readwrite_func_autotest   OK               8.02s
 52/119 DPDK:fast-tests / interrupt_autotest             OK               1.25s
 53/119 DPDK:fast-tests / ipfrag_autotest                OK               0.10s
 54/119 DPDK:fast-tests / ipsec_autotest                 SKIP             0.19s   exit status 77
 55/119 DPDK:fast-tests / kvargs_autotest                OK               0.17s
 56/119 DPDK:fast-tests / latencystats_autotest          OK               0.17s
 57/119 DPDK:fast-tests / lcore_var_autotest             OK               0.69s
 58/119 DPDK:fast-tests / lcores_autotest                OK               3.21s
 59/119 DPDK:fast-tests / logs_autotest                  OK               0.17s
 60/119 DPDK:fast-tests / lpm_autotest                   OK               1.66s
 61/119 DPDK:fast-tests / lpm6_autotest                  OK               5.01s
 62/119 DPDK:fast-tests / malloc_autotest                OK               0.46s
 63/119 DPDK:fast-tests / mbuf_autotest                  OK               3.85s
 64/119 DPDK:fast-tests / mcslock_autotest               OK               0.91s
 65/119 DPDK:fast-tests / member_autotest                OK               1.53s
 66/119 DPDK:fast-tests / memcpy_autotest                OK               5.58s
 67/119 DPDK:fast-tests / memory_autotest                OK               0.10s
 68/119 DPDK:fast-tests / mempool_autotest               OK               0.57s
 69/119 DPDK:fast-tests / memzone_autotest               OK               0.14s
 70/119 DPDK:fast-tests / meter_autotest                 OK               0.19s
 71/119 DPDK:fast-tests / metrics_autotest               OK               0.17s
 72/119 DPDK:fast-tests / multiprocess_autotest          OK               0.37s
 73/119 DPDK:fast-tests / net_ether_autotest             OK               0.97s
 74/119 DPDK:fast-tests / net_ipv6_autotest              OK               0.17s
 75/119 DPDK:fast-tests / pcapng_autotest                OK               7.28s
 76/119 DPDK:fast-tests / pdcp_autotest                  SKIP             0.10s   exit status 77
 77/119 DPDK:fast-tests / pdump_autotest                 OK               0.36s
 78/119 DPDK:fast-tests / per_lcore_autotest             OK               0.28s
 79/119 DPDK:fast-tests / pflock_autotest                OK               0.51s
 80/119 DPDK:fast-tests / pie_autotest                   OK               0.36s
 81/119 DPDK:fast-tests / ring_pmd_autotest              OK               0.19s
 82/119 DPDK:fast-tests / power_autotest                 OK               0.19s
 83/119 DPDK:fast-tests / power_cpufreq_autotest         SKIP             0.10s   exit status 77
 84/119 DPDK:fast-tests / power_intel_uncore_autotest    SKIP             0.19s   exit status 77
 85/119 DPDK:fast-tests / power_kvm_vm_autotest          SKIP             0.09s   exit status 77
 86/119 DPDK:fast-tests / prefetch_autotest              OK               0.19s
 87/119 DPDK:fast-tests / ptr_compress_autotest          OK               0.20s
 88/119 DPDK:fast-tests / rawdev_autotest                OK               0.17s
 89/119 DPDK:fast-tests / rcu_qsbr_autotest              OK               0.66s
 90/119 DPDK:fast-tests / reorder_autotest               OK               0.46s
 91/119 DPDK:fast-tests / rib_autotest                   OK               4.13s
 92/119 DPDK:fast-tests / rib6_autotest                  OK               4.10s
 93/119 DPDK:fast-tests / ring_autotest                  OK               0.20s
 94/119 DPDK:fast-tests / rwlock_test1_autotest          OK               0.49s
 95/119 DPDK:fast-tests / rwlock_rda_autotest            OK               5.17s
 96/119 DPDK:fast-tests / rwlock_rds_wrm_autotest        OK               5.20s
 97/119 DPDK:fast-tests / rwlock_rde_wro_autotest        OK               5.17s
 98/119 DPDK:fast-tests / sched_autotest                 OK               0.18s
 99/119 DPDK:fast-tests / security_autotest              OK               0.09s
100/119 DPDK:fast-tests / seqlock_autotest               OK               2.19s
101/119 DPDK:fast-tests / service_autotest               OK               2.87s
102/119 DPDK:fast-tests / soring_autotest                OK               0.17s
103/119 DPDK:fast-tests / spinlock_autotest              OK               0.20s
104/119 DPDK:fast-tests / stack_autotest                 OK               0.37s
105/119 DPDK:fast-tests / stack_lf_autotest              OK               0.35s
106/119 DPDK:fast-tests / string_autotest                OK               0.20s
107/119 DPDK:fast-tests / table_autotest                 OK               7.73s
108/119 DPDK:fast-tests / tailq_autotest                 OK               0.32s
109/119 DPDK:fast-tests / telemetry_data_autotest        OK               0.17s
110/119 DPDK:fast-tests / telemetry_json_autotest        OK               0.17s
111/119 DPDK:fast-tests / thash_autotest                 OK               0.18s
112/119 DPDK:fast-tests / threads_autotest               OK               0.35s
113/119 DPDK:fast-tests / ticketlock_autotest            OK               0.22s
114/119 DPDK:fast-tests / timer_autotest                 OK               2.86s
115/119 DPDK:fast-tests / trace_autotest                 OK               0.23s
116/119 DPDK:fast-tests / trace_autotest_with_traces     OK               0.20s
117/119 DPDK:fast-tests / vdev_autotest                  OK               0.18s
118/119 DPDK:fast-tests / version_autotest               OK               0.18s
119/119 DPDK:fast-tests / telemetry_all                  FAIL             1.15s   (exit status 255 or signal 127 SIGinvalid)
>>> MALLOC_PERTURB_=105 PATH=/usr/lib/aarch64-linux-gnu:/usr/local/sbin:/usr/local/bin:/usr/sbin:/usr/bin:/sbin:/bin /home-local/jenkins-local/jenkins-agent/workspace/Generic-Unit-Test-DPDK/dpdk/app/test/suites/test_telemetry.sh app/dpdk-test --no-huge -m 2048 --vdev=crypto_null0 --vdev=dma_skeleton0 --vdev=event_skeleton0 --vdev=net_null0 --vdev=rawdev_skeleton0 -a 0000:00:00.0



Ok:                 111 
Expected Fail:      0   
Fail:               2   
Unexpected Pass:    0   
Skipped:            6   
Timeout:            0   

Full log written to /home-local/jenkins-local/jenkins-agent/workspace/Generic-Unit-Test-DPDK/dpdk/build/meson-logs/testlog.txt



Test log output from the failed test eal_flags_vdev_opt_autotest:

Sorry, we were not able to find the logs for this test.
Download the log output from the CI site for this test run.


Test log output from the failed test telemetry_all:

Sorry, we were not able to find the logs for this test.
Download the log output from the CI site for this test run.
==== End log output ====

32-bit Ubuntu 22.04.4 (ARM)
	Kernel: 5.15.83+ aarch64
	Compiler: gcc (Ubuntu 11.4.0-1ubuntu1~22.04) 11.4.0

Fedora 40 (ARM)
	Kernel: Depends on container host
	Compiler: gcc 14.2.1 20240912 (Red Hat 14.2.1-3)

CentOS Stream 9 (ARM)
	Kernel: Depends on container host
	Compiler: gcc 11.5.0 20240719 (Red Hat 11.5.0-2)

Debian 11 (Buster) (ARM)
	Kernel: Depends on container host
	Compiler: gcc (Debian 10.2.1-6) 10.2.1 20210110

Fedora 41 (ARM Clang)
	Kernel: Depends on container host
	Compiler: clang 19.1.5 (Fedora 19.1.5-1.fc41)

Debian 12 (arm)
	Kernel: Depends on container host
	Compiler: gcc (Debian 12.2.0-14) 12.2.0

Fedora 40 (ARM Clang)
	Kernel: Depends on container host
	Compiler: clang 18.1.8 (Fedora 18.1.8-1.fc40)

RHEL9 (ARM)
	Kernel: Depends on container host
	Compiler: gcc 11.5.0 20240719 (Red Hat 11.5.0-2)

Ubuntu 22.04 (ARM)
	Kernel: Depends on container host
	Compiler: gcc (Ubuntu 11.4.0-1ubuntu1~22.04) 11.4.0

Ubuntu 20.04 (ARM)
	Kernel: Depends on container host
	Compiler: gcc (Ubuntu 9.4.0-1ubuntu1~20.04.2) 9.4.0

Fedora 41 (ARM)
	Kernel: Depends on container host
	Compiler: gcc 14.2.1 20240912 (Red Hat 14.2.1-3)

Ubuntu 24.04 (ARM)
	Kernel: Depends on container host
	Compiler: gcc (Ubuntu 13.3.0-6ubuntu2~24.04) 13.3.0

Ubuntu 20.04 ARM SVE
	Kernel: Depends on container host
	Compiler: gcc (Ubuntu 10.5.0-1ubuntu1~20.04) 10.5.0

To view detailed results, visit:
https://lab.dpdk.org/results/dashboard/patchsets/32448/

UNH-IOL DPDK Community Lab

To manage your email subscriptions, visit: 
https://lab.dpdk.org/results/dashboard/preferences/subscriptions/


More information about the test-report mailing list