|WARNING| pw150597-150600 [PATCH] [RFC,4/4] dma/cnxk: implement enqu

dpdklab at iol.unh.edu dpdklab at iol.unh.edu
Wed Jan 29 17:43:32 CET 2025


Test-Label: iol-abi-testing
Test-Status: WARNING
http://dpdk.org/patch/150600

_Testing issues_

Submitter: Kommula Shiva Shankar <kshankar at marvell.com>
Date: Wednesday, January 29 2025 14:36:49 
DPDK git baseline: Repo:dpdk
  Branch: master
  CommitID:21cab84f6f8c946fabf72fdb03ce4b274887b950

150597-150600 --> testing issues

Upstream job id: Generic-DPDK-Compile-ABI#114141

Test environment and result as below:

+-------------------+----------+
|    Environment    | abi_test |
+===================+==========+
| CentOS Stream 9   | FAIL     |
+-------------------+----------+
| Debian Bullseye   | FAIL     |
+-------------------+----------+
| Debian 12         | FAIL     |
+-------------------+----------+
| Fedora 40 (Clang) | FAIL     |
+-------------------+----------+
| Fedora 40         | FAIL     |
+-------------------+----------+
| Fedora 41         | FAIL     |
+-------------------+----------+
| Fedora 41 (Clang) | FAIL     |
+-------------------+----------+
| Ubuntu 24.04      | FAIL     |
+-------------------+----------+
| Ubuntu 22.04      | FAIL     |
+-------------------+----------+
| RHEL8             | FAIL     |
+-------------------+----------+
| openSUSE Leap 15  | FAIL     |
+-------------------+----------+
| RHEL9             | FAIL     |
+-------------------+----------+

==== 20 line log output for RHEL9 (abi_test): ====
Running custom install script '/bin/sh /home-local/jenkins-local/jenkins-agent/workspace/Generic-DPDK-Compile-ABI at 4/dpdk/config/../buildtools/symlink-drivers-solibs.sh lib64 dpdk/pmds-25.1'
==== Compiled DPDK with debugoptimized
Functions changes summary: 0 Removed, 1 Changed (2 filtered out), 0 Added functions
Variables changes summary: 0 Removed, 0 Changed (1 filtered out), 0 Added variable

1 function with some indirect sub-type change:

[C] 'function int rte_dma_configure(int16_t, const rte_dma_conf*)' at rte_dmadev.c:469:1 has some indirect sub-type changes:
parameter 2 of type 'const rte_dma_conf*' has sub-type changes:
in pointed to type 'const rte_dma_conf':
in unqualified underlying type 'struct rte_dma_conf' at rte_dmadev.h:337:1:
type size changed from 48 to 64 (in bits)
1 data member insertion:
'bool enable_enq_deq', at offset 48 (in bits) at rte_dmadev.h:367:1

Error: ABI issue reported for abidiff --suppr /home-local/jenkins-local/jenkins-agent/workspace/Generic-DPDK-Compile-ABI at 4/dpdk/devtools/libabigail.abignore --no-added-syms --headers-dir1 reference/usr/local/include --headers-dir2 build_install/usr/local/include reference/usr/local/lib64/librte_dmadev.so.25.0 build_install/usr/local/lib64/librte_dmadev.so.25.1
ABIDIFF_ABI_CHANGE, this change requires a review (abidiff flagged this as a potential issue).
Functions changes summary: 0 Removed, 0 Changed, 0 Added (20 filtered out) functions
Variables changes summary: 0 Removed, 0 Changed, 0 Added variable

==== End log output ====

CentOS Stream 9
	Kernel: Depends on container host
	Compiler: gcc 11.5.0 20240719 (Red Hat 11.5.0-2)

Debian Bullseye
	Kernel: Depends on container host
	Compiler: gcc (Debian 10.2.1-6) 10.2.1 20210110

Debian 12
	Kernel: Depends on container host
	Compiler: gcc (Debian 12.2.0-14) 12.2.0

Fedora 40 (Clang)
	Kernel: Depends on container host
	Compiler: clang 18.1.8 (Fedora 18.1.8-1.fc40)

Fedora 40
	Kernel: Depends on container host
	Compiler: gcc 14.2.1 20240912 (Red Hat 14.2.1-3)

Fedora 41
	Kernel: Depends on container host
	Compiler: gcc 14.2.1 20240912 (Red Hat 14.2.1-3)

Fedora 41 (Clang)
	Kernel: Depends on container host
	Compiler: clang 19.1.5 (Fedora 19.1.5-1.fc41)

Ubuntu 24.04
	Kernel: Depends on container host
	Compiler: gcc (Ubuntu 13.3.0-6ubuntu2~24.04) 13.3.0

Ubuntu 22.04
	Kernel: Depends on container host
	Compiler: gcc (Ubuntu 11.4.0-1ubuntu1~22.04) 11.4.0

RHEL8
	Kernel: Depends on container host
	Compiler: gcc 8.5.0 20210514 (Red Hat 8.5.0-22)

openSUSE Leap 15
	Kernel: Depends on container host
	Compiler: gcc (SUSE Linux) 7.5.0

RHEL9
	Kernel: Depends on container host
	Compiler: gcc 11.5.0 20240719 (Red Hat 11.5.0-2)

To view detailed results, visit:
https://lab.dpdk.org/results/dashboard/patchsets/32450/

UNH-IOL DPDK Community Lab

To manage your email subscriptions, visit: 
https://lab.dpdk.org/results/dashboard/preferences/subscriptions/


More information about the test-report mailing list