|FAILURE| pw154969 [PATCH] [v2] build/x86: fix support for older com
dpdklab at iol.unh.edu
dpdklab at iol.unh.edu
Wed Jul 2 22:16:59 CEST 2025
Test-Label: iol-compile-amd64-testing
Test-Status: FAILURE
http://dpdk.org/patch/154969
_Testing issues_
Submitter: Bruce Richardson <bruce.richardson at intel.com>
Date: Wednesday, July 02 2025 16:00:45
DPDK git baseline: Repo:dpdk
Branch: master
CommitID:bd546772e1449ccc0789db338cc398815fa2636d
154969 --> testing issues
Upstream job id: Windows-Compile-DPDK-VS#6236
Test environment and result as below:
+---------------------+--------------------+-------------------+
| Environment | dpdk_meson_compile | dpdk_msvc_compile |
+=====================+====================+===================+
| Ubuntu 20.04 | FAIL | SKIPPED |
+---------------------+--------------------+-------------------+
| FreeBSD 14.2 | FAIL | SKIPPED |
+---------------------+--------------------+-------------------+
| Windows Server 2022 | SKIPPED | PASS |
+---------------------+--------------------+-------------------+
==== 20 line log output for FreeBSD 14.2 (dpdk_meson_compile): ====
Compiler for C supports arguments -Wold-style-definition: YES
Compiler for C supports arguments -Wpointer-arith: YES
Compiler for C supports arguments -Wsign-compare: YES
Compiler for C supports arguments -Wstrict-prototypes: YES
Compiler for C supports arguments -Wundef: YES
Compiler for C supports arguments -Wwrite-strings: YES
Compiler for C supports arguments -Wno-packed-not-aligned: NO
Compiler for C supports arguments -Wno-missing-field-initializers: YES
Compiler for C supports arguments -fzero-init-padding-bits=all: NO
Fetching value of define "__AVX2__" : 1
Fetching value of define "__znver1__" :
Fetching value of define "__znver2__" :
Fetching value of define "__znver3__" :
Fetching value of define "__znver4__" :
Fetching value of define "__znver5__" :
Compiler for C supports arguments -march=x86-64-v4: YES
config/x86/meson.build:76:6: ERROR: List item must be one of <class 'str'>, not <class 'list'>
A full log can be found at /home/jenkins/jenkins-agent/workspace/Generic-VM-DPDK-Compile-Meson/dpdk/build/meson-logs/meson-log.txt
==== End log output ====
Ubuntu 20.04
Kernel: 4.19
Compiler: gcc gcc (Ubuntu 9.4.0-1ubuntu1~20.04.2) 9.4.0
FreeBSD 14.2
Kernel: 14.2-RELEASE
Compiler: clang 18.1.6
Windows Server 2022
Kernel: 10.0.20348.2031
Compiler: clang 15.0.7, gcc 14.1.0 (MinGW), and MSVC VS 19.39.33521
To view detailed results, visit:
https://lab.dpdk.org/results/dashboard/patchsets/33570/
UNH-IOL DPDK Community Lab
To manage your email subscriptions, visit:
https://lab.dpdk.org/results/dashboard/preferences/subscriptions/
More information about the test-report
mailing list