|FAILURE| pw155054 [PATCH] [v8,1/1] app/testpmd: canonicalize short

dpdklab at iol.unh.edu dpdklab at iol.unh.edu
Tue Jul 8 12:25:52 CEST 2025


Test-Label: iol-compile-amd64-testing
Test-Status: FAILURE
http://dpdk.org/patch/155054

_Testing issues_

Submitter: Shani Peretz <shperetz at nvidia.com>
Date: Tuesday, July 08 2025 08:37:40 
DPDK git baseline: Repo:dpdk
  Branch: master
  CommitID:ba982f9a1ca9b96ed0394b764f1523d482e963a2

155054 --> testing issues

Upstream job id: Windows-Compile-DPDK-Native#29638

Test environment and result as below:

+-------------------------------+--------------------+-------------------+------------------+-------------------------+-------------------+
|          Environment          | dpdk_meson_compile | dpdk_compile_spdk | dpdk_compile_ovs | dpdk_llvm_clang_compile | dpdk_msvc_compile |
+===============================+====================+===================+==================+=========================+===================+
| CentOS Stream 9               | PASS               | PASS              | SKIPPED          | SKIPPED                 | SKIPPED           |
+-------------------------------+--------------------+-------------------+------------------+-------------------------+-------------------+
| Debian GNU/Linux 12           | PASS               | PASS              | SKIPPED          | SKIPPED                 | SKIPPED           |
+-------------------------------+--------------------+-------------------+------------------+-------------------------+-------------------+
| CentOS Stream 10              | PASS               | SKIPPED           | SKIPPED          | SKIPPED                 | SKIPPED           |
+-------------------------------+--------------------+-------------------+------------------+-------------------------+-------------------+
| Fedora Linux 40               | PASS               | PASS              | SKIPPED          | SKIPPED                 | SKIPPED           |
+-------------------------------+--------------------+-------------------+------------------+-------------------------+-------------------+
| Fedora Linux 41               | PEND               | PEND              | PEND             | SKIPPED                 | SKIPPED           |
+-------------------------------+--------------------+-------------------+------------------+-------------------------+-------------------+
| openSUSE Leap 15.6            | PEND               | SKIPPED           | SKIPPED          | SKIPPED                 | SKIPPED           |
+-------------------------------+--------------------+-------------------+------------------+-------------------------+-------------------+
| Red Hat Enterprise Linux 8.10 | PASS               | SKIPPED           | SKIPPED          | SKIPPED                 | SKIPPED           |
+-------------------------------+--------------------+-------------------+------------------+-------------------------+-------------------+
| Ubuntu 20.04                  | PASS               | SKIPPED           | SKIPPED          | SKIPPED                 | SKIPPED           |
+-------------------------------+--------------------+-------------------+------------------+-------------------------+-------------------+
| Ubuntu 22.04                  | PEND               | PEND              | SKIPPED          | SKIPPED                 | SKIPPED           |
+-------------------------------+--------------------+-------------------+------------------+-------------------------+-------------------+
| Ubuntu 24.04                  | PEND               | PEND              | PEND             | SKIPPED                 | SKIPPED           |
+-------------------------------+--------------------+-------------------+------------------+-------------------------+-------------------+
| Alpine Linux 3.22.0           | PEND               | SKIPPED           | SKIPPED          | SKIPPED                 | SKIPPED           |
+-------------------------------+--------------------+-------------------+------------------+-------------------------+-------------------+
| Red Hat Enterprise Linux 9.5  | PEND               | SKIPPED           | SKIPPED          | SKIPPED                 | SKIPPED           |
+-------------------------------+--------------------+-------------------+------------------+-------------------------+-------------------+
| Windows Server 2022           | SKIPPED            | SKIPPED           | SKIPPED          | PASS                    | FAIL              |
+-------------------------------+--------------------+-------------------+------------------+-------------------------+-------------------+

==== 20 line log output for Windows Server 2022 (dpdk_msvc_compile): ====
 [ 1 3 5 / 4 5 2 ]   C o m p i l i n g   C   o b j e c t   a p p / d p d k - t e s t . e x e . p / t e s t _ t e s t _ c m d l i n e _ i p a d d r . c . o b j 
 
 [ 1 3 6 / 4 5 2 ]   C o m p i l i n g   C   o b j e c t   a p p / d p d k - t e s t . e x e . p / t e s t _ t e s t _ b i t c o u n t . c . o b j 
 
 [ 1 3 7 / 4 5 2 ]   C o m p i l i n g   C   o b j e c t   a p p / d p d k - t e s t p m d . e x e . p / t e s t - p m d _ s h a r e d _ r x q _ f w d . c . o b j 
 
 [ 1 3 8 / 4 5 2 ]   C o m p i l i n g   C   o b j e c t   a p p / d p d k - t e s t p m d . e x e . p / t e s t - p m d _ t e s t p m d . c . o b j 
 
 F A I L E D :   a p p / d p d k - t e s t p m d . e x e . p / t e s t - p m d _ t e s t p m d . c . o b j   
 
 " c l "   " - I a p p \ d p d k - t e s t p m d . e x e . p "   " - I a p p "   " - I . . \ a p p "   " - I a p p \ t e s t - p m d "   " - I . . \ a p p \ t e s t - p m d "   " - I l i b \ e t h d e v "   " - I . . \ l i b \ e t h d e v "   " - I l i b \ e a l \ c o m m o n "   " - I . . \ l i b \ e a l \ c o m m o n "   " - I . "   " - I . . "   " - I c o n f i g "   " - I . . \ c o n f i g "   " - I l i b \ e a l \ i n c l u d e "   " - I . . \ l i b \ e a l \ i n c l u d e "   " - I l i b \ e a l \ w i n d o w s \ i n c l u d e "   " - I . . \ l i b \ e a l \ w i n d o w s \ i n c l u d e "   " - I l i b \ e a l \ x 8 6 \ i n c l u d e "   " - I . . \ l i b \ e a l \ x 8 6 \ i n c l u d e "   " - I l i b \ e a l "   " - I . . \ l i b \ e a l "   " - I l i b \ l o g "   " - I . . \ l i b \ l o g "   " - I l i b \ k v a r g s "   " - I . . \ l i b \ k v a r g s "   " - I l i b \ n e t "   " - I . . \ l i b \ n e t "   " - I l i b \ m b u f "   " - I . . \ l i b \ m b u f "   " - I
  l i b \ m e m p o o l "   " - I . . \ l i b \ m e m p o o l "   " - I l i b \ r i n g "   " - I . . \ l i b \ r i n g "   " - I l i b \ m e t r i c s "   " - I . . \ l i b \ m e t r i c s "   " - I l i b \ t e l e m e t r y "   " - I . . \ l i b \ t e l e m e t r y "   " - I l i b \ m e t e r "   " - I . . \ l i b \ m e t e r "   " - I l i b \ c m d l i n e "   " - I . . \ l i b \ c m d l i n e "   " - I l i b \ b i t r a t e s t a t s "   " - I . . \ l i b \ b i t r a t e s t a t s "   " - I l i b \ g r o "   " - I . . \ l i b \ g r o "   " - I l i b \ g s o "   " - I . . \ l i b \ g s o "   " - I l i b \ l a t e n c y s t a t s "   " - I . . \ l i b \ l a t e n c y s t a t s "   " - I C : \ P r o g r a m   F i l e s \ M e l l a n o x \ M L N X _ W i n O F 2 _ D e v X _ S D K \ i n c "   " / M D "   " / n o l o g o "   " / s h o w I n c l u d e s "   " / u t f - 8 "   " / W 3 "   " / W X "   " / s t d : c 1 1 "   " / O 2 "   " / G w "   " / w d 4 2 4 4 "   " / w d 4 2 6 7 "   " / 
 w d 4 1 4 6 "   " / e x p e r i m e n t a l : c 1 1 a t o m i c s "   " / d 1 e x p e r i m e n t a l : t y p e o f "   " / e x p e r i m e n t a l : s t a t e m e n t E x p r e s s i o n s "   " / F I "   " r t e _ c o n f i g . h "   " - D _ G N U _ S O U R C E "   " - D _ W I N 3 2 _ W I N N T = 0 x 0 A 0 0 "   " - D A L L O W _ E X P E R I M E N T A L _ A P I "   " / F d a p p \ d p d k - t e s t p m d . e x e . p \ t e s t - p m d _ t e s t p m d . c . p d b "   / F o a p p / d p d k - t e s t p m d . e x e . p / t e s t - p m d _ t e s t p m d . c . o b j   " / c "   . . / a p p / t e s t - p m d / t e s t p m d . c 
 
 . . / a p p / t e s t - p m d / t e s t p m d . c ( 5 0 ) :   f a t a l   e r r o r   C 1 0 8 3 :   C a n n o t   o p e n   i n c l u d e   f i l e :   ' r t e _ p c i . h ' :   N o   s u c h   f i l e   o r   d i r e c t o r y 
 
 [ 1 3 9 / 4 5 2 ]   C o m p i l i n g   C   o b j e c t   a p p / d p d k - t e s t . e x e . p / t e s t _ t e s t _ a r g p a r s e . c . o b j 
 
 [ 1 4 0 / 4 5 2 ]   C o m p i l i n g   C   o b j e c t   a p p / d p d k - t e s t . e x e . p / t e s t _ t e s t . c . o b j 
 
 [ 1 4 1 / 4 5 2 ]   C o m p i l i n g   C   o b j e c t   a p p / d p d k - t e s t . e x e . p / t e s t _ t e s t _ a l a r m . c . o b j 
 
 [ 1 4 2 / 4 5 2 ]   C o m p i l i n g   C   o b j e c t   a p p / d p d k - t e s t . e x e . p / t e s t _ t e s t _ b a r r i e r . c . o b j 
 
 [ 1 4 3 / 4 5 2 ]   C o m p i l i n g   C   o b j e c t   a p p / d p d k - t e s t . e x e . p / t e s t _ t e s t _ b i t m a p . c . o b j 
 
 [ 1 4 4 / 4 5 2 ]   C o m p i l i n g   C   o b j e c t   a p p / d p d k - t e s t . e x e . p / t e s t _ c o m m a n d s . c . o b j 
 
 [ 1 4 5 / 4 5 2 ]   C o m p i l i n g   C   o b j e c t   a p p / d p d k - t e s t p m d . e x e . p / t e s t - p m d _ t x o n l y . c . o b j 
 
 [ 1 4 6 / 4 5 2 ]   C o m p i l i n g   C   o b j e c t   a p p / d p d k - t e s t p m d . e x e . p / t e s t - p m d _ c m d l i n e _ f l o w . c . o b j 
 
 [ 1 4 7 / 4 5 2 ]   C o m p i l i n g   C   o b j e c t   a p p / d p d k - t e s t . e x e . p / t e s t _ p a c k e t _ b u r s t _ g e n e r a t o r . c . o b j 
 
 n i n j a :   b u i l d   s t o p p e d :   s u b c o m m a n d   f a i l e d . 
 
 I N F O :   a u t o d e t e c t i n g   b a c k e n d   a s   n i n j a 
 
 I N F O :   c a l c u l a t i n g   b a c k e n d   c o m m a n d   t o   r u n :   " C : \ P r o g r a m   F i l e s \ M e s o n \ n i n j a . E X E "   - C   C : / U s e r s / b u i l d e r / j e n k i n s / w o r k s p a c e / W i n d o w s - C o m p i l e - D P D K - V S / d p d k / b u i l d 
 
 
==== End log output ====

CentOS Stream 9
	Kernel: 5.15
	Compiler: gcc gcc (GCC) 11.5.0 20240719 (Red Hat 11.5.0-7)

Debian GNU/Linux 12
	Kernel: 5.15
	Compiler: gcc gcc (Debian 12.2.0-14+deb12u1) 12.2.0

CentOS Stream 10
	Kernel: 5.15
	Compiler: gcc gcc (GCC) 14.2.1 20250110 (Red Hat 14.2.1-8)

Fedora Linux 40
	Kernel: 5.15
	Compiler: clang gcc (GCC) 14.2.1 20240912 (Red Hat 14.2.1-3)

Fedora Linux 41
	Kernel: 5.15
	Compiler: clang gcc (GCC) 14.3.1 20250523 (Red Hat 14.3.1-1)

openSUSE Leap 15.6
	Kernel: 5.15
	Compiler: gcc gcc (SUSE Linux) 7.5.0

Red Hat Enterprise Linux 8.10
	Kernel: 5.15
	Compiler: gcc gcc (GCC) 8.5.0 20210514 (Red Hat 8.5.0-22)

Ubuntu 20.04
	Kernel: 5.15
	Compiler: gcc gcc (Ubuntu 9.4.0-1ubuntu1~20.04.2) 9.4.0

Ubuntu 22.04
	Kernel: 5.15
	Compiler: gcc gcc (Ubuntu 11.4.0-1ubuntu1~22.04) 11.4.0

Ubuntu 24.04
	Kernel: 5.15
	Compiler: gcc gcc (Ubuntu 13.3.0-6ubuntu2~24.04) 13.3.0

Alpine Linux 3.22.0
	Kernel: 5.15
	Compiler: gcc gcc (Alpine 14.2.0) 14.2.0

Red Hat Enterprise Linux 9.5
	Kernel: 5.15
	Compiler: gcc gcc (GCC) 11.5.0 20240719 (Red Hat 11.5.0-2)

Windows Server 2022
	Kernel: 10.0.20348.2031
	Compiler: clang 15.0.7, gcc 14.1.0 (MinGW), and MSVC VS 19.39.33521

To view detailed results, visit:
https://lab.dpdk.org/results/dashboard/patchsets/33608/

UNH-IOL DPDK Community Lab

To manage your email subscriptions, visit: 
https://lab.dpdk.org/results/dashboard/preferences/subscriptions/


More information about the test-report mailing list