|FAILURE| pw155110-155121 [PATCH] [RFC,v2,12/12] pdump: mark API and

dpdklab at iol.unh.edu dpdklab at iol.unh.edu
Thu Jul 10 03:01:36 CEST 2025


Test-Label: iol-abi-testing
Test-Status: FAILURE
http://dpdk.org/patch/155121

_Testing issues_

Submitter: Stephen Hemminger <stephen at networkplumber.org>
Date: Wednesday, July 09 2025 17:33:38 
DPDK git baseline: Repo:dpdk
  Branch: master
  CommitID:9fe9c0b231c8da5435bfccb1963121b4277f961c

155110-155121 --> testing issues

Upstream job id: Generic-DPDK-Compile-ABI#133882

Test environment and result as below:

+-------------------------------+----------+
|          Environment          | abi_test |
+===============================+==========+
| CentOS Stream 9               | FAIL     |
+-------------------------------+----------+
| CentOS Stream 10              | FAIL     |
+-------------------------------+----------+
| Debian GNU/Linux 12           | FAIL     |
+-------------------------------+----------+
| Fedora Linux 40               | FAIL     |
+-------------------------------+----------+
| Fedora Linux 41               | FAIL     |
+-------------------------------+----------+
| openSUSE Leap 15.6            | FAIL     |
+-------------------------------+----------+
| Red Hat Enterprise Linux 8.10 | FAIL     |
+-------------------------------+----------+
| Ubuntu 22.04                  | FAIL     |
+-------------------------------+----------+
| Ubuntu 24.04                  | FAIL     |
+-------------------------------+----------+
| Red Hat Enterprise Linux 9.5  | FAIL     |
+-------------------------------+----------+

==== 20 line log output for Red Hat Enterprise Linux 9.5 (abi_test): ====
Variables changes summary: 0 Removed, 0 Changed, 0 Added variable

Functions changes summary: 0 Removed, 0 Changed (5 filtered out), 0 Added functions
Variables changes summary: 0 Removed, 0 Changed, 0 Added variable

Functions changes summary: 0 Removed, 0 Changed (296 filtered out), 0 Added (11 filtered out) functions
Variables changes summary: 0 Removed, 0 Changed, 0 Added variable

Functions changes summary: 0 Removed, 0 Changed (7 filtered out), 0 Added functions
Variables changes summary: 0 Removed, 0 Changed, 0 Added variable

Functions changes summary: 0 Removed, 0 Changed, 0 Added (5 filtered out) functions
Variables changes summary: 0 Removed, 0 Changed, 0 Added variable

Functions changes summary: 0 Removed, 0 Changed (4 filtered out), 0 Added (12 filtered out) functions
Variables changes summary: 0 Removed, 0 Changed (1 filtered out), 0 Added variable

Functions changes summary: 0 Removed, 0 Changed (215 filtered out), 0 Added (2 filtered out) functions
Variables changes summary: 0 Removed, 0 Changed, 0 Added variable

==== End log output ====

CentOS Stream 9
	Kernel: 5.15
	Compiler: gcc gcc (GCC) 11.5.0 20240719 (Red Hat 11.5.0-7)

CentOS Stream 10
	Kernel: 5.15
	Compiler: gcc gcc (GCC) 14.2.1 20250110 (Red Hat 14.2.1-8)

Debian GNU/Linux 12
	Kernel: 5.15
	Compiler: gcc gcc (Debian 12.2.0-14+deb12u1) 12.2.0

Fedora Linux 40
	Kernel: 5.15
	Compiler: gcc gcc (GCC) 14.2.1 20240912 (Red Hat 14.2.1-3)

Fedora Linux 41
	Kernel: 5.15
	Compiler: clang gcc (GCC) 14.3.1 20250523 (Red Hat 14.3.1-1)

openSUSE Leap 15.6
	Kernel: 5.15
	Compiler: gcc gcc (SUSE Linux) 7.5.0

Red Hat Enterprise Linux 8.10
	Kernel: 5.15
	Compiler: gcc gcc (GCC) 8.5.0 20210514 (Red Hat 8.5.0-22)

Ubuntu 22.04
	Kernel: 5.15
	Compiler: gcc gcc (Ubuntu 11.4.0-1ubuntu1~22.04) 11.4.0

Ubuntu 24.04
	Kernel: 5.15
	Compiler: gcc gcc (Ubuntu 13.3.0-6ubuntu2~24.04) 13.3.0

Red Hat Enterprise Linux 9.5
	Kernel: 5.15
	Compiler: gcc gcc (GCC) 11.5.0 20240719 (Red Hat 11.5.0-2)

To view detailed results, visit:
https://lab.dpdk.org/results/dashboard/patchsets/33629/

UNH-IOL DPDK Community Lab

To manage your email subscriptions, visit: 
https://lab.dpdk.org/results/dashboard/preferences/subscriptions/


More information about the test-report mailing list