|FAILURE| pw155110-155121 [PATCH] [RFC,v2,12/12] pdump: mark API and
dpdklab at iol.unh.edu
dpdklab at iol.unh.edu
Thu Jul 10 08:36:22 CEST 2025
Test-Label: iol-compile-amd64-testing
Test-Status: FAILURE
http://dpdk.org/patch/155121
_Testing issues_
Submitter: Stephen Hemminger <stephen at networkplumber.org>
Date: Wednesday, July 09 2025 17:33:38
DPDK git baseline: Repo:dpdk
Branch: master
CommitID:9fe9c0b231c8da5435bfccb1963121b4277f961c
155110-155121 --> testing issues
Upstream job id: Windows-Compile-DPDK-Native#29707
Test environment and result as below:
+-------------------------------+--------------------+-------------------+------------------+-------------------+-------------------------+----------------------+
| Environment | dpdk_meson_compile | dpdk_compile_spdk | dpdk_compile_ovs | dpdk_msvc_compile | dpdk_llvm_clang_compile | dpdk_mingw64_compile |
+===============================+====================+===================+==================+===================+=========================+======================+
| Ubuntu 20.04 | PASS | SKIPPED | SKIPPED | SKIPPED | SKIPPED | SKIPPED |
+-------------------------------+--------------------+-------------------+------------------+-------------------+-------------------------+----------------------+
| CentOS Stream 10 | PASS | SKIPPED | SKIPPED | SKIPPED | SKIPPED | SKIPPED |
+-------------------------------+--------------------+-------------------+------------------+-------------------+-------------------------+----------------------+
| CentOS Stream 9 | PASS | PASS | SKIPPED | SKIPPED | SKIPPED | SKIPPED |
+-------------------------------+--------------------+-------------------+------------------+-------------------+-------------------------+----------------------+
| Debian GNU/Linux 12 | PASS | PASS | SKIPPED | SKIPPED | SKIPPED | SKIPPED |
+-------------------------------+--------------------+-------------------+------------------+-------------------+-------------------------+----------------------+
| Fedora Linux 40 | PASS | PASS | SKIPPED | SKIPPED | SKIPPED | SKIPPED |
+-------------------------------+--------------------+-------------------+------------------+-------------------+-------------------------+----------------------+
| FreeBSD 14.2 | PASS | SKIPPED | SKIPPED | SKIPPED | SKIPPED | SKIPPED |
+-------------------------------+--------------------+-------------------+------------------+-------------------+-------------------------+----------------------+
| Fedora Linux 41 | PASS | PASS | WARN | SKIPPED | SKIPPED | SKIPPED |
+-------------------------------+--------------------+-------------------+------------------+-------------------+-------------------------+----------------------+
| Red Hat Enterprise Linux 8.10 | PASS | SKIPPED | SKIPPED | SKIPPED | SKIPPED | SKIPPED |
+-------------------------------+--------------------+-------------------+------------------+-------------------+-------------------------+----------------------+
| Ubuntu 22.04 | PASS | PASS | SKIPPED | SKIPPED | SKIPPED | SKIPPED |
+-------------------------------+--------------------+-------------------+------------------+-------------------+-------------------------+----------------------+
| Red Hat Enterprise Linux 9.5 | PASS | SKIPPED | SKIPPED | SKIPPED | SKIPPED | SKIPPED |
+-------------------------------+--------------------+-------------------+------------------+-------------------+-------------------------+----------------------+
| openSUSE Leap 15.6 | PASS | SKIPPED | SKIPPED | SKIPPED | SKIPPED | SKIPPED |
+-------------------------------+--------------------+-------------------+------------------+-------------------+-------------------------+----------------------+
| Ubuntu 24.04 | PASS | PASS | WARN | SKIPPED | SKIPPED | SKIPPED |
+-------------------------------+--------------------+-------------------+------------------+-------------------+-------------------------+----------------------+
| Alpine Linux 3.22.0 | PASS | SKIPPED | SKIPPED | SKIPPED | SKIPPED | SKIPPED |
+-------------------------------+--------------------+-------------------+------------------+-------------------+-------------------------+----------------------+
| Windows Server 2022 | SKIPPED | SKIPPED | SKIPPED | FAIL | PASS | PASS |
+-------------------------------+--------------------+-------------------+------------------+-------------------+-------------------------+----------------------+
==== 20 line log output for Windows Server 2022 (dpdk_msvc_compile): ====
" c l " " - I l i b \ l i b r t e _ e t h d e v . a . p " " - I l i b " " - I . . \ l i b " " - I l i b \ e t h d e v " " - I . . \ l i b \ e t h d e v " " - I l i b \ e a l \ c o m m o n " " - I . . \ l i b \ e a l \ c o m m o n " " - I . " " - I . . " " - I c o n f i g " " - I . . \ c o n f i g " " - I l i b \ e a l \ i n c l u d e " " - I . . \ l i b \ e a l \ i n c l u d e " " - I l i b \ e a l \ w i n d o w s \ i n c l u d e " " - I . . \ l i b \ e a l \ w i n d o w s \ i n c l u d e " " - I l i b \ e a l \ x 8 6 \ i n c l u d e " " - I . . \ l i b \ e a l \ x 8 6 \ i n c l u d e " " - I l i b \ e a l " " - I . . \ l i b \ e a l " " - I l i b \ l o g " " - I . . \ l i b \ l o g " " - I l i b \ k v a r g s " " - I . . \ l i b \ k v a r g s " " - I l i b \ n e t " " - I . . \ l i b \ n e t " " - I l i b \ m b u f " " - I . . \ l i b \ m b u f " " - I l i b \ m e m p o o l " " - I . . \ l i b \ m e m p o o l " " - I l i b
\ r i n g " " - I . . \ l i b \ r i n g " " - I l i b \ m e t r i c s " " - I . . \ l i b \ m e t r i c s " " - I l i b \ t e l e m e t r y " " - I . . \ l i b \ t e l e m e t r y " " - I l i b \ m e t e r " " - I . . \ l i b \ m e t e r " " - I C : \ P r o g r a m F i l e s \ M e l l a n o x \ M L N X _ W i n O F 2 _ D e v X _ S D K \ i n c " " / M D " " / n o l o g o " " / s h o w I n c l u d e s " " / u t f - 8 " " / W 3 " " / W X " " / s t d : c 1 1 " " / O 2 " " / G w " " / w d 4 2 4 4 " " / w d 4 2 6 7 " " / w d 4 1 4 6 " " / e x p e r i m e n t a l : c 1 1 a t o m i c s " " / d 1 e x p e r i m e n t a l : t y p e o f " " / e x p e r i m e n t a l : s t a t e m e n t E x p r e s s i o n s " " / F I " " r t e _ c o n f i g . h " " - D _ G N U _ S O U R C E " " - D _ W I N 3 2 _ W I N N T = 0 x 0 A 0 0 " " - D A L L O W _ E X P E R I M E N T A L _ A P I " " - D A L L O W _ I N T E R N A L _ A P I " " - D R T E _ L O
G _ D E F A U L T _ L O G T Y P E = l i b . e t h d e v " " / F d l i b \ l i b r t e _ e t h d e v . a . p \ e t h d e v _ r t e _ m i r r o r . c . p d b " / F o l i b / l i b r t e _ e t h d e v . a . p / e t h d e v _ r t e _ m i r r o r . c . o b j " / c " . . / l i b / e t h d e v / r t e _ m i r r o r . c
. . / l i b / e t h d e v / r t e _ m i r r o r . c ( 1 2 2 ) : e r r o r C 7 7 0 7 : c a l l t o ' _ _ c 1 1 _ a t o m i c _ s t o r e ' : a r g u m e n t t y p e ' r t e _ e t h _ m i r r o r * * ' m u s t b e a p o i n t e r t o a n a t o m i c t y p e
. . / l i b / e t h d e v / r t e _ m i r r o r . c ( 1 9 4 ) : w a r n i n g C 4 0 9 0 : ' f u n c t i o n ' : d i f f e r e n t ' _ A t o m i c ' q u a l i f i e r s
. . / l i b / e t h d e v / r t e _ m i r r o r . c ( 1 9 6 ) : w a r n i n g C 4 0 9 0 : ' f u n c t i o n ' : d i f f e r e n t ' _ A t o m i c ' q u a l i f i e r s
. . / l i b / e t h d e v / r t e _ m i r r o r . c ( 2 2 4 ) : e r r o r C 7 7 0 7 : c a l l t o ' _ _ c 1 1 _ a t o m i c _ s t o r e ' : a r g u m e n t t y p e ' r t e _ e t h _ m i r r o r * * ' m u s t b e a p o i n t e r t o a n a t o m i c t y p e
. . / l i b / e t h d e v / r t e _ m i r r o r . c ( 2 5 3 ) : w a r n i n g C 4 0 9 0 : ' f u n c t i o n ' : d i f f e r e n t ' _ A t o m i c ' q u a l i f i e r s
. . / l i b / e t h d e v / r t e _ m i r r o r . c ( 2 5 4 ) : w a r n i n g C 4 0 9 0 : ' f u n c t i o n ' : d i f f e r e n t ' _ A t o m i c ' q u a l i f i e r s
[ 1 6 8 / 4 5 4 ] G e n e r a t i n g s y m b o l f i l e l i b / r t e _ m e t e r - 2 5 . d l l . p / r t e _ m e t e r - 2 5 . d l l . s y m b o l s
[ 1 6 9 / 4 5 4 ] C o m p i l i n g C o b j e c t l i b / l i b r t e _ e t h d e v . a . p / e t h d e v _ e t h d e v _ p r o f i l e . c . o b j
[ 1 7 0 / 4 5 4 ] C o m p i l i n g C o b j e c t l i b / l i b r t e _ e t h d e v . a . p / e t h d e v _ e t h d e v _ t r a c e _ p o i n t s . c . o b j
[ 1 7 1 / 4 5 4 ] G e n e r a t i n g s y m b o l f i l e l i b / r t e _ m b u f - 2 5 . d l l . p / r t e _ m b u f - 2 5 . d l l . s y m b o l s
[ 1 7 2 / 4 5 4 ] C o m p i l i n g C o b j e c t l i b / l i b r t e _ e t h d e v . a . p / e t h d e v _ r t e _ c l a s s _ e t h . c . o b j
[ 1 7 3 / 4 5 4 ] C o m p i l i n g C o b j e c t l i b / l i b r t e _ e t h d e v . a . p / e t h d e v _ r t e _ e t h d e v _ c m a n . c . o b j
[ 1 7 4 / 4 5 4 ] C o m p i l i n g C o b j e c t l i b / l i b r t e _ e t h d e v . a . p / e t h d e v _ r t e _ e t h d e v _ t e l e m e t r y . c . o b j
[ 1 7 5 / 4 5 4 ] C o m p i l i n g C o b j e c t l i b / l i b r t e _ e t h d e v . a . p / e t h d e v _ r t e _ f l o w . c . o b j
[ 1 7 6 / 4 5 4 ] C o m p i l i n g C o b j e c t l i b / l i b r t e _ e t h d e v . a . p / e t h d e v _ r t e _ e t h d e v . c . o b j
n i n j a : b u i l d s t o p p e d : s u b c o m m a n d f a i l e d .
I N F O : a u t o d e t e c t i n g b a c k e n d a s n i n j a
I N F O : c a l c u l a t i n g b a c k e n d c o m m a n d t o r u n : " C : \ P r o g r a m F i l e s \ M e s o n \ n i n j a . E X E " - C C : / U s e r s / b u i l d e r / j e n k i n s / w o r k s p a c e / W i n d o w s - C o m p i l e - D P D K - V S / d p d k / b u i l d
==== End log output ====
Ubuntu 20.04
Kernel: 4.19
Compiler: gcc gcc (Ubuntu 9.4.0-1ubuntu1~20.04.2) 9.4.0
CentOS Stream 10
Kernel: 5.15
Compiler: gcc gcc (GCC) 14.2.1 20250110 (Red Hat 14.2.1-8)
CentOS Stream 9
Kernel: 5.15
Compiler: gcc gcc (GCC) 11.5.0 20240719 (Red Hat 11.5.0-7)
Debian GNU/Linux 12
Kernel: 5.15
Compiler: gcc gcc (Debian 12.2.0-14+deb12u1) 12.2.0
Fedora Linux 40
Kernel: 5.15
Compiler: clang gcc (GCC) 14.2.1 20240912 (Red Hat 14.2.1-3)
FreeBSD 14.2
Kernel: 14.2-RELEASE
Compiler: clang 18.1.6
Fedora Linux 41
Kernel: 5.15
Compiler: clang gcc (GCC) 14.3.1 20250523 (Red Hat 14.3.1-1)
Red Hat Enterprise Linux 8.10
Kernel: 5.15
Compiler: gcc gcc (GCC) 8.5.0 20210514 (Red Hat 8.5.0-22)
Ubuntu 22.04
Kernel: 5.15
Compiler: gcc gcc (Ubuntu 11.4.0-1ubuntu1~22.04) 11.4.0
Red Hat Enterprise Linux 9.5
Kernel: 5.15
Compiler: gcc gcc (GCC) 11.5.0 20240719 (Red Hat 11.5.0-2)
openSUSE Leap 15.6
Kernel: 5.15
Compiler: gcc gcc (SUSE Linux) 7.5.0
Ubuntu 24.04
Kernel: 5.15
Compiler: gcc gcc (Ubuntu 13.3.0-6ubuntu2~24.04) 13.3.0
Alpine Linux 3.22.0
Kernel: 5.15
Compiler: gcc gcc (Alpine 14.2.0) 14.2.0
Windows Server 2022
Kernel: 10.0.20348.2031
Compiler: clang 15.0.7, gcc 14.1.0 (MinGW), and MSVC VS 19.39.33521
To view detailed results, visit:
https://lab.dpdk.org/results/dashboard/patchsets/33629/
UNH-IOL DPDK Community Lab
To manage your email subscriptions, visit:
https://lab.dpdk.org/results/dashboard/preferences/subscriptions/
More information about the test-report
mailing list