|FAILURE| pw155228-155240 [PATCH] [v4,13/13] pdump: mark API and app

dpdklab at iol.unh.edu dpdklab at iol.unh.edu
Tue Jul 15 20:47:37 CEST 2025


Test-Label: iol-compile-amd64-testing
Test-Status: FAILURE
http://dpdk.org/patch/155240

_Testing issues_

Submitter: Stephen Hemminger <stephen at networkplumber.org>
Date: Tuesday, July 15 2025 16:15:51 
DPDK git baseline: Repo:dpdk
  Branch: master
  CommitID:9fe9c0b231c8da5435bfccb1963121b4277f961c

155228-155240 --> testing issues

Upstream job id: Generic-DPDK-Compile-Meson#408928

Test environment and result as below:

+-------------------------------+--------------------+-------------------+------------------+-------------------------+-------------------+----------------------+
|          Environment          | dpdk_meson_compile | dpdk_compile_spdk | dpdk_compile_ovs | dpdk_llvm_clang_compile | dpdk_msvc_compile | dpdk_mingw64_compile |
+===============================+====================+===================+==================+=========================+===================+======================+
| CentOS Stream 9               | PASS               | PASS              | SKIPPED          | SKIPPED                 | SKIPPED           | SKIPPED              |
+-------------------------------+--------------------+-------------------+------------------+-------------------------+-------------------+----------------------+
| Debian GNU/Linux 12           | PASS               | PASS              | SKIPPED          | SKIPPED                 | SKIPPED           | SKIPPED              |
+-------------------------------+--------------------+-------------------+------------------+-------------------------+-------------------+----------------------+
| CentOS Stream 10              | PASS               | SKIPPED           | SKIPPED          | SKIPPED                 | SKIPPED           | SKIPPED              |
+-------------------------------+--------------------+-------------------+------------------+-------------------------+-------------------+----------------------+
| Fedora Linux 40               | PASS               | PASS              | SKIPPED          | SKIPPED                 | SKIPPED           | SKIPPED              |
+-------------------------------+--------------------+-------------------+------------------+-------------------------+-------------------+----------------------+
| Fedora Linux 41               | PASS               | PASS              | WARN             | SKIPPED                 | SKIPPED           | SKIPPED              |
+-------------------------------+--------------------+-------------------+------------------+-------------------------+-------------------+----------------------+
| openSUSE Leap 15.6            | PASS               | SKIPPED           | SKIPPED          | SKIPPED                 | SKIPPED           | SKIPPED              |
+-------------------------------+--------------------+-------------------+------------------+-------------------------+-------------------+----------------------+
| Red Hat Enterprise Linux 8.10 | PASS               | SKIPPED           | SKIPPED          | SKIPPED                 | SKIPPED           | SKIPPED              |
+-------------------------------+--------------------+-------------------+------------------+-------------------------+-------------------+----------------------+
| Red Hat Enterprise Linux 9.5  | PASS               | SKIPPED           | SKIPPED          | SKIPPED                 | SKIPPED           | SKIPPED              |
+-------------------------------+--------------------+-------------------+------------------+-------------------------+-------------------+----------------------+
| Ubuntu 20.04                  | PASS               | SKIPPED           | SKIPPED          | SKIPPED                 | SKIPPED           | SKIPPED              |
+-------------------------------+--------------------+-------------------+------------------+-------------------------+-------------------+----------------------+
| Ubuntu 22.04                  | PASS               | PASS              | SKIPPED          | SKIPPED                 | SKIPPED           | SKIPPED              |
+-------------------------------+--------------------+-------------------+------------------+-------------------------+-------------------+----------------------+
| Ubuntu 24.04                  | PASS               | PASS              | WARN             | SKIPPED                 | SKIPPED           | SKIPPED              |
+-------------------------------+--------------------+-------------------+------------------+-------------------------+-------------------+----------------------+
| Alpine Linux 3.22.0           | PASS               | SKIPPED           | SKIPPED          | SKIPPED                 | SKIPPED           | SKIPPED              |
+-------------------------------+--------------------+-------------------+------------------+-------------------------+-------------------+----------------------+
| FreeBSD 14.2                  | PASS               | SKIPPED           | SKIPPED          | SKIPPED                 | SKIPPED           | SKIPPED              |
+-------------------------------+--------------------+-------------------+------------------+-------------------------+-------------------+----------------------+
| Windows Server 2022           | SKIPPED            | SKIPPED           | SKIPPED          | PASS                    | FAIL              | PASS                 |
+-------------------------------+--------------------+-------------------+------------------+-------------------------+-------------------+----------------------+

==== 20 line log output for Windows Server 2022 (dpdk_msvc_compile): ====
 . . / l i b / e t h d e v / r t e _ m i r r o r . c ( 1 2 7 ) :   e r r o r   C 7 7 0 7 :   c a l l   t o   ' _ _ c 1 1 _ a t o m i c _ s t o r e ' :   a r g u m e n t   t y p e   ' r t e _ e t h _ m i r r o r   * * _ A t o m i c   '   m u s t   b e   a   p o i n t e r   t o   a n   a t o m i c   t y p e 
 
 . . / l i b / e t h d e v / r t e _ m i r r o r . c ( 1 9 4 ) :   w a r n i n g   C 4 0 9 0 :   ' f u n c t i o n ' :   d i f f e r e n t   ' _ A t o m i c '   q u a l i f i e r s 
 
 . . / l i b / e t h d e v / r t e _ m i r r o r . c ( 1 9 6 ) :   w a r n i n g   C 4 0 9 0 :   ' f u n c t i o n ' :   d i f f e r e n t   ' _ A t o m i c '   q u a l i f i e r s 
 
 . . / l i b / e t h d e v / r t e _ m i r r o r . c ( 2 2 4 ) :   e r r o r   C 7 7 0 7 :   c a l l   t o   ' _ _ c 1 1 _ a t o m i c _ s t o r e ' :   a r g u m e n t   t y p e   ' r t e _ e t h _ m i r r o r   * * '   m u s t   b e   a   p o i n t e r   t o   a n   a t o m i c   t y p e 
 
 . . / l i b / e t h d e v / r t e _ m i r r o r . c ( 2 5 3 ) :   w a r n i n g   C 4 0 9 0 :   ' f u n c t i o n ' :   d i f f e r e n t   ' _ A t o m i c '   q u a l i f i e r s 
 
 . . / l i b / e t h d e v / r t e _ m i r r o r . c ( 2 5 4 ) :   w a r n i n g   C 4 0 9 0 :   ' f u n c t i o n ' :   d i f f e r e n t   ' _ A t o m i c '   q u a l i f i e r s 
 
 [ 1 5 7 / 4 5 4 ]   C o m p i l i n g   C   o b j e c t   l i b / l i b r t e _ n e t . a . p / n e t _ r t e _ a r p . c . o b j 
 
 [ 1 5 8 / 4 5 4 ]   L i n k i n g   t a r g e t   l i b / r t e _ m b u f - 2 5 . d l l 
 
       C r e a t i n g   l i b r a r y   l i b \ r t e _ m b u f . l i b   a n d   o b j e c t   l i b \ r t e _ m b u f . e x p 
 
 [ 1 5 9 / 4 5 4 ]   C o m p i l i n g   C   o b j e c t   l i b / l i b r t e _ e t h d e v . a . p / e t h d e v _ s f f _ c o m m o n . c . o b j 
 
 [ 1 6 0 / 4 5 4 ]   C o m p i l i n g   C   o b j e c t   l i b / l i b r t e _ e t h d e v . a . p / e t h d e v _ s f f _ t e l e m e t r y . c . o b j 
 
 [ 1 6 1 / 4 5 4 ]   C o m p i l i n g   C   o b j e c t   l i b / l i b r t e _ e t h d e v . a . p / e t h d e v _ s f f _ 8 4 7 2 . c . o b j 
 
 [ 1 6 2 / 4 5 4 ]   C o m p i l i n g   C   o b j e c t   l i b / l i b r t e _ e t h d e v . a . p / e t h d e v _ e t h d e v _ p r o f i l e . c . o b j 
 
 [ 1 6 3 / 4 5 4 ]   C o m p i l i n g   C   o b j e c t   l i b / l i b r t e _ e t h d e v . a . p / e t h d e v _ r t e _ c l a s s _ e t h . c . o b j 
 
 [ 1 6 4 / 4 5 4 ]   C o m p i l i n g   C   o b j e c t   l i b / l i b r t e _ e t h d e v . a . p / e t h d e v _ e t h d e v _ t r a c e _ p o i n t s . c . o b j 
 
 [ 1 6 5 / 4 5 4 ]   C o m p i l i n g   C   o b j e c t   l i b / l i b r t e _ e t h d e v . a . p / e t h d e v _ r t e _ f l o w . c . o b j 
 
 n i n j a :   b u i l d   s t o p p e d :   s u b c o m m a n d   f a i l e d . 
 
 I N F O :   a u t o d e t e c t i n g   b a c k e n d   a s   n i n j a 
 
 I N F O :   c a l c u l a t i n g   b a c k e n d   c o m m a n d   t o   r u n :   " C : \ P r o g r a m   F i l e s \ M e s o n \ n i n j a . E X E "   - C   C : / U s e r s / b u i l d e r / j e n k i n s / w o r k s p a c e / W i n d o w s - C o m p i l e - D P D K - V S / d p d k / b u i l d 
 
 
==== End log output ====

CentOS Stream 9
	Kernel: 5.15
	Compiler: gcc gcc (GCC) 11.5.0 20240719 (Red Hat 11.5.0-7)

Debian GNU/Linux 12
	Kernel: 5.15
	Compiler: gcc gcc (Debian 12.2.0-14+deb12u1) 12.2.0

CentOS Stream 10
	Kernel: 5.15
	Compiler: gcc gcc (GCC) 14.2.1 20250110 (Red Hat 14.2.1-8)

Fedora Linux 40
	Kernel: 5.15
	Compiler: clang gcc (GCC) 14.2.1 20240912 (Red Hat 14.2.1-3)

Fedora Linux 41
	Kernel: 5.15
	Compiler: clang gcc (GCC) 14.3.1 20250523 (Red Hat 14.3.1-1)

openSUSE Leap 15.6
	Kernel: 5.15
	Compiler: gcc gcc (SUSE Linux) 7.5.0

Red Hat Enterprise Linux 8.10
	Kernel: 5.15
	Compiler: gcc gcc (GCC) 8.5.0 20210514 (Red Hat 8.5.0-22)

Red Hat Enterprise Linux 9.5
	Kernel: 5.15
	Compiler: gcc gcc (GCC) 11.5.0 20240719 (Red Hat 11.5.0-2)

Ubuntu 20.04
	Kernel: 5.15
	Compiler: gcc gcc (Ubuntu 9.4.0-1ubuntu1~20.04.2) 9.4.0

Ubuntu 22.04
	Kernel: 5.15
	Compiler: gcc gcc (Ubuntu 11.4.0-1ubuntu1~22.04) 11.4.0

Ubuntu 24.04
	Kernel: 5.15
	Compiler: gcc gcc (Ubuntu 13.3.0-6ubuntu2~24.04) 13.3.0

Alpine Linux 3.22.0
	Kernel: 5.15
	Compiler: gcc gcc (Alpine 14.2.0) 14.2.0

FreeBSD 14.2
	Kernel: 14.2-RELEASE
	Compiler: clang 18.1.6

Windows Server 2022
	Kernel: 10.0.20348.2031
	Compiler: clang 15.0.7, gcc 14.1.0 (MinGW), and MSVC VS 19.39.33521

To view detailed results, visit:
https://lab.dpdk.org/results/dashboard/patchsets/33660/

UNH-IOL DPDK Community Lab

To manage your email subscriptions, visit: 
https://lab.dpdk.org/results/dashboard/preferences/subscriptions/


More information about the test-report mailing list