|FAILURE| pw153950-153959 [PATCH] [v2,10/10] bus/dpaa: optimize qman

dpdklab at iol.unh.edu dpdklab at iol.unh.edu
Mon Jun 2 20:21:13 CEST 2025


Test-Label: iol-unit-amd64-testing
Test-Status: FAILURE
http://dpdk.org/patch/153959

_Testing issues_

Submitter: Vanshika Shukla <vanshika.shukla at nxp.com>
Date: Monday, June 02 2025 13:15:26 
DPDK git baseline: Repo:dpdk
  Branch: master
  CommitID:466db466e2938c0d4e7f3dd75435483133f98770

153950-153959 --> testing issues

Upstream job id: Generic-Unit-Test-DPDK#342735

Test environment and result as below:

+-------------------------------+----------------+
|          Environment          | dpdk_unit_test |
+===============================+================+
| CentOS Stream 9               | PASS           |
+-------------------------------+----------------+
| Debian GNU/Linux 12           | WARN           |
+-------------------------------+----------------+
| CentOS Stream 10              | WARN           |
+-------------------------------+----------------+
| Fedora 40                     | PEND           |
+-------------------------------+----------------+
| Fedora 40 (Clang)             | WARN           |
+-------------------------------+----------------+
| Fedora 41                     | WARN           |
+-------------------------------+----------------+
| Red Hat Enterprise Linux 8.10 | PEND           |
+-------------------------------+----------------+
| Fedora 41 (Clang)             | PEND           |
+-------------------------------+----------------+
| Ubuntu 24.04                  | PEND           |
+-------------------------------+----------------+
| Ubuntu 20.04                  | PEND           |
+-------------------------------+----------------+
| Red Hat Enterprise Linux 9.5  | PEND           |
+-------------------------------+----------------+
| Ubuntu 22.04                  | PEND           |
+-------------------------------+----------------+

==== 20 line log output for Fedora 41 (dpdk_unit_test): ====
../drivers/bus/dpaa/base/qbman/bman.c:383:31: note: at offset 64 into object 'bm_bufs' of size 64
383 |         struct bm_hw_buf_desc bm_bufs[FSL_BM_BURST_MAX];
|                               ^~~~~~~
In function '_mm256_storeu_si256',
inlined from 'rte_mov32' at ../lib/eal/x86/include/rte_memcpy.h:128:2,
inlined from 'rte_memcpy_generic' at ../lib/eal/x86/include/rte_memcpy.h:435:4,
inlined from 'rte_memcpy' at ../lib/eal/x86/include/rte_memcpy.h:757:10,
inlined from 'bman_acquire_fast' at ../drivers/bus/dpaa/base/qbman/bman.c:402:2:
/usr/lib/gcc/x86_64-redhat-linux/14/include/avxintrin.h:935:8: error: array subscript 2 is outside array bounds of 'struct bm_hw_buf_desc[8]' [-Werror=array-bounds=]
935 |   *__P = __A;
|   ~~~~~^~~~~
../drivers/bus/dpaa/base/qbman/bman.c: In function 'bman_acquire_fast':
../drivers/bus/dpaa/base/qbman/bman.c:383:31: note: at offset [72, 88] into object 'bm_bufs' of size 64
383 |         struct bm_hw_buf_desc bm_bufs[FSL_BM_BURST_MAX];
|                               ^~~~~~~
cc1: all warnings being treated as errors
[677/3507] Compiling C object drivers/libtmp_rte_bus_dpaa.a.p/bus_dpaa_base_qbman_bman_driver.c.o
[678/3507] Compiling C object drivers/libtmp_rte_bus_dpaa.a.p/bus_dpaa_base_qbman_process.c.o
[679/3507] Compiling C object drivers/libtmp_rte_bus_dpaa.a.p/bus_dpaa_base_qbman_qman.c.o
ninja: build stopped: subcommand failed.
==== End log output ====

CentOS Stream 9
	Kernel: Depends on container host
	Compiler: gcc 11.5.0 20240719 (Red Hat 11.5.0-2)

Debian GNU/Linux 12
	Kernel: 5.15
	Compiler: gcc gcc (Debian 12.2.0-14) 12.2.0

CentOS Stream 10
	Kernel: Depends on container host
	Compiler: gcc 14.2.1 20241104 (Red Hat 14.2.1-6)

Fedora 40
	Kernel: Depends on container host
	Compiler: gcc 14.2.1 20240912 (Red Hat 14.2.1-3)

Fedora 40 (Clang)
	Kernel: Depends on container host
	Compiler: clang 18.1.8 (Fedora 18.1.8-1.fc40)

Fedora 41
	Kernel: Depends on container host
	Compiler: gcc 14.2.1 20240912 (Red Hat 14.2.1-3)

Red Hat Enterprise Linux 8.10
	Kernel: 5.15
	Compiler: gcc gcc (GCC) 8.5.0 20210514 (Red Hat 8.5.0-22)

Fedora 41 (Clang)
	Kernel: Depends on container host
	Compiler: clang 19.1.5 (Fedora 19.1.5-1.fc41)

Ubuntu 24.04
	Kernel: 5.15
	Compiler: gcc gcc (Ubuntu 13.3.0-6ubuntu2~24.04) 13.3.0

Ubuntu 20.04
	Kernel: 5.15
	Compiler: gcc gcc (Ubuntu 9.4.0-1ubuntu1~20.04.2) 9.4.0

Red Hat Enterprise Linux 9.5
	Kernel: 5.15
	Compiler: gcc gcc (GCC) 11.5.0 20240719 (Red Hat 11.5.0-2)

Ubuntu 22.04
	Kernel: 5.15
	Compiler: gcc gcc (Ubuntu 11.4.0-1ubuntu1~22.04) 11.4.0

To view detailed results, visit:
https://lab.dpdk.org/results/dashboard/patchsets/33301/

UNH-IOL DPDK Community Lab

To manage your email subscriptions, visit: 
https://lab.dpdk.org/results/dashboard/preferences/subscriptions/


More information about the test-report mailing list