|FAILURE| pw153950-153959 [PATCH] [v2,10/10] bus/dpaa: optimize qman

dpdklab at iol.unh.edu dpdklab at iol.unh.edu
Mon Jun 2 20:41:47 CEST 2025


Test-Label: iol-unit-arm64-testing
Test-Status: FAILURE
http://dpdk.org/patch/153959

_Testing issues_

Submitter: Vanshika Shukla <vanshika.shukla at nxp.com>
Date: Monday, June 02 2025 13:15:26 
DPDK git baseline: Repo:dpdk
  Branch: master
  CommitID:466db466e2938c0d4e7f3dd75435483133f98770

153950-153959 --> testing issues

Upstream job id: Generic-Unit-Test-DPDK#342734

Test environment and result as below:

+------------------------------+--------------+------------------------------+---------------------------+----------------+
|         Environment          | lpm_autotest | cryptodev_sw_snow3g_autotest | cryptodev_sw_zuc_autotest | dpdk_unit_test |
+==============================+==============+==============================+===========================+================+
| Ubuntu 20.04                 | PASS         | SKIPPED                      | SKIPPED                   | PEND           |
+------------------------------+--------------+------------------------------+---------------------------+----------------+
| Debian 12 (arm)              | SKIPPED      | PASS                         | PASS                      | SKIPPED        |
+------------------------------+--------------+------------------------------+---------------------------+----------------+
| CentOS Stream 10 (ARM)       | SKIPPED      | SKIPPED                      | SKIPPED                   | PASS           |
+------------------------------+--------------+------------------------------+---------------------------+----------------+
| Debian GNU/Linux 12          | SKIPPED      | SKIPPED                      | SKIPPED                   | PASS           |
+------------------------------+--------------+------------------------------+---------------------------+----------------+
| CentOS Stream 9 (ARM)        | SKIPPED      | SKIPPED                      | SKIPPED                   | PASS           |
+------------------------------+--------------+------------------------------+---------------------------+----------------+
| Fedora 40 (ARM Clang)        | SKIPPED      | SKIPPED                      | SKIPPED                   | WARN           |
+------------------------------+--------------+------------------------------+---------------------------+----------------+
| Fedora 41 (ARM Clang)        | SKIPPED      | SKIPPED                      | SKIPPED                   | PEND           |
+------------------------------+--------------+------------------------------+---------------------------+----------------+
| Fedora 40 (ARM)              | SKIPPED      | SKIPPED                      | SKIPPED                   | PASS           |
+------------------------------+--------------+------------------------------+---------------------------+----------------+
| Fedora 41 (ARM)              | SKIPPED      | SKIPPED                      | SKIPPED                   | PEND           |
+------------------------------+--------------+------------------------------+---------------------------+----------------+
| Red Hat Enterprise Linux 9.5 | SKIPPED      | SKIPPED                      | SKIPPED                   | PEND           |
+------------------------------+--------------+------------------------------+---------------------------+----------------+
| Ubuntu 24.04                 | SKIPPED      | SKIPPED                      | SKIPPED                   | PEND           |
+------------------------------+--------------+------------------------------+---------------------------+----------------+
| Ubuntu 22.04                 | SKIPPED      | SKIPPED                      | SKIPPED                   | PEND           |
+------------------------------+--------------+------------------------------+---------------------------+----------------+

==== 20 line log output for Fedora 40 (ARM Clang) (dpdk_unit_test): ====
[649/3697] Generating rte_bus_cdx.pmd.c with a custom command
[650/3697] Compiling C object drivers/librte_bus_auxiliary.so.25.2.p/meson-generated_.._rte_bus_auxiliary.pmd.c.o
[651/3697] Compiling C object drivers/librte_bus_cdx.a.p/meson-generated_.._rte_bus_cdx.pmd.c.o
[652/3697] Linking static target drivers/librte_bus_cdx.a
[653/3697] Compiling C object drivers/libtmp_rte_bus_dpaa.a.p/bus_dpaa_base_fman_fman_hw.c.o
[654/3697] Compiling C object drivers/librte_bus_cdx.so.25.2.p/meson-generated_.._rte_bus_cdx.pmd.c.o
[655/3697] Generating rte_bus_auxiliary.sym_chk with a custom command (wrapped by meson to capture output)
[656/3697] Linking target drivers/librte_bus_auxiliary.so.25.2
[657/3697] Compiling C object drivers/libtmp_rte_bus_dpaa.a.p/bus_dpaa_base_fman_fman.c.o
[658/3697] Compiling C object drivers/libtmp_rte_bus_dpaa.a.p/bus_dpaa_base_qbman_bman.c.o
FAILED: drivers/libtmp_rte_bus_dpaa.a.p/bus_dpaa_base_qbman_bman.c.o
clang -Idrivers/libtmp_rte_bus_dpaa.a.p -Idrivers -I../drivers -Idrivers/bus/dpaa -I../drivers/bus/dpaa -I../drivers/bus/dpaa/base -I../drivers/bus/dpaa/include -I../drivers/bus/dpaa/base/qbman -Ilib/eal/common -I../lib/eal/common -I. -I.. -Iconfig -I../config -Ilib/eal/include -I../lib/eal/include -Ilib/eal/linux/include -I../lib/eal/linux/include -Ilib/eal/arm/include -I../lib/eal/arm/include -I../kernel/linux -Ilib/eal -I../lib/eal -Ilib/kvargs -I../lib/kvargs -Ilib/log -I../lib/log -Ilib/metrics -I../lib/metrics -Ilib/telemetry -I../lib/telemetry -Idrivers/common/dpaax -I../drivers/common/dpaax -I../drivers/common/dpaax/caamflib -Ilib/eventdev -I../lib/eventdev -Ilib/ring -I../lib/ring -Ilib/ethdev -I../lib/ethdev -Ilib/net -I../lib/net -Ilib/mbuf -I../lib/mbuf -Ilib/mempool -I../lib/mempool -Ilib/meter -I../lib/meter -Ilib/hash -I../lib/hash -Ilib/rcu -I../lib/rcu -Ilib/timer -I../lib/timer -Ilib/cryptodev -I../lib/cryptodev -Ilib/dmadev -I../lib/dmadev -Xclang -fcolor-diagnosti
 cs -pipe -D_FILE_OFFSET_BITS=64 -Wall -Winvalid-pch -Wextra -Werror -std=c11 -O3 -include rte_config.h -Wvla -Wcast-qual -Wdeprecated -Wformat -Wformat-nonliteral -Wformat-security -Wmissing-declarations -Wmissing-prototypes -Wnested-externs -Wold-style-definition -Wpointer-arith -Wsign-compare -Wstrict-prototypes -Wundef -Wwrite-strings -Wno-missing-field-initializers -D_GNU_SOURCE -fPIC -march=armv8.1-a+crc+crypto -DALLOW_EXPERIMENTAL_API -DALLOW_INTERNAL_API -Wno-format-truncation -Wno-address-of-packed-member -Wno-cast-qual -Wno-pointer-arith -DRTE_LOG_DEFAULT_LOGTYPE=bus.dpaa -DRTE_ANNOTATE_LOCKS -Wthread-safety -MD -MQ drivers/libtmp_rte_bus_dpaa.a.p/bus_dpaa_base_qbman_bman.c.o -MF drivers/libtmp_rte_bus_dpaa.a.p/bus_dpaa_base_qbman_bman.c.o.d -o drivers/libtmp_rte_bus_dpaa.a.p/bus_dpaa_base_qbman_bman.c.o -c ../drivers/bus/dpaa/base/qbman/bman.c
../drivers/bus/dpaa/base/qbman/bman.c:358:1: error: unused function 'bman_extract_addr' [-Werror,-Wunused-function]
358 | bman_extract_addr(struct bm_buffer *buf)
| ^~~~~~~~~~~~~~~~~
1 error generated.
[659/3697] Compiling C object drivers/libtmp_rte_bus_dpaa.a.p/bus_dpaa_base_fman_netcfg_layer.c.o
[660/3697] Generating rte_bus_cdx.sym_chk with a custom command (wrapped by meson to capture output)
[661/3697] Generating symbol file drivers/librte_bus_auxiliary.so.25.2.p/librte_bus_auxiliary.so.25.2.symbols
ninja: build stopped: subcommand failed.
==== End log output ====

Ubuntu 20.04
	Kernel: 5.4
	Compiler: gcc gcc (Ubuntu 9.4.0-1ubuntu1~20.04.2) 9.4.0

Debian 12 (arm)
	Kernel: Depends on container host
	Compiler: gcc (Debian 12.2.0-14) 12.2.0

CentOS Stream 10 (ARM)
	Kernel: Depends on container host
	Compiler: gcc 14.2.1 20241104 (Red Hat 14.2.1-6)

Debian GNU/Linux 12
	Kernel: 5.4
	Compiler: gcc gcc (Debian 12.2.0-14) 12.2.0

CentOS Stream 9 (ARM)
	Kernel: Depends on container host
	Compiler: gcc 11.5.0 20240719 (Red Hat 11.5.0-2)

Fedora 40 (ARM Clang)
	Kernel: Depends on container host
	Compiler: clang 18.1.8 (Fedora 18.1.8-1.fc40)

Fedora 41 (ARM Clang)
	Kernel: Depends on container host
	Compiler: clang 19.1.5 (Fedora 19.1.5-1.fc41)

Fedora 40 (ARM)
	Kernel: Depends on container host
	Compiler: gcc 14.2.1 20240912 (Red Hat 14.2.1-3)

Fedora 41 (ARM)
	Kernel: Depends on container host
	Compiler: gcc 14.2.1 20240912 (Red Hat 14.2.1-3)

Red Hat Enterprise Linux 9.5
	Kernel: 5.4
	Compiler: gcc gcc (GCC) 11.5.0 20240719 (Red Hat 11.5.0-2)

Ubuntu 24.04
	Kernel: 5.4
	Compiler: gcc gcc (Ubuntu 13.3.0-6ubuntu2~24.04) 13.3.0

Ubuntu 22.04
	Kernel: 5.4
	Compiler: gcc gcc (Ubuntu 11.4.0-1ubuntu1~22.04) 11.4.0

To view detailed results, visit:
https://lab.dpdk.org/results/dashboard/patchsets/33301/

UNH-IOL DPDK Community Lab

To manage your email subscriptions, visit: 
https://lab.dpdk.org/results/dashboard/preferences/subscriptions/


More information about the test-report mailing list