|FAILURE| pw153965 [PATCH] crypto/qat: remove ZUC 256 support
dpdklab at iol.unh.edu
dpdklab at iol.unh.edu
Tue Jun 3 13:26:16 CEST 2025
Test-Label: iol-compile-arm64-testing
Test-Status: FAILURE
http://dpdk.org/patch/153965
_Testing issues_
Submitter: Radu Nicolau <radu.nicolau at intel.com>
Date: Tuesday, June 03 2025 09:23:24
DPDK git baseline: Repo:dpdk
Branch: master
CommitID:32c04e00fb8e5c519bf62c0b13c3a3590fbf69fb
153965 --> testing issues
Upstream job id: Generic-DPDK-Compile-Meson#393847
Test environment and result as below:
+------------------------------+--------------------+
| Environment | dpdk_meson_compile |
+==============================+====================+
| Red Hat Enterprise Linux 9.5 | FAIL |
+------------------------------+--------------------+
| Ubuntu 20.04 | PASS |
+------------------------------+--------------------+
| Debian GNU/Linux 12 | FAIL |
+------------------------------+--------------------+
| Fedora 40 (ARM) | FAIL |
+------------------------------+--------------------+
| Fedora 40 (ARM Clang) | FAIL |
+------------------------------+--------------------+
| Fedora 41 (ARM) | FAIL |
+------------------------------+--------------------+
| Fedora 41 (ARM Clang) | FAIL |
+------------------------------+--------------------+
| CentOS Stream 9 (ARM) | FAIL |
+------------------------------+--------------------+
| Ubuntu 24.04 | FAIL |
+------------------------------+--------------------+
| Ubuntu 22.04 | FAIL |
+------------------------------+--------------------+
| CentOS Stream 10 (ARM) | FAIL |
+------------------------------+--------------------+
==== 20 line log output for CentOS Stream 10 (ARM) (dpdk_meson_compile): ====
[931/3700] Compiling C object drivers/libtmp_rte_common_qat.a.p/compress_qat_dev_qat_comp_pmd_gen3.c.o
[932/3700] Compiling C object drivers/libtmp_rte_common_qat.a.p/compress_qat_dev_qat_comp_pmd_gen4.c.o
[933/3700] Compiling C object drivers/libtmp_rte_common_qat.a.p/compress_qat_dev_qat_comp_pmd_gen5.c.o
[934/3700] Compiling C object drivers/libtmp_rte_common_qat.a.p/crypto_qat_qat_sym.c.o
[935/3700] Compiling C object drivers/libtmp_rte_common_qat.a.p/crypto_qat_qat_sym_session.c.o
[936/3700] Compiling C object drivers/libtmp_rte_common_qat.a.p/crypto_qat_qat_asym.c.o
[937/3700] Compiling C object drivers/libtmp_rte_common_qat.a.p/crypto_qat_qat_crypto.c.o
[938/3700] Compiling C object drivers/libtmp_rte_common_qat.a.p/crypto_qat_dev_qat_sym_pmd_gen1.c.o
[939/3700] Compiling C object drivers/libtmp_rte_common_qat.a.p/crypto_qat_dev_qat_asym_pmd_gen1.c.o
[940/3700] Compiling C object drivers/libtmp_rte_common_qat.a.p/crypto_qat_dev_qat_crypto_pmd_gen2.c.o
[941/3700] Compiling C object drivers/libtmp_rte_common_qat.a.p/crypto_qat_dev_qat_crypto_pmd_gen3.c.o
[942/3700] Compiling C object drivers/libtmp_rte_common_qat.a.p/crypto_qat_dev_qat_crypto_pmd_gen4.c.o
[943/3700] Compiling C object drivers/libtmp_rte_common_qat.a.p/crypto_qat_dev_qat_crypto_pmd_gen5.c.o
FAILED: drivers/libtmp_rte_common_qat.a.p/crypto_qat_dev_qat_crypto_pmd_gen5.c.o
ccache cc -Idrivers/libtmp_rte_common_qat.a.p -Idrivers -I../drivers -Idrivers/common/qat -I../drivers/common/qat -I../drivers/common/qat/qat_adf -I../drivers/crypto/qat -I../drivers/compress/qat -Idrivers/bus/pci -I../drivers/bus/pci -I../drivers/bus/pci/linux -Ilib/eal/common -I../lib/eal/common -I. -I.. -Iconfig -I../config -Ilib/eal/include -I../lib/eal/include -Ilib/eal/linux/include -I../lib/eal/linux/include -Ilib/eal/arm/include -I../lib/eal/arm/include -I../kernel/linux -Ilib/eal -I../lib/eal -Ilib/kvargs -I../lib/kvargs -Ilib/log -I../lib/log -Ilib/metrics -I../lib/metrics -Ilib/telemetry -I../lib/telemetry -Ilib/pci -I../lib/pci -Ilib/cryptodev -I../lib/cryptodev -Ilib/mbuf -I../lib/mbuf -Ilib/mempool -I../lib/mempool -Ilib/ring -I../lib/ring -Ilib/rcu -I../lib/rcu -Ilib/net -I../lib/net -Ilib/compressdev -I../lib/compressdev -Ilib/security -I../lib/security -fdiagnostics-color=always -pipe -D_FILE_OFFSET_BITS=64 -Wall -Winvalid-pch -Wextra -Werror -std=c11 -O3 -include rt
e_config.h -Wvla -Wcast-qual -Wdeprecated -Wformat -Wformat-nonliteral -Wformat-security -Wmissing-declarations -Wmissing-prototypes -Wnested-externs -Wold-style-definition -Wpointer-arith -Wsign-compare -Wstrict-prototypes -Wundef -Wwrite-strings -Wno-packed-not-aligned -Wno-missing-field-initializers -D_GNU_SOURCE -fPIC -march=armv8.1-a+crc+crypto -DALLOW_EXPERIMENTAL_API -DALLOW_INTERNAL_API -Wno-format-truncation -Wno-address-of-packed-member -Wno-vla -DBUILD_QAT_SYM -DBUILD_QAT_ASYM -DRTE_LOG_DEFAULT_LOGTYPE=pmd.common.qat -MD -MQ drivers/libtmp_rte_common_qat.a.p/crypto_qat_dev_qat_crypto_pmd_gen5.c.o -MF drivers/libtmp_rte_common_qat.a.p/crypto_qat_dev_qat_crypto_pmd_gen5.c.o.d -o drivers/libtmp_rte_common_qat.a.p/crypto_qat_dev_qat_crypto_pmd_gen5.c.o -c ../drivers/crypto/qat/dev/qat_crypto_pmd_gen5.c
../drivers/crypto/qat/dev/qat_crypto_pmd_gen5.c:132:1: error: 'check_cipher_capa' defined but not used [-Werror=unused-function]
132 | check_cipher_capa(const struct rte_cryptodev_capabilities *cap,
| ^~~~~~~~~~~~~~~~~
cc1: all warnings being treated as errors
ninja: build stopped: subcommand failed.
==== End log output ====
Red Hat Enterprise Linux 9.5
Kernel: 5.4
Compiler: gcc gcc (GCC) 11.5.0 20240719 (Red Hat 11.5.0-2)
Ubuntu 20.04
Kernel: 5.15
Compiler: aarch64-linux-gnu-gcc gcc (Ubuntu 9.4.0-1ubuntu1~20.04.2) 9.4.0
Debian GNU/Linux 12
Kernel: 5.4
Compiler: gcc gcc (Debian 12.2.0-14) 12.2.0
Fedora 40 (ARM)
Kernel: Depends on container host
Compiler: gcc 14.2.1 20240912 (Red Hat 14.2.1-3)
Fedora 40 (ARM Clang)
Kernel: Depends on container host
Compiler: clang 18.1.8 (Fedora 18.1.8-1.fc40)
Fedora 41 (ARM)
Kernel: Depends on container host
Compiler: gcc 14.2.1 20240912 (Red Hat 14.2.1-3)
Fedora 41 (ARM Clang)
Kernel: Depends on container host
Compiler: clang 19.1.5 (Fedora 19.1.5-1.fc41)
CentOS Stream 9 (ARM)
Kernel: Depends on container host
Compiler: gcc 11.5.0 20240719 (Red Hat 11.5.0-2)
Ubuntu 24.04
Kernel: 5.4
Compiler: gcc gcc (Ubuntu 13.3.0-6ubuntu2~24.04) 13.3.0
Ubuntu 22.04
Kernel: 5.4
Compiler: gcc gcc (Ubuntu 11.4.0-1ubuntu1~22.04) 11.4.0
CentOS Stream 10 (ARM)
Kernel: Depends on container host
Compiler: gcc 14.2.1 20241104 (Red Hat 14.2.1-6)
To view detailed results, visit:
https://lab.dpdk.org/results/dashboard/patchsets/33304/
UNH-IOL DPDK Community Lab
To manage your email subscriptions, visit:
https://lab.dpdk.org/results/dashboard/preferences/subscriptions/
More information about the test-report
mailing list