|WARNING| pw154074 [PATCH] app/compress-perf: support dictionary fil
dpdklab at iol.unh.edu
dpdklab at iol.unh.edu
Fri Jun 6 13:06:58 CEST 2025
Test-Label: iol-abi-testing
Test-Status: WARNING
http://dpdk.org/patch/154074
_Testing issues_
Submitter: Sameer Vaze <svaze at qti.qualcomm.com>
Date: Wednesday, June 04 2025 16:41:34
DPDK git baseline: Repo:dpdk
Branch: master
CommitID:d46cea98b08f1c418faaa7b5fcd24901fe055873
154074 --> testing issues
Upstream job id: Generic-DPDK-Compile-ABI#129099
Test environment and result as below:
+-------------------------------+----------+
| Environment | abi_test |
+===============================+==========+
| CentOS Stream 9 | FAIL |
+-------------------------------+----------+
| CentOS Stream 10 | FAIL |
+-------------------------------+----------+
| Debian GNU/Linux 12 | FAIL |
+-------------------------------+----------+
| Fedora 40 (Clang) | FAIL |
+-------------------------------+----------+
| Fedora 41 (Clang) | FAIL |
+-------------------------------+----------+
| Red Hat Enterprise Linux 8.10 | FAIL |
+-------------------------------+----------+
| openSUSE Leap 15.6 | FAIL |
+-------------------------------+----------+
| Fedora 40 | FAIL |
+-------------------------------+----------+
| Fedora 41 | FAIL |
+-------------------------------+----------+
| Ubuntu 22.04 | FAIL |
+-------------------------------+----------+
| Red Hat Enterprise Linux 9.5 | FAIL |
+-------------------------------+----------+
| Ubuntu 24.04 | FAIL |
+-------------------------------+----------+
==== 20 line log output for Ubuntu 24.04 (abi_test): ====
2 data member insertions:
'uint8_t* dictionary', at offset 128 (in bits) at rte_comp.h:353:1
'uint16_t dictionary_len', at offset 192 (in bits) at rte_comp.h:358:1
no data member change (1 filtered);
and offset changed from 32 to 64 (in bits) (by +32 bits)
Error: ABI issue reported for abidiff --suppr /root/workspace/Generic-DPDK-Compile-ABI at 4/dpdk/devtools/libabigail.abignore --no-added-syms --headers-dir1 reference/usr/local/include --headers-dir2 build_install/usr/local/include reference/usr/local/lib/x86_64-linux-gnu/librte_compressdev.so.25.0 build_install/usr/local/lib/x86_64-linux-gnu/librte_compressdev.so.25.2
ABIDIFF_ABI_CHANGE, this change requires a review (abidiff flagged this as a potential issue).
Functions changes summary: 0 Removed, 0 Changed (24 filtered out), 0 Added functions
Variables changes summary: 0 Removed, 0 Changed (2 filtered out), 0 Added variables
Functions changes summary: 0 Removed, 0 Changed (7 filtered out), 0 Added functions
Variables changes summary: 0 Removed, 0 Changed, 0 Added variable
Functions changes summary: 0 Removed, 0 Changed (2 filtered out), 0 Added functions
Variables changes summary: 0 Removed, 0 Changed, 0 Added variable
Functions changes summary: 0 Removed, 0 Changed (4 filtered out), 0 Added (1 filtered out) functions
Variables changes summary: 0 Removed, 0 Changed (1 filtered out), 0 Added variable
==== End log output ====
CentOS Stream 9
Kernel: Depends on container host
Compiler: gcc 11.5.0 20240719 (Red Hat 11.5.0-2)
CentOS Stream 10
Kernel: Depends on container host
Compiler: gcc 14.2.1 20241104 (Red Hat 14.2.1-6)
Debian GNU/Linux 12
Kernel: 5.15
Compiler: gcc gcc (Debian 12.2.0-14) 12.2.0
Fedora 40 (Clang)
Kernel: Depends on container host
Compiler: clang 18.1.8 (Fedora 18.1.8-1.fc40)
Fedora 41 (Clang)
Kernel: Depends on container host
Compiler: clang 19.1.5 (Fedora 19.1.5-1.fc41)
Red Hat Enterprise Linux 8.10
Kernel: 5.15
Compiler: gcc gcc (GCC) 8.5.0 20210514 (Red Hat 8.5.0-22)
openSUSE Leap 15.6
Kernel: 5.15
Compiler: gcc gcc (SUSE Linux) 7.5.0
Fedora 40
Kernel: Depends on container host
Compiler: gcc 14.2.1 20240912 (Red Hat 14.2.1-3)
Fedora 41
Kernel: Depends on container host
Compiler: gcc 14.2.1 20240912 (Red Hat 14.2.1-3)
Ubuntu 22.04
Kernel: 5.15
Compiler: gcc gcc (Ubuntu 11.4.0-1ubuntu1~22.04) 11.4.0
Red Hat Enterprise Linux 9.5
Kernel: 5.15
Compiler: gcc gcc (GCC) 11.5.0 20240719 (Red Hat 11.5.0-2)
Ubuntu 24.04
Kernel: 5.15
Compiler: gcc gcc (Ubuntu 13.3.0-6ubuntu2~24.04) 13.3.0
To view detailed results, visit:
https://lab.dpdk.org/results/dashboard/patchsets/33338/
UNH-IOL DPDK Community Lab
To manage your email subscriptions, visit:
https://lab.dpdk.org/results/dashboard/preferences/subscriptions/
More information about the test-report
mailing list