|FAILURE| pw154132-154137 [PATCH] [v1,6/6] doc: announce TxPP suppor

dpdklab at iol.unh.edu dpdklab at iol.unh.edu
Sat Jun 7 11:14:53 CEST 2025


Test-Label: iol-unit-amd64-testing
Test-Status: FAILURE
http://dpdk.org/patch/154137

_Testing issues_

Submitter: Soumyadeep Hore <soumyadeep.hore at intel.com>
Date: Friday, June 06 2025 21:19:47 
DPDK git baseline: Repo:dpdk
  Branch: master
  CommitID:f880ad11010de93f2c1c45369aebe42987515a23

154132-154137 --> testing issues

Upstream job id: Generic-Unit-Test-DPDK#343946

Test environment and result as below:

+-------------------------------+----------------+
|          Environment          | dpdk_unit_test |
+===============================+================+
| Fedora 40                     | WARN           |
+-------------------------------+----------------+
| Debian GNU/Linux 12           | WARN           |
+-------------------------------+----------------+
| CentOS Stream 10              | WARN           |
+-------------------------------+----------------+
| CentOS Stream 9               | WARN           |
+-------------------------------+----------------+
| Fedora 40 (Clang)             | PEND           |
+-------------------------------+----------------+
| Fedora 41 (Clang)             | PEND           |
+-------------------------------+----------------+
| Fedora 41                     | PEND           |
+-------------------------------+----------------+
| Red Hat Enterprise Linux 9.5  | WARN           |
+-------------------------------+----------------+
| Red Hat Enterprise Linux 8.10 | WARN           |
+-------------------------------+----------------+
| Ubuntu 20.04                  | FAIL           |
+-------------------------------+----------------+
| Ubuntu 22.04                  | PEND           |
+-------------------------------+----------------+
| Ubuntu 24.04                  | PEND           |
+-------------------------------+----------------+
| Windows Server 2022           | PASS           |
+-------------------------------+----------------+

==== Unit test summary for Ubuntu 20.04 (dpdk_unit_test): ====
Failed to get the unit test results.
Displaying the unit test results is not supported for some environments,
such as our aarch32 testing, where meson is not used to run the tests.
Download the logs available on our CI site.
==== End log output ====

Fedora 40
	Kernel: Depends on container host
	Compiler: gcc 14.2.1 20240912 (Red Hat 14.2.1-3)

Debian GNU/Linux 12
	Kernel: 5.15
	Compiler: gcc gcc (Debian 12.2.0-14) 12.2.0

CentOS Stream 10
	Kernel: Depends on container host
	Compiler: gcc 14.2.1 20241104 (Red Hat 14.2.1-6)

CentOS Stream 9
	Kernel: Depends on container host
	Compiler: gcc 11.5.0 20240719 (Red Hat 11.5.0-2)

Fedora 40 (Clang)
	Kernel: Depends on container host
	Compiler: clang 18.1.8 (Fedora 18.1.8-1.fc40)

Fedora 41 (Clang)
	Kernel: Depends on container host
	Compiler: clang 19.1.5 (Fedora 19.1.5-1.fc41)

Fedora 41
	Kernel: Depends on container host
	Compiler: gcc 14.2.1 20240912 (Red Hat 14.2.1-3)

Red Hat Enterprise Linux 9.5
	Kernel: 5.15
	Compiler: gcc gcc (GCC) 11.5.0 20240719 (Red Hat 11.5.0-2)

Red Hat Enterprise Linux 8.10
	Kernel: 5.15
	Compiler: gcc gcc (GCC) 8.5.0 20210514 (Red Hat 8.5.0-22)

Ubuntu 20.04
	Kernel: 5.15
	Compiler: gcc gcc (Ubuntu 9.4.0-1ubuntu1~20.04.2) 9.4.0

Ubuntu 22.04
	Kernel: 5.15
	Compiler: gcc gcc (Ubuntu 11.4.0-1ubuntu1~22.04) 11.4.0

Ubuntu 24.04
	Kernel: 5.15
	Compiler: gcc gcc (Ubuntu 13.3.0-6ubuntu2~24.04) 13.3.0

Windows Server 2022
	Kernel: 10.0.20348.2031
	Compiler: clang 15.0.7, gcc 14.1.0 (MinGW), and MSVC VS 19.39.33521

To view detailed results, visit:
https://lab.dpdk.org/results/dashboard/patchsets/33347/

UNH-IOL DPDK Community Lab

To manage your email subscriptions, visit: 
https://lab.dpdk.org/results/dashboard/preferences/subscriptions/


More information about the test-report mailing list