|FAILURE| pw154132-154137 [PATCH] [v1,6/6] doc: announce TxPP suppor
dpdklab at iol.unh.edu
dpdklab at iol.unh.edu
Sat Jun 7 11:49:55 CEST 2025
Test-Label: iol-compile-amd64-testing
Test-Status: FAILURE
http://dpdk.org/patch/154137
_Testing issues_
Submitter: Soumyadeep Hore <soumyadeep.hore at intel.com>
Date: Friday, June 06 2025 21:19:47
DPDK git baseline: Repo:dpdk
Branch: master
CommitID:f880ad11010de93f2c1c45369aebe42987515a23
154132-154137 --> testing issues
Upstream job id: Generic-DPDK-Compile-Meson#395140
Test environment and result as below:
+-------------------------------+--------------------+-------------------+-------------------------+----------------------+-------------------+------------------+
| Environment | dpdk_meson_compile | dpdk_msvc_compile | dpdk_llvm_clang_compile | dpdk_mingw64_compile | dpdk_compile_spdk | dpdk_compile_ovs |
+===============================+====================+===================+=========================+======================+===================+==================+
| Ubuntu 20.04 | FAIL | SKIPPED | SKIPPED | SKIPPED | SKIPPED | SKIPPED |
+-------------------------------+--------------------+-------------------+-------------------------+----------------------+-------------------+------------------+
| FreeBSD 14.2 | PASS | SKIPPED | SKIPPED | SKIPPED | SKIPPED | SKIPPED |
+-------------------------------+--------------------+-------------------+-------------------------+----------------------+-------------------+------------------+
| CentOS Stream 9 | FAIL | SKIPPED | SKIPPED | SKIPPED | WARN | SKIPPED |
+-------------------------------+--------------------+-------------------+-------------------------+----------------------+-------------------+------------------+
| CentOS Stream 10 | FAIL | SKIPPED | SKIPPED | SKIPPED | SKIPPED | SKIPPED |
+-------------------------------+--------------------+-------------------+-------------------------+----------------------+-------------------+------------------+
| Debian GNU/Linux 12 | FAIL | SKIPPED | SKIPPED | SKIPPED | WARN | SKIPPED |
+-------------------------------+--------------------+-------------------+-------------------------+----------------------+-------------------+------------------+
| Fedora 40 (Clang) | PASS | SKIPPED | SKIPPED | SKIPPED | WARN | SKIPPED |
+-------------------------------+--------------------+-------------------+-------------------------+----------------------+-------------------+------------------+
| Fedora 40 | FAIL | SKIPPED | SKIPPED | SKIPPED | WARN | SKIPPED |
+-------------------------------+--------------------+-------------------+-------------------------+----------------------+-------------------+------------------+
| Fedora 41 (Clang) | PASS | SKIPPED | SKIPPED | SKIPPED | WARN | PASS |
+-------------------------------+--------------------+-------------------+-------------------------+----------------------+-------------------+------------------+
| Fedora 41 | FAIL | SKIPPED | SKIPPED | SKIPPED | WARN | WARN |
+-------------------------------+--------------------+-------------------+-------------------------+----------------------+-------------------+------------------+
| openSUSE Leap 15.6 | FAIL | SKIPPED | SKIPPED | SKIPPED | SKIPPED | SKIPPED |
+-------------------------------+--------------------+-------------------+-------------------------+----------------------+-------------------+------------------+
| Red Hat Enterprise Linux 8.10 | FAIL | SKIPPED | SKIPPED | SKIPPED | SKIPPED | SKIPPED |
+-------------------------------+--------------------+-------------------+-------------------------+----------------------+-------------------+------------------+
| Red Hat Enterprise Linux 9.5 | FAIL | SKIPPED | SKIPPED | SKIPPED | SKIPPED | SKIPPED |
+-------------------------------+--------------------+-------------------+-------------------------+----------------------+-------------------+------------------+
| Ubuntu 22.04 | FAIL | SKIPPED | SKIPPED | SKIPPED | WARN | SKIPPED |
+-------------------------------+--------------------+-------------------+-------------------------+----------------------+-------------------+------------------+
| Ubuntu 24.04 | FAIL | SKIPPED | SKIPPED | SKIPPED | WARN | WARN |
+-------------------------------+--------------------+-------------------+-------------------------+----------------------+-------------------+------------------+
| Alpine | FAIL | SKIPPED | SKIPPED | SKIPPED | SKIPPED | SKIPPED |
+-------------------------------+--------------------+-------------------+-------------------------+----------------------+-------------------+------------------+
| Windows Server 2022 | SKIPPED | PASS | PASS | FAIL | SKIPPED | SKIPPED |
+-------------------------------+--------------------+-------------------+-------------------------+----------------------+-------------------+------------------+
==== 20 line log output for Windows Server 2022 (dpdk_mingw64_compile): ====
FAILED: drivers/libtmp_rte_net_ice.a.p/net_intel_ice_ice_rxtx.c.obj
"ccache" "gcc" "-Idrivers\libtmp_rte_net_ice.a.p" "-Idrivers" "-I..\drivers" "-Idrivers\net\intel\ice" "-I..\drivers\net\intel\ice" "-Idrivers\net\intel\ice\base" "-I..\drivers\net\intel\ice\base" "-Ilib\ethdev" "-I..\lib\ethdev" "-Ilib\eal\common" "-I..\lib\eal\common" "-I." "-I.." "-Iconfig" "-I..\config" "-Ilib\eal\include" "-I..\lib\eal\include" "-Ilib\eal\windows\include" "-I..\lib\eal\windows\include" "-Ilib\eal\x86\include" "-I..\lib\eal\x86\include" "-Ilib\eal" "-I..\lib\eal" "-Ilib\log" "-I..\lib\log" "-Ilib\kvargs" "-I..\lib\kvargs" "-Ilib\net" "-I..\lib\net" "-Ilib\mbuf" "-I..\lib\mbuf" "-Ilib\mempool" "-I..\lib\mempool" "-Ilib\ring" "-I..\lib\ring" "-Ilib\metrics" "-I..\lib\metrics" "-Ilib\telemetry" "-I..\lib\telemetry" "-Ilib\meter" "-I..\lib\meter" "-Idrivers\bus\pci" "-I..\drivers\bus\pci" "-I..\drivers\bus\pci\windows" "-Ilib\pci" "-I..\lib\pci" "-Idrivers\bus\vdev" "-I..\drivers\bus\vdev" "-Ilib\hash" "-I..\lib\hash" "-Ilib\rcu" "-I..\lib\rcu" "-Idrivers\net\intel\i
avf" "-I..\drivers\net\intel\iavf" "-I..\drivers\net\intel\iavf\base" "-Ilib\security" "-I..\lib\security" "-Ilib\cryptodev" "-I..\lib\cryptodev" "-IC:\Program Files\Mellanox\MLNX_WinOF2_DevX_SDK\inc" "-fdiagnostics-color=always" "-pipe" "-D_FILE_OFFSET_BITS=64" "-Wall" "-Winvalid-pch" "-Wextra" "-Werror" "-std=c11" "-O3" "-include" "rte_config.h" "-Wvla" "-Wcast-qual" "-Wdeprecated" "-Wformat" "-Wformat-nonliteral" "-Wformat-security" "-Wmissing-declarations" "-Wmissing-prototypes" "-Wnested-externs" "-Wold-style-definition" "-Wpointer-arith" "-Wsign-compare" "-Wstrict-prototypes" "-Wundef" "-Wwrite-strings" "-Wno-packed-not-aligned" "-Wno-missing-field-initializers" "-D_GNU_SOURCE" "-D_WIN32_WINNT=0x0A00" "-D__USE_MINGW_ANSI_STDIO" "-march=native" "-mrtm" "-DALLOW_EXPERIMENTAL_API" "-DALLOW_INTERNAL_API" "-Wno-format-truncation" "-Wno-address-of-packed-member" "-DRTE_LOG_DEFAULT_LOGTYPE=pmd.net.ice" "-DCC_AVX512_SUPPORT" -MD -MQ drivers/libtmp_rte_net_ice.a.p/net_intel_ice_ice_rxt
x.c.obj -MF "drivers\libtmp_rte_net_ice.a.p\net_intel_ice_ice_rxtx.c.obj.d" -o drivers/libtmp_rte_net_ice.a.p/net_intel_ice_ice_rxtx.c.obj "-c" ../drivers/net/intel/ice/ice_rxtx.c
../drivers/net/intel/ice/ice_rxtx.c: In function 'ice_xmit_pkts':
../drivers/net/intel/ice/ice_rxtx.c:3353:53: error: 'ts_id' may be used uninitialized [-Werror=maybe-uninitialized]
3353 | txq->tsq.ice_ts_ring[ts_id].tx_desc_idx_tstamp =
| ^
../drivers/net/intel/ice/ice_rxtx.c:3137:25: note: 'ts_id' was declared here
3137 | uint16_t tx_id, ts_id;
| ^~~~~
cc1.exe: all warnings being treated as errors
[233/786] Compiling C object drivers/libtmp_rte_net_ixgbe.a.p/net_intel_ixgbe_ixgbe_ipsec.c.obj
[234/786] Compiling C object drivers/libtmp_rte_net_ice.a.p/net_intel_ice_ice_tm.c.obj
[235/786] Compiling C object drivers/libtmp_rte_net_ice.a.p/net_intel_ice_ice_rxtx_vec_sse.c.obj
[236/786] Compiling C object drivers/libtmp_rte_net_ice.a.p/net_intel_ice_ice_dcf_parent.c.obj
[237/786] Compiling C object drivers/libtmp_rte_net_ice.a.p/net_intel_ice_ice_dcf_vf_representor.c.obj
[238/786] Compiling C object drivers/libtmp_rte_net_ice.a.p/net_intel_ice_ice_dcf_ethdev.c.obj
[239/786] Compiling C object drivers/libtmp_rte_net_ice.a.p/net_intel_ice_ice_dcf_sched.c.obj
[240/786] Compiling C object drivers/libtmp_rte_net_ixgbe.a.p/net_intel_ixgbe_ixgbe_flow.c.obj
[241/786] Compiling C object drivers/libtmp_rte_net_ixgbe.a.p/net_intel_ixgbe_ixgbe_ethdev.c.obj
ninja: build stopped: subcommand failed.
==== End log output ====
Ubuntu 20.04
Kernel: 4.19
Compiler: gcc gcc (Ubuntu 9.4.0-1ubuntu1~20.04.2) 9.4.0
FreeBSD 14.2
Kernel: 14.2-RELEASE
Compiler: clang 18.1.6
CentOS Stream 9
Kernel: Depends on container host
Compiler: gcc 11.5.0 20240719 (Red Hat 11.5.0-2)
CentOS Stream 10
Kernel: Depends on container host
Compiler: gcc 14.2.1 20241104 (Red Hat 14.2.1-6)
Debian GNU/Linux 12
Kernel: 5.15
Compiler: gcc gcc (Debian 12.2.0-14) 12.2.0
Fedora 40 (Clang)
Kernel: Depends on container host
Compiler: clang 18.1.8 (Fedora 18.1.8-1.fc40)
Fedora 40
Kernel: Depends on container host
Compiler: gcc 14.2.1 20240912 (Red Hat 14.2.1-3)
Fedora 41 (Clang)
Kernel: Depends on container host
Compiler: clang 19.1.5 (Fedora 19.1.5-1.fc41)
Fedora 41
Kernel: Depends on container host
Compiler: gcc 14.2.1 20240912 (Red Hat 14.2.1-3)
openSUSE Leap 15.6
Kernel: 5.15
Compiler: gcc gcc (SUSE Linux) 7.5.0
Red Hat Enterprise Linux 8.10
Kernel: 5.15
Compiler: gcc gcc (GCC) 8.5.0 20210514 (Red Hat 8.5.0-22)
Red Hat Enterprise Linux 9.5
Kernel: 5.15
Compiler: gcc gcc (GCC) 11.5.0 20240719 (Red Hat 11.5.0-2)
Ubuntu 22.04
Kernel: 5.15
Compiler: gcc gcc (Ubuntu 11.4.0-1ubuntu1~22.04) 11.4.0
Ubuntu 24.04
Kernel: 5.15
Compiler: gcc gcc (Ubuntu 13.3.0-6ubuntu2~24.04) 13.3.0
Alpine
Kernel: Depends on container host
Compiler: gcc (Alpine 14.2.0) 14.2.0
Windows Server 2022
Kernel: 10.0.20348.2031
Compiler: clang 15.0.7, gcc 14.1.0 (MinGW), and MSVC VS 19.39.33521
To view detailed results, visit:
https://lab.dpdk.org/results/dashboard/patchsets/33347/
UNH-IOL DPDK Community Lab
To manage your email subscriptions, visit:
https://lab.dpdk.org/results/dashboard/preferences/subscriptions/
More information about the test-report
mailing list