|FAILURE| pw154231 [PATCH] [v18] trace: add PMU

dpdklab at iol.unh.edu dpdklab at iol.unh.edu
Tue Jun 10 00:18:32 CEST 2025


Test-Label: iol-compile-amd64-testing
Test-Status: FAILURE
http://dpdk.org/patch/154231

_Testing issues_

Submitter: Thomas Monjalon <thomas at monjalon.net>
Date: Monday, June 09 2025 16:55:24 
DPDK git baseline: Repo:dpdk
  Branch: master
  CommitID:98bfa438ca7f80baf155636364377be72b4c75dc

154231 --> testing issues

Upstream job id: Windows-Compile-DPDK-VS#5957

Test environment and result as below:

+---------------------+--------------------+-------------------+
|     Environment     | dpdk_meson_compile | dpdk_msvc_compile |
+=====================+====================+===================+
| Ubuntu 20.04        | FAIL               | SKIPPED           |
+---------------------+--------------------+-------------------+
| FreeBSD 14.2        | FAIL               | SKIPPED           |
+---------------------+--------------------+-------------------+
| Windows Server 2022 | SKIPPED            | FAIL              |
+---------------------+--------------------+-------------------+

==== 20 line log output for Windows Server 2022 (dpdk_msvc_compile): ====
 [ 1 0 9 / 4 5 2 ]   C o m p i l i n g   C   o b j e c t   l i b / l i b r t e _ e a l . a . p / e a l _ c o m m o n _ e a l _ c o m m o n _ m e m a l l o c . c . o b j 
 
 [ 1 1 0 / 4 5 2 ]   C o m p i l i n g   C   o b j e c t   l i b / l i b r t e _ e a l . a . p / e a l _ c o m m o n _ e a l _ c o m m o n _ u u i d . c . o b j 
 
 [ 1 1 1 / 4 5 2 ]   C o m p i l i n g   C   o b j e c t   l i b / l i b r t e _ e a l . a . p / e a l _ c o m m o n _ e a l _ c o m m o n _ t r a c e _ p o i n t s . c . o b j 
 
 F A I L E D :   l i b / l i b r t e _ e a l . a . p / e a l _ c o m m o n _ e a l _ c o m m o n _ t r a c e _ p o i n t s . c . o b j   
 
 " c l "   " - I l i b \ l i b r t e _ e a l . a . p "   " - I l i b "   " - I . . \ l i b "   " - I l i b \ e a l \ c o m m o n "   " - I . . \ l i b \ e a l \ c o m m o n "   " - I . "   " - I . . "   " - I c o n f i g "   " - I . . \ c o n f i g "   " - I l i b \ e a l \ i n c l u d e "   " - I . . \ l i b \ e a l \ i n c l u d e "   " - I l i b \ e a l \ w i n d o w s \ i n c l u d e "   " - I . . \ l i b \ e a l \ w i n d o w s \ i n c l u d e "   " - I l i b \ e a l \ x 8 6 \ i n c l u d e "   " - I . . \ l i b \ e a l \ x 8 6 \ i n c l u d e "   " - I l i b \ e a l "   " - I . . \ l i b \ e a l "   " - I l i b \ l o g "   " - I . . \ l i b \ l o g "   " - I l i b \ k v a r g s "   " - I . . \ l i b \ k v a r g s "   " - I C : \ P r o g r a m   F i l e s \ M e l l a n o x \ M L N X _ W i n O F 2 _ D e v X _ S D K \ i n c "   " / M D "   " / n o l o g o "   " / s h o w I n c l u d e s "   " / W 3 "   " / W X "   " / s t d : c 1 1 "   " / O 2 "   " / G w "   " / w d 4 2 4 4 "   "
  / w d 4 2 6 7 "   " / w d 4 1 4 6 "   " / e x p e r i m e n t a l : c 1 1 a t o m i c s "   " / d 1 e x p e r i m e n t a l : t y p e o f "   " / e x p e r i m e n t a l : s t a t e m e n t E x p r e s s i o n s "   " / F I "   " r t e _ c o n f i g . h "   " - D _ G N U _ S O U R C E "   " - D _ W I N 3 2 _ W I N N T = 0 x 0 A 0 0 "   " - D A L L O W _ E X P E R I M E N T A L _ A P I "   " - D A L L O W _ I N T E R N A L _ A P I "   " - D A B I _ V E R S I O N = \ " 2 5 . 2 \ " "   " - D R T E _ L O G _ D E F A U L T _ L O G T Y P E = l i b . e a l "   " / F d l i b \ l i b r t e _ e a l . a . p \ e a l _ c o m m o n _ e a l _ c o m m o n _ t r a c e _ p o i n t s . c . p d b "   / F o l i b / l i b r t e _ e a l . a . p / e a l _ c o m m o n _ e a l _ c o m m o n _ t r a c e _ p o i n t s . c . o b j   " / c "   . . / l i b / e a l / c o m m o n / e a l _ c o m m o n _ t r a c e _ p o i n t s . c 
 
 . . \ l i b \ e a l \ i n c l u d e \ r t e _ e a l _ t r a c e . h ( 1 3 1 ) :   f a t a l   e r r o r   C 1 0 8 3 :   C a n n o t   o p e n   i n c l u d e   f i l e :   ' r t e _ p m u . h ' :   N o   s u c h   f i l e   o r   d i r e c t o r y 
 
 [ 1 1 2 / 4 5 2 ]   C o m p i l i n g   C   o b j e c t   l i b / l i b r t e _ e a l . a . p / e a l _ c o m m o n _ e a l _ c o m m o n _ m e m o r y . c . o b j 
 
 [ 1 1 3 / 4 5 2 ]   C o m p i l i n g   C   o b j e c t   l i b / l i b r t e _ e a l . a . p / e a l _ c o m m o n _ e a l _ c o m m o n _ t r a c e _ p m u . c . o b j 
 
 F A I L E D :   l i b / l i b r t e _ e a l . a . p / e a l _ c o m m o n _ e a l _ c o m m o n _ t r a c e _ p m u . c . o b j   
 
 " c l "   " - I l i b \ l i b r t e _ e a l . a . p "   " - I l i b "   " - I . . \ l i b "   " - I l i b \ e a l \ c o m m o n "   " - I . . \ l i b \ e a l \ c o m m o n "   " - I . "   " - I . . "   " - I c o n f i g "   " - I . . \ c o n f i g "   " - I l i b \ e a l \ i n c l u d e "   " - I . . \ l i b \ e a l \ i n c l u d e "   " - I l i b \ e a l \ w i n d o w s \ i n c l u d e "   " - I . . \ l i b \ e a l \ w i n d o w s \ i n c l u d e "   " - I l i b \ e a l \ x 8 6 \ i n c l u d e "   " - I . . \ l i b \ e a l \ x 8 6 \ i n c l u d e "   " - I l i b \ e a l "   " - I . . \ l i b \ e a l "   " - I l i b \ l o g "   " - I . . \ l i b \ l o g "   " - I l i b \ k v a r g s "   " - I . . \ l i b \ k v a r g s "   " - I C : \ P r o g r a m   F i l e s \ M e l l a n o x \ M L N X _ W i n O F 2 _ D e v X _ S D K \ i n c "   " / M D "   " / n o l o g o "   " / s h o w I n c l u d e s "   " / W 3 "   " / W X "   " / s t d : c 1 1 "   " / O 2 "   " / G w "   " / w d 4 2 4 4 "   "
  / w d 4 2 6 7 "   " / w d 4 1 4 6 "   " / e x p e r i m e n t a l : c 1 1 a t o m i c s "   " / d 1 e x p e r i m e n t a l : t y p e o f "   " / e x p e r i m e n t a l : s t a t e m e n t E x p r e s s i o n s "   " / F I "   " r t e _ c o n f i g . h "   " - D _ G N U _ S O U R C E "   " - D _ W I N 3 2 _ W I N N T = 0 x 0 A 0 0 "   " - D A L L O W _ E X P E R I M E N T A L _ A P I "   " - D A L L O W _ I N T E R N A L _ A P I "   " - D A B I _ V E R S I O N = \ " 2 5 . 2 \ " "   " - D R T E _ L O G _ D E F A U L T _ L O G T Y P E = l i b . e a l "   " / F d l i b \ l i b r t e _ e a l . a . p \ e a l _ c o m m o n _ e a l _ c o m m o n _ t r a c e _ p m u . c . p d b "   / F o l i b / l i b r t e _ e a l . a . p / e a l _ c o m m o n _ e a l _ c o m m o n _ t r a c e _ p m u . c . o b j   " / c "   . . / l i b / e a l / c o m m o n / e a l _ c o m m o n _ t r a c e _ p m u . c 
 
 . . / l i b / e a l / c o m m o n / e a l _ c o m m o n _ t r a c e _ p m u . c ( 6 ) :   f a t a l   e r r o r   C 1 0 8 3 :   C a n n o t   o p e n   i n c l u d e   f i l e :   ' r t e _ p m u . h ' :   N o   s u c h   f i l e   o r   d i r e c t o r y 
 
 [ 1 1 4 / 4 5 2 ]   C o m p i l i n g   C   o b j e c t   l i b / l i b r t e _ e a l . a . p / e a l _ c o m m o n _ e a l _ c o m m o n _ l a u n c h . c . o b j 
 
 [ 1 1 5 / 4 5 2 ]   C o m p i l i n g   C   o b j e c t   l i b / l i b r t e _ e a l . a . p / e a l _ c o m m o n _ e a l _ c o m m o n _ t a i l q s . c . o b j 
 
 [ 1 1 6 / 4 5 2 ]   C o m p i l i n g   C   o b j e c t   l i b / l i b r t e _ e a l . a . p / e a l _ c o m m o n _ e a l _ c o m m o n _ m e m z o n e . c . o b j 
 
 [ 1 1 7 / 4 5 2 ]   C o m p i l i n g   C   o b j e c t   l i b / l i b r t e _ e a l . a . p / e a l _ c o m m o n _ e a l _ c o m m o n _ o p t i o n s . c . o b j 
 
 [ 1 1 8 / 4 5 2 ]   C o m p i l i n g   C   o b j e c t   a p p / d p d k - t e s t p m d . e x e . p / t e s t - p m d _ c s u m o n l y . c . o b j 
 
 [ 1 1 9 / 4 5 2 ]   C o m p i l i n g   C   o b j e c t   a p p / d p d k - t e s t p m d . e x e . p / t e s t - p m d _ c o n f i g . c . o b j 
 
 [ 1 2 0 / 4 5 2 ]   C o m p i l i n g   C   o b j e c t   a p p / d p d k - t e s t p m d . e x e . p / t e s t - p m d _ c m d l i n e _ f l o w . c . o b j 
 
 n i n j a :   b u i l d   s t o p p e d :   s u b c o m m a n d   f a i l e d . 
 
 
==== End log output ====

Ubuntu 20.04
	Kernel: 4.19
	Compiler: gcc gcc (Ubuntu 9.4.0-1ubuntu1~20.04.2) 9.4.0

FreeBSD 14.2
	Kernel: 14.2-RELEASE
	Compiler: clang 18.1.6

Windows Server 2022
	Kernel: 10.0.20348.2031
	Compiler: clang 15.0.7, gcc 14.1.0 (MinGW), and MSVC VS 19.39.33521

To view detailed results, visit:
https://lab.dpdk.org/results/dashboard/patchsets/33364/

UNH-IOL DPDK Community Lab

To manage your email subscriptions, visit: 
https://lab.dpdk.org/results/dashboard/preferences/subscriptions/


More information about the test-report mailing list