|FAILURE| pw154231 [PATCH] [v18] trace: add PMU
dpdklab at iol.unh.edu
dpdklab at iol.unh.edu
Tue Jun 10 00:40:10 CEST 2025
Test-Label: iol-compile-amd64-testing
Test-Status: FAILURE
http://dpdk.org/patch/154231
_Testing issues_
Submitter: Thomas Monjalon <thomas at monjalon.net>
Date: Monday, June 09 2025 16:55:24
DPDK git baseline: Repo:dpdk
Branch: master
CommitID:98bfa438ca7f80baf155636364377be72b4c75dc
154231 --> testing issues
Upstream job id: Windows-Compile-DPDK-Native#28924
Test environment and result as below:
+---------------------+--------------------+-------------------+-------------------------+----------------------+
| Environment | dpdk_meson_compile | dpdk_msvc_compile | dpdk_llvm_clang_compile | dpdk_mingw64_compile |
+=====================+====================+===================+=========================+======================+
| Ubuntu 20.04 | FAIL | SKIPPED | SKIPPED | SKIPPED |
+---------------------+--------------------+-------------------+-------------------------+----------------------+
| FreeBSD 14.2 | FAIL | SKIPPED | SKIPPED | SKIPPED |
+---------------------+--------------------+-------------------+-------------------------+----------------------+
| Windows Server 2022 | SKIPPED | FAIL | FAIL | FAIL |
+---------------------+--------------------+-------------------+-------------------------+----------------------+
==== 20 line log output for Windows Server 2022 (dpdk_mingw64_compile): ====
6 | #include <rte_pmu.h>
| ^~~~~~~~~~~
compilation terminated.
[51/795] Compiling C object lib/librte_eal.a.p/eal_windows_eal_mp.c.obj
[52/795] Generating symbol file lib/librte_log-25.dll.p/librte_log-25.dll.symbols
[53/795] Compiling C object lib/librte_eal.a.p/eal_windows_eal_memory.c.obj
[54/795] Compiling C object lib/librte_eal.a.p/eal_windows_eal_timer.c.obj
[55/795] Compiling C object lib/librte_eal.a.p/eal_windows_eal_memalloc.c.obj
[56/795] Compiling C object lib/librte_eal.a.p/eal_windows_eal_thread.c.obj
[57/795] Compiling C object lib/librte_eal.a.p/eal_common_eal_common_trace_points.c.obj
FAILED: lib/librte_eal.a.p/eal_common_eal_common_trace_points.c.obj
"ccache" "gcc" "-Ilib\librte_eal.a.p" "-Ilib" "-I..\lib" "-Ilib\eal\common" "-I..\lib\eal\common" "-I." "-I.." "-Iconfig" "-I..\config" "-Ilib\eal\include" "-I..\lib\eal\include" "-Ilib\eal\windows\include" "-I..\lib\eal\windows\include" "-Ilib\eal\x86\include" "-I..\lib\eal\x86\include" "-Ilib\eal" "-I..\lib\eal" "-Ilib\log" "-I..\lib\log" "-Ilib\kvargs" "-I..\lib\kvargs" "-IC:\Program Files\Mellanox\MLNX_WinOF2_DevX_SDK\inc" "-fdiagnostics-color=always" "-pipe" "-D_FILE_OFFSET_BITS=64" "-Wall" "-Winvalid-pch" "-Wextra" "-Werror" "-std=c11" "-O3" "-include" "rte_config.h" "-Wvla" "-Wcast-qual" "-Wdeprecated" "-Wformat" "-Wformat-nonliteral" "-Wformat-security" "-Wmissing-declarations" "-Wmissing-prototypes" "-Wnested-externs" "-Wold-style-definition" "-Wpointer-arith" "-Wsign-compare" "-Wstrict-prototypes" "-Wundef" "-Wwrite-strings" "-Wno-packed-not-aligned" "-Wno-missing-field-initializers" "-D_GNU_SOURCE" "-D_WIN32_WINNT=0x0A00" "-D__USE_MINGW_ANSI_STDIO" "-march=native" "-mrtm"
"-DALLOW_EXPERIMENTAL_API" "-DALLOW_INTERNAL_API" "-Wno-format-truncation" "-DABI_VERSION=\"25.2\"" "-DRTE_LOG_DEFAULT_LOGTYPE=lib.eal" -MD -MQ lib/librte_eal.a.p/eal_common_eal_common_trace_points.c.obj -MF "lib\librte_eal.a.p\eal_common_eal_common_trace_points.c.obj.d" -o lib/librte_eal.a.p/eal_common_eal_common_trace_points.c.obj "-c" ../lib/eal/common/eal_common_trace_points.c
In file included from ../lib/eal/common/eal_common_trace_points.c:7:
..\lib\eal\include/rte_eal_trace.h:131:10: fatal error: rte_pmu.h: No such file or directory
131 | #include <rte_pmu.h>
| ^~~~~~~~~~~
compilation terminated.
[58/795] Compiling C object lib/librte_eal.a.p/eal_common_eal_common_thread.c.obj
[59/795] Compiling C object lib/librte_eal.a.p/eal_windows_eal.c.obj
ninja: build stopped: subcommand failed.
==== End log output ====
Ubuntu 20.04
Kernel: 4.19
Compiler: gcc gcc (Ubuntu 9.4.0-1ubuntu1~20.04.2) 9.4.0
FreeBSD 14.2
Kernel: 14.2-RELEASE
Compiler: clang 18.1.6
Windows Server 2022
Kernel: 10.0.20348.2031
Compiler: clang 15.0.7, gcc 14.1.0 (MinGW), and MSVC VS 19.39.33521
To view detailed results, visit:
https://lab.dpdk.org/results/dashboard/patchsets/33364/
UNH-IOL DPDK Community Lab
To manage your email subscriptions, visit:
https://lab.dpdk.org/results/dashboard/preferences/subscriptions/
More information about the test-report
mailing list