|FAILURE| pw154231 [PATCH] [v18] trace: add PMU
dpdklab at iol.unh.edu
dpdklab at iol.unh.edu
Tue Jun 10 02:21:52 CEST 2025
Test-Label: iol-unit-amd64-testing
Test-Status: FAILURE
http://dpdk.org/patch/154231
_Testing issues_
Submitter: Thomas Monjalon <thomas at monjalon.net>
Date: Monday, June 09 2025 16:55:24
DPDK git baseline: Repo:dpdk
Branch: master
CommitID:98bfa438ca7f80baf155636364377be72b4c75dc
154231 --> testing issues
Upstream job id: Generic-Unit-Test-DPDK#344502
Test environment and result as below:
+-------------------------------+----------------+
| Environment | dpdk_unit_test |
+===============================+================+
| CentOS Stream 9 | WARN |
+-------------------------------+----------------+
| CentOS Stream 10 | WARN |
+-------------------------------+----------------+
| Fedora 40 | WARN |
+-------------------------------+----------------+
| Debian GNU/Linux 12 | WARN |
+-------------------------------+----------------+
| Fedora 40 (Clang) | WARN |
+-------------------------------+----------------+
| Fedora 41 | WARN |
+-------------------------------+----------------+
| Red Hat Enterprise Linux 8.10 | WARN |
+-------------------------------+----------------+
| Fedora 41 (Clang) | WARN |
+-------------------------------+----------------+
| Red Hat Enterprise Linux 9.5 | WARN |
+-------------------------------+----------------+
| Ubuntu 20.04 | FAIL |
+-------------------------------+----------------+
| Ubuntu 22.04 | WARN |
+-------------------------------+----------------+
| Ubuntu 24.04 | WARN |
+-------------------------------+----------------+
| Windows Server 2022 | FAIL |
+-------------------------------+----------------+
==== Unit test summary for Windows Server 2022 (dpdk_unit_test): ====
Failed to get the unit test results.
Displaying the unit test results is not supported for some environments,
such as our aarch32 testing, where meson is not used to run the tests.
Download the logs available on our CI site.
==== End log output ====
CentOS Stream 9
Kernel: Depends on container host
Compiler: gcc 11.5.0 20240719 (Red Hat 11.5.0-2)
CentOS Stream 10
Kernel: Depends on container host
Compiler: gcc 14.2.1 20241104 (Red Hat 14.2.1-6)
Fedora 40
Kernel: Depends on container host
Compiler: gcc 14.2.1 20240912 (Red Hat 14.2.1-3)
Debian GNU/Linux 12
Kernel: 5.15
Compiler: gcc gcc (Debian 12.2.0-14) 12.2.0
Fedora 40 (Clang)
Kernel: Depends on container host
Compiler: clang 18.1.8 (Fedora 18.1.8-1.fc40)
Fedora 41
Kernel: Depends on container host
Compiler: gcc 14.2.1 20240912 (Red Hat 14.2.1-3)
Red Hat Enterprise Linux 8.10
Kernel: 5.15
Compiler: gcc gcc (GCC) 8.5.0 20210514 (Red Hat 8.5.0-22)
Fedora 41 (Clang)
Kernel: Depends on container host
Compiler: clang 19.1.5 (Fedora 19.1.5-1.fc41)
Red Hat Enterprise Linux 9.5
Kernel: 5.15
Compiler: gcc gcc (GCC) 11.5.0 20240719 (Red Hat 11.5.0-2)
Ubuntu 20.04
Kernel: 5.15
Compiler: gcc gcc (Ubuntu 9.4.0-1ubuntu1~20.04.2) 9.4.0
Ubuntu 22.04
Kernel: 5.15
Compiler: gcc gcc (Ubuntu 11.4.0-1ubuntu1~22.04) 11.4.0
Ubuntu 24.04
Kernel: 5.15
Compiler: gcc gcc (Ubuntu 13.3.0-6ubuntu2~24.04) 13.3.0
Windows Server 2022
Kernel: 10.0.20348.2031
Compiler: clang 15.0.7, gcc 14.1.0 (MinGW), and MSVC VS 19.39.33521
To view detailed results, visit:
https://lab.dpdk.org/results/dashboard/patchsets/33364/
UNH-IOL DPDK Community Lab
To manage your email subscriptions, visit:
https://lab.dpdk.org/results/dashboard/preferences/subscriptions/
More information about the test-report
mailing list