|WARNING| pw154197 [PATCH] [RFC] mempool: Fix some Coverity defects

dpdklab at iol.unh.edu dpdklab at iol.unh.edu
Tue Jun 10 02:30:40 CEST 2025


Test-Label: iol-compile-amd64-testing
Test-Status: WARNING
http://dpdk.org/patch/154197

_Testing issues_

Submitter: Morten Brorup <mb at smartsharesystems.com>
Date: Monday, June 09 2025 14:42:26 
DPDK git baseline: Repo:dpdk
  Branch: master
  CommitID:1e648eee69c427a6b04a424b3d2f8ce27d9b15d0

154197 --> testing issues

Upstream job id: Generic-DPDK-Compile-Meson#395734

Test environment and result as below:

+-------------------------------+--------------------+-------------------+------------------+-------------------+-------------------------+----------------------+
|          Environment          | dpdk_meson_compile | dpdk_compile_spdk | dpdk_compile_ovs | dpdk_msvc_compile | dpdk_llvm_clang_compile | dpdk_mingw64_compile |
+===============================+====================+===================+==================+===================+=========================+======================+
| Ubuntu 20.04                  | PASS               | SKIPPED           | SKIPPED          | SKIPPED           | SKIPPED                 | SKIPPED              |
+-------------------------------+--------------------+-------------------+------------------+-------------------+-------------------------+----------------------+
| FreeBSD 14.2                  | PASS               | SKIPPED           | SKIPPED          | SKIPPED           | SKIPPED                 | SKIPPED              |
+-------------------------------+--------------------+-------------------+------------------+-------------------+-------------------------+----------------------+
| Red Hat Enterprise Linux 9.5  | PASS               | SKIPPED           | SKIPPED          | SKIPPED           | SKIPPED                 | SKIPPED              |
+-------------------------------+--------------------+-------------------+------------------+-------------------+-------------------------+----------------------+
| CentOS Stream 9               | PASS               | PASS              | SKIPPED          | SKIPPED           | SKIPPED                 | SKIPPED              |
+-------------------------------+--------------------+-------------------+------------------+-------------------+-------------------------+----------------------+
| CentOS Stream 10              | PASS               | SKIPPED           | SKIPPED          | SKIPPED           | SKIPPED                 | SKIPPED              |
+-------------------------------+--------------------+-------------------+------------------+-------------------+-------------------------+----------------------+
| Debian GNU/Linux 12           | PASS               | PASS              | SKIPPED          | SKIPPED           | SKIPPED                 | SKIPPED              |
+-------------------------------+--------------------+-------------------+------------------+-------------------+-------------------------+----------------------+
| Fedora 40 (Clang)             | PASS               | WARN              | SKIPPED          | SKIPPED           | SKIPPED                 | SKIPPED              |
+-------------------------------+--------------------+-------------------+------------------+-------------------+-------------------------+----------------------+
| Fedora 40                     | PASS               | PASS              | SKIPPED          | SKIPPED           | SKIPPED                 | SKIPPED              |
+-------------------------------+--------------------+-------------------+------------------+-------------------+-------------------------+----------------------+
| Fedora 41 (Clang)             | PASS               | WARN              | PASS             | SKIPPED           | SKIPPED                 | SKIPPED              |
+-------------------------------+--------------------+-------------------+------------------+-------------------+-------------------------+----------------------+
| Fedora 41                     | PASS               | PASS              | PASS             | SKIPPED           | SKIPPED                 | SKIPPED              |
+-------------------------------+--------------------+-------------------+------------------+-------------------+-------------------------+----------------------+
| openSUSE Leap 15.6            | PASS               | SKIPPED           | SKIPPED          | SKIPPED           | SKIPPED                 | SKIPPED              |
+-------------------------------+--------------------+-------------------+------------------+-------------------+-------------------------+----------------------+
| Red Hat Enterprise Linux 8.10 | PASS               | SKIPPED           | SKIPPED          | SKIPPED           | SKIPPED                 | SKIPPED              |
+-------------------------------+--------------------+-------------------+------------------+-------------------+-------------------------+----------------------+
| Ubuntu 22.04                  | PASS               | PASS              | SKIPPED          | SKIPPED           | SKIPPED                 | SKIPPED              |
+-------------------------------+--------------------+-------------------+------------------+-------------------+-------------------------+----------------------+
| Ubuntu 24.04                  | PASS               | PASS              | PASS             | SKIPPED           | SKIPPED                 | SKIPPED              |
+-------------------------------+--------------------+-------------------+------------------+-------------------+-------------------------+----------------------+
| Alpine                        | PASS               | SKIPPED           | SKIPPED          | SKIPPED           | SKIPPED                 | SKIPPED              |
+-------------------------------+--------------------+-------------------+------------------+-------------------+-------------------------+----------------------+
| Windows Server 2022           | SKIPPED            | SKIPPED           | SKIPPED          | FAIL              | PASS                    | PASS                 |
+-------------------------------+--------------------+-------------------+------------------+-------------------+-------------------------+----------------------+

==== 20 line log output for Windows Server 2022 (dpdk_msvc_compile): ====
 [ 3 9 1 / 4 5 1 ]   C o m p i l i n g   C   o b j e c t   a p p / d p d k - t e s t . e x e . p / t e s t _ t e s t _ m e t r i c s . c . o b j 
 
 [ 3 9 2 / 4 5 1 ]   C o m p i l i n g   C   o b j e c t   a p p / d p d k - t e s t . e x e . p / t e s t _ t e s t _ m e m z o n e . c . o b j 
 
 [ 3 9 3 / 4 5 1 ]   C o m p i l i n g   C   o b j e c t   a p p / d p d k - t e s t . e x e . p / t e s t _ t e s t _ m e t e r . c . o b j 
 
 [ 3 9 4 / 4 5 1 ]   C o m p i l i n g   C   o b j e c t   a p p / d p d k - t e s t . e x e . p / t e s t _ t e s t _ p t r _ c o m p r e s s . c . o b j 
 
 [ 3 9 5 / 4 5 1 ]   C o m p i l i n g   C   o b j e c t   a p p / d p d k - t e s t . e x e . p / t e s t _ t e s t _ p e r _ l c o r e . c . o b j 
 
 F A I L E D :   a p p / d p d k - t e s t . e x e . p / t e s t _ t e s t _ p e r _ l c o r e . c . o b j   
 
 " c l "   " - I a p p \ d p d k - t e s t . e x e . p "   " - I a p p "   " - I . . \ a p p "   " - I l i b \ c m d l i n e "   " - I . . \ l i b \ c m d l i n e "   " - I l i b \ e a l \ c o m m o n "   " - I . . \ l i b \ e a l \ c o m m o n "   " - I . "   " - I . . "   " - I c o n f i g "   " - I . . \ c o n f i g "   " - I l i b \ e a l \ i n c l u d e "   " - I . . \ l i b \ e a l \ i n c l u d e "   " - I l i b \ e a l \ w i n d o w s \ i n c l u d e "   " - I . . \ l i b \ e a l \ w i n d o w s \ i n c l u d e "   " - I l i b \ e a l \ x 8 6 \ i n c l u d e "   " - I . . \ l i b \ e a l \ x 8 6 \ i n c l u d e "   " - I l i b \ e a l "   " - I . . \ l i b \ e a l "   " - I l i b \ l o g "   " - I . . \ l i b \ l o g "   " - I l i b \ k v a r g s "   " - I . . \ l i b \ k v a r g s "   " - I l i b \ n e t "   " - I . . \ l i b \ n e t "   " - I l i b \ m b u f "   " - I . . \ l i b \ m b u f "   " - I l i b \ m e m p o o l "   " - I . . \ l i b \ m e m p o o l "   " - I l i b
  \ r i n g "   " - I . . \ l i b \ r i n g "   " - I l i b \ m e t r i c s "   " - I . . \ l i b \ m e t r i c s "   " - I l i b \ t e l e m e t r y "   " - I . . \ l i b \ t e l e m e t r y "   " - I l i b \ a r g p a r s e "   " - I . . \ l i b \ a r g p a r s e "   " - I l i b \ h a s h "   " - I . . \ l i b \ h a s h "   " - I l i b \ r c u "   " - I . . \ l i b \ r c u "   " - I l i b \ e t h d e v "   " - I . . \ l i b \ e t h d e v "   " - I l i b \ m e t e r "   " - I . . \ l i b \ m e t e r "   " - I l i b \ b i t r a t e s t a t s "   " - I . . \ l i b \ b i t r a t e s t a t s "   " - I l i b \ c f g f i l e "   " - I . . \ l i b \ c f g f i l e "   " - I l i b \ c r y p t o d e v "   " - I . . \ l i b \ c r y p t o d e v "   " - I l i b \ s e c u r i t y "   " - I . . \ l i b \ s e c u r i t y "   " - I l i b \ d m a d e v "   " - I . . \ l i b \ d m a d e v "   " - I l i b \ f i b "   " - I . . \ l i b \ f i b "   " - I l i b \ r i b "   " - I . . \ l i b \ r i b "   " 
 - I l i b \ l p m "   " - I . . \ l i b \ l p m "   " - I l i b \ i p _ f r a g "   " - I . . \ l i b \ i p _ f r a g "   " - I l i b \ l a t e n c y s t a t s "   " - I . . \ l i b \ l a t e n c y s t a t s "   " - I l i b \ p c a p n g "   " - I . . \ l i b \ p c a p n g "   " - I l i b \ p t r _ c o m p r e s s "   " - I . . \ l i b \ p t r _ c o m p r e s s "   " - I l i b \ r e o r d e r "   " - I . . \ l i b \ r e o r d e r "   " - I l i b \ s t a c k "   " - I . . \ l i b \ s t a c k "   " - I l i b \ t i m e r "   " - I . . \ l i b \ t i m e r "   " - I a p p \ t e s t \ t e s t _ c f g f i l e s "   " - I C : \ P r o g r a m   F i l e s \ M e l l a n o x \ M L N X _ W i n O F 2 _ D e v X _ S D K \ i n c "   " / M D "   " / n o l o g o "   " / s h o w I n c l u d e s "   " / W 3 "   " / W X "   " / s t d : c 1 1 "   " / O 2 "   " / G w "   " / w d 4 2 4 4 "   " / w d 4 2 6 7 "   " / w d 4 1 4 6 "   " / e x p e r i m e n t a l : c 1 1 a t o m i c s "   " / d 1 e x p e r i m e
  n t a l : t y p e o f "   " / e x p e r i m e n t a l : s t a t e m e n t E x p r e s s i o n s "   " / F I "   " r t e _ c o n f i g . h "   " - D _ G N U _ S O U R C E "   " - D _ W I N 3 2 _ W I N N T = 0 x 0 A 0 0 "   " - D A L L O W _ E X P E R I M E N T A L _ A P I "   " - D A L L O W _ I N T E R N A L _ A P I "   " / F d a p p \ d p d k - t e s t . e x e . p \ t e s t _ t e s t _ p e r _ l c o r e . c . p d b "   / F o a p p / d p d k - t e s t . e x e . p / t e s t _ t e s t _ p e r _ l c o r e . c . o b j   " / c "   . . / a p p / t e s t / t e s t _ p e r _ l c o r e . c 
 
 . . / a p p / t e s t / t e s t _ p e r _ l c o r e . c ( 1 0 1 ) :   e r r o r   C 2 2 2 0 :   t h e   f o l l o w i n g   w a r n i n g   i s   t r e a t e d   a s   a n   e r r o r 
 
 . . / a p p / t e s t / t e s t _ p e r _ l c o r e . c ( 1 0 1 ) :   w a r n i n g   C 4 0 9 0 :   ' f u n c t i o n ' :   d i f f e r e n t   ' _ A t o m i c '   q u a l i f i e r s 
 
 [ 3 9 6 / 4 5 1 ]   C o m p i l i n g   C   o b j e c t   a p p / d p d k - t e s t . e x e . p / t e s t _ t e s t _ i p f r a g . c . o b j 
 
 [ 3 9 7 / 4 5 1 ]   C o m p i l i n g   C   o b j e c t   a p p / d p d k - t e s t . e x e . p / t e s t _ t e s t _ p r e f e t c h . c . o b j 
 
 [ 3 9 8 / 4 5 1 ]   C o m p i l i n g   C   o b j e c t   a p p / d p d k - t e s t . e x e . p / t e s t _ t e s t _ m e m p o o l . c . o b j 
 
 [ 3 9 9 / 4 5 1 ]   C o m p i l i n g   C   o b j e c t   a p p / d p d k - t e s t . e x e . p / t e s t _ t e s t _ p f l o c k . c . o b j 
 
 [ 4 0 0 / 4 5 1 ]   C o m p i l i n g   C   o b j e c t   a p p / d p d k - t e s t . e x e . p / t e s t _ t e s t _ n e t _ i p 6 . c . o b j 
 
 [ 4 0 1 / 4 5 1 ]   C o m p i l i n g   C   o b j e c t   a p p / d p d k - t e s t . e x e . p / t e s t _ t e s t _ r e a s s e m b l y _ p e r f . c . o b j 
 
 [ 4 0 2 / 4 5 1 ]   C o m p i l i n g   C   o b j e c t   a p p / d p d k - t e s t . e x e . p / t e s t _ t e s t _ p m d _ p e r f . c . o b j 
 
 [ 4 0 3 / 4 5 1 ]   C o m p i l i n g   C   o b j e c t   a p p / d p d k - t e s t . e x e . p / t e s t _ t e s t _ m e m p o o l _ p e r f . c . o b j 
 
 [ 4 0 4 / 4 5 1 ]   C o m p i l i n g   C   o b j e c t   a p p / d p d k - t e s t . e x e . p / t e s t _ t e s t _ m e m c p y _ p e r f . c . o b j 
 
 n i n j a :   b u i l d   s t o p p e d :   s u b c o m m a n d   f a i l e d . 
 
 
==== End log output ====

Ubuntu 20.04
	Kernel: 4.19
	Compiler: gcc gcc (Ubuntu 9.4.0-1ubuntu1~20.04.2) 9.4.0

FreeBSD 14.2
	Kernel: 14.2-RELEASE
	Compiler: clang 18.1.6

Red Hat Enterprise Linux 9.5
	Kernel: 5.15
	Compiler: gcc gcc (GCC) 11.5.0 20240719 (Red Hat 11.5.0-2)

CentOS Stream 9
	Kernel: Depends on container host
	Compiler: gcc 11.5.0 20240719 (Red Hat 11.5.0-2)

CentOS Stream 10
	Kernel: Depends on container host
	Compiler: gcc 14.2.1 20241104 (Red Hat 14.2.1-6)

Debian GNU/Linux 12
	Kernel: 5.15
	Compiler: gcc gcc (Debian 12.2.0-14) 12.2.0

Fedora 40 (Clang)
	Kernel: Depends on container host
	Compiler: clang 18.1.8 (Fedora 18.1.8-1.fc40)

Fedora 40
	Kernel: Depends on container host
	Compiler: gcc 14.2.1 20240912 (Red Hat 14.2.1-3)

Fedora 41 (Clang)
	Kernel: Depends on container host
	Compiler: clang 19.1.5 (Fedora 19.1.5-1.fc41)

Fedora 41
	Kernel: Depends on container host
	Compiler: gcc 14.2.1 20240912 (Red Hat 14.2.1-3)

openSUSE Leap 15.6
	Kernel: 5.15
	Compiler: gcc gcc (SUSE Linux) 7.5.0

Red Hat Enterprise Linux 8.10
	Kernel: 5.15
	Compiler: gcc gcc (GCC) 8.5.0 20210514 (Red Hat 8.5.0-22)

Ubuntu 22.04
	Kernel: 5.15
	Compiler: gcc gcc (Ubuntu 11.4.0-1ubuntu1~22.04) 11.4.0

Ubuntu 24.04
	Kernel: 5.15
	Compiler: gcc gcc (Ubuntu 13.3.0-6ubuntu2~24.04) 13.3.0

Alpine
	Kernel: Depends on container host
	Compiler: gcc (Alpine 14.2.0) 14.2.0

Windows Server 2022
	Kernel: 10.0.20348.2031
	Compiler: clang 15.0.7, gcc 14.1.0 (MinGW), and MSVC VS 19.39.33521

To view detailed results, visit:
https://lab.dpdk.org/results/dashboard/patchsets/33362/

UNH-IOL DPDK Community Lab

To manage your email subscriptions, visit: 
https://lab.dpdk.org/results/dashboard/preferences/subscriptions/


More information about the test-report mailing list