|WARNING| pw154409-154408 [PATCH] [v3,3/3] drivers: enable drivers t

dpdklab at iol.unh.edu dpdklab at iol.unh.edu
Thu Jun 12 17:46:19 CEST 2025


Test-Label: iol-compile-amd64-testing
Test-Status: WARNING
http://dpdk.org/patch/154408

_Testing issues_

Submitter: Andre Muezerie <andremue at linux.microsoft.com>
Date: Thursday, June 12 2025 14:17:22 
DPDK git baseline: Repo:dpdk
  Branch: master
  CommitID:dbeb8ae8d09387bd525353f4a5aa6ec152cddffa

154409-154408 --> testing issues

Upstream job id: Windows-Compile-DPDK-Native#28997

Test environment and result as below:

+---------------------+-------------------+--------------------+-------------------------+
|     Environment     | dpdk_msvc_compile | dpdk_meson_compile | dpdk_llvm_clang_compile |
+=====================+===================+====================+=========================+
| Windows Server 2022 | FAIL              | SKIPPED            | PASS                    |
+---------------------+-------------------+--------------------+-------------------------+
| FreeBSD 14.2        | SKIPPED           | PASS               | SKIPPED                 |
+---------------------+-------------------+--------------------+-------------------------+

==== 20 line log output for Windows Server 2022 (dpdk_msvc_compile): ====
 C o m p i l e r   f o r   C   s u p p o r t s   a r g u m e n t s   - W n o - c a s t - q u a l :   N O   ( c a c h e d ) 
 
 C o m p i l e r   f o r   C   s u p p o r t s   a r g u m e n t s   - W n o - p o i n t e r - a r i t h :   N O   ( c a c h e d ) 
 
 M e s s a g e :   d r i v e r s / b u s / p c i :   D e f i n i n g   d e p e n d e n c y   " b u s _ p c i " 
 
 M e s s a g e :   d r i v e r s / b u s / v d e v :   D e f i n i n g   d e p e n d e n c y   " b u s _ v d e v " 
 
 C o m p i l e r   f o r   C   s u p p o r t s   a r g u m e n t s   - s t d = c 1 1 :   N O   
 
 C o m p i l e r   f o r   C   s u p p o r t s   a r g u m e n t s   - W n o - s t r i c t - p r o t o t y p e s :   N O   
 
 C o m p i l e r   f o r   C   s u p p o r t s   a r g u m e n t s   - D _ B S D _ S O U R C E :   Y E S   
 
 C o m p i l e r   f o r   C   s u p p o r t s   a r g u m e n t s   - D _ D E F A U L T _ S O U R C E :   Y E S   
 
 C o m p i l e r   f o r   C   s u p p o r t s   a r g u m e n t s   - D _ X O P E N _ S O U R C E = 6 0 0 :   Y E S   
 
 H a s   h e a d e r   " m l x 5 d e v x . h "   :   Y E S   
 
 
 
 d r i v e r s \ c o m m o n \ m l x 5 \ w i n d o w s \ m e s o n . b u i l d : 1 0 : 0 :   E R R O R :   C   s h a r e d   o r   s t a t i c   l i b r a r y   ' m l x 5 d e v x '   n o t   f o u n d 
 
 
 
 A   f u l l   l o g   c a n   b e   f o u n d   a t   C : \ U s e r s \ b u i l d e r \ j e n k i n s \ w o r k s p a c e \ W i n d o w s - C o m p i l e - D P D K - V S \ d p d k \ b u i l d \ m e s o n - l o g s \ m e s o n - l o g . t x t 
 
 
 
 E R R O R :   C u r r e n t   d i r e c t o r y   i s   n o t   a   m e s o n   b u i l d   d i r e c t o r y :   ` C : \ U s e r s \ b u i l d e r \ j e n k i n s \ w o r k s p a c e \ W i n d o w s - C o m p i l e - D P D K - V S \ d p d k \ b u i l d ` . 
 
 P l e a s e   s p e c i f y   a   v a l i d   b u i l d   d i r   o r   c h a n g e   t h e   w o r k i n g   d i r e c t o r y   t o   i t . 
 
 I t   i s   a l s o   p o s s i b l e   t h a t   t h e   b u i l d   d i r e c t o r y   w a s   g e n e r a t e d   w i t h   a n   o l d 
 
 m e s o n   v e r s i o n .   P l e a s e   r e g e n e r a t e   i t   i n   t h i s   c a s e . 
 
 
==== End log output ====

Windows Server 2022
	Kernel: 10.0.20348.2031
	Compiler: clang 15.0.7, gcc 14.1.0 (MinGW), and MSVC VS 19.39.33521

FreeBSD 14.2
	Kernel: 14.2-RELEASE
	Compiler: clang 18.1.6

To view detailed results, visit:
https://lab.dpdk.org/results/dashboard/patchsets/33402/

UNH-IOL DPDK Community Lab

To manage your email subscriptions, visit: 
https://lab.dpdk.org/results/dashboard/preferences/subscriptions/


More information about the test-report mailing list