|FAILURE| pw154454-154459 [PATCH] [6/6] trace: add PMU

dpdklab at iol.unh.edu dpdklab at iol.unh.edu
Mon Jun 16 12:17:54 CEST 2025


Test-Label: iol-compile-amd64-testing
Test-Status: FAILURE
http://dpdk.org/patch/154459

_Testing issues_

Submitter: Tomasz Duszynski <tduszynski at marvell.com>
Date: Monday, June 16 2025 06:53:41 
DPDK git baseline: Repo:dpdk
  Branch: master
  CommitID:dbeb8ae8d09387bd525353f4a5aa6ec152cddffa

154454-154459 --> testing issues

Upstream job id: Generic-VM-DPDK-Compile-Meson#36426

Test environment and result as below:

+-------------------------------+--------------------+-------------------+------------------+-------------------------+-------------------+
|          Environment          | dpdk_meson_compile | dpdk_compile_spdk | dpdk_compile_ovs | dpdk_llvm_clang_compile | dpdk_msvc_compile |
+===============================+====================+===================+==================+=========================+===================+
| CentOS Stream 9               | PEND               | PEND              | SKIPPED          | SKIPPED                 | SKIPPED           |
+-------------------------------+--------------------+-------------------+------------------+-------------------------+-------------------+
| CentOS Stream 10              | PEND               | SKIPPED           | SKIPPED          | SKIPPED                 | SKIPPED           |
+-------------------------------+--------------------+-------------------+------------------+-------------------------+-------------------+
| Fedora 40 (Clang)             | PEND               | PEND              | SKIPPED          | SKIPPED                 | SKIPPED           |
+-------------------------------+--------------------+-------------------+------------------+-------------------------+-------------------+
| Debian GNU/Linux 12           | PEND               | PEND              | SKIPPED          | SKIPPED                 | SKIPPED           |
+-------------------------------+--------------------+-------------------+------------------+-------------------------+-------------------+
| Fedora 41 (Clang)             | PEND               | PEND              | PEND             | SKIPPED                 | SKIPPED           |
+-------------------------------+--------------------+-------------------+------------------+-------------------------+-------------------+
| Fedora 40                     | PEND               | PEND              | SKIPPED          | SKIPPED                 | SKIPPED           |
+-------------------------------+--------------------+-------------------+------------------+-------------------------+-------------------+
| Red Hat Enterprise Linux 8.10 | PEND               | SKIPPED           | SKIPPED          | SKIPPED                 | SKIPPED           |
+-------------------------------+--------------------+-------------------+------------------+-------------------------+-------------------+
| openSUSE Leap 15.6            | PEND               | SKIPPED           | SKIPPED          | SKIPPED                 | SKIPPED           |
+-------------------------------+--------------------+-------------------+------------------+-------------------------+-------------------+
| Fedora 41                     | PEND               | PEND              | PEND             | SKIPPED                 | SKIPPED           |
+-------------------------------+--------------------+-------------------+------------------+-------------------------+-------------------+
| Red Hat Enterprise Linux 9.5  | PEND               | SKIPPED           | SKIPPED          | SKIPPED                 | SKIPPED           |
+-------------------------------+--------------------+-------------------+------------------+-------------------------+-------------------+
| Ubuntu 24.04                  | PEND               | PEND              | PEND             | SKIPPED                 | SKIPPED           |
+-------------------------------+--------------------+-------------------+------------------+-------------------------+-------------------+
| Ubuntu 22.04                  | PEND               | PEND              | SKIPPED          | SKIPPED                 | SKIPPED           |
+-------------------------------+--------------------+-------------------+------------------+-------------------------+-------------------+
| Ubuntu 20.04                  | PEND               | SKIPPED           | SKIPPED          | SKIPPED                 | SKIPPED           |
+-------------------------------+--------------------+-------------------+------------------+-------------------------+-------------------+
| Alpine                        | PEND               | SKIPPED           | SKIPPED          | SKIPPED                 | SKIPPED           |
+-------------------------------+--------------------+-------------------+------------------+-------------------------+-------------------+
| FreeBSD 14.2                  | PASS               | SKIPPED           | SKIPPED          | SKIPPED                 | SKIPPED           |
+-------------------------------+--------------------+-------------------+------------------+-------------------------+-------------------+
| Windows Server 2022           | SKIPPED            | SKIPPED           | SKIPPED          | FAIL                    | FAIL              |
+-------------------------------+--------------------+-------------------+------------------+-------------------------+-------------------+

==== 20 line log output for Windows Server 2022 (dpdk_msvc_compile): ====
 [ 1 6 5 / 4 5 3 ]   C o m p i l i n g   C   o b j e c t   l i b / l i b r t e _ m e m p o o l . a . p / m e m p o o l _ m e m p o o l _ t r a c e _ p o i n t s . c . o b j 
 
 [ 1 6 6 / 4 5 3 ]   C o m p i l i n g   C   o b j e c t   l i b / l i b r t e _ m e m p o o l . a . p / m e m p o o l _ r t e _ m e m p o o l . c . o b j 
 
 [ 1 6 7 / 4 5 3 ]   L i n k i n g   t a r g e t   l i b / r t e _ e a l - 2 5 . d l l 
 
 F A I L E D :   l i b / r t e _ e a l - 2 5 . d l l   
 
 " l i n k "     / M A C H I N E : x 6 4   / O U T : l i b / r t e _ e a l - 2 5 . d l l   l i b / l i b r t e _ e a l . a . p / e a l _ c o m m o n _ e a l _ c o m m o n _ b u s . c . o b j   l i b / l i b r t e _ e a l . a . p / e a l _ c o m m o n _ e a l _ c o m m o n _ c l a s s . c . o b j   l i b / l i b r t e _ e a l . a . p / e a l _ c o m m o n _ e a l _ c o m m o n _ c o n f i g . c . o b j   l i b / l i b r t e _ e a l . a . p / e a l _ c o m m o n _ e a l _ c o m m o n _ d e b u g . c . o b j   l i b / l i b r t e _ e a l . a . p / e a l _ c o m m o n _ e a l _ c o m m o n _ d e v . c . o b j   l i b / l i b r t e _ e a l . a . p / e a l _ c o m m o n _ e a l _ c o m m o n _ d e v a r g s . c . o b j   l i b / l i b r t e _ e a l . a . p / e a l _ c o m m o n _ e a l _ c o m m o n _ e r r n o . c . o b j   l i b / l i b r t e _ e a l . a . p / e a l _ c o m m o n _ e a l _ c o m m o n _ f b a r r a y . c . o b j   l i b / l i b r t e _ e a l . a . p / e a l _ c o m m o n
  _ e a l _ c o m m o n _ h e x d u m p . c . o b j   l i b / l i b r t e _ e a l . a . p / e a l _ c o m m o n _ e a l _ c o m m o n _ i n t e r r u p t s . c . o b j   l i b / l i b r t e _ e a l . a . p / e a l _ c o m m o n _ e a l _ c o m m o n _ l a u n c h . c . o b j   l i b / l i b r t e _ e a l . a . p / e a l _ c o m m o n _ e a l _ c o m m o n _ l c o r e . c . o b j   l i b / l i b r t e _ e a l . a . p / e a l _ c o m m o n _ e a l _ c o m m o n _ l c o r e _ v a r . c . o b j   l i b / l i b r t e _ e a l . a . p / e a l _ c o m m o n _ e a l _ c o m m o n _ m c f g . c . o b j   l i b / l i b r t e _ e a l . a . p / e a l _ c o m m o n _ e a l _ c o m m o n _ m e m a l l o c . c . o b j   l i b / l i b r t e _ e a l . a . p / e a l _ c o m m o n _ e a l _ c o m m o n _ m e m o r y . c . o b j   l i b / l i b r t e _ e a l . a . p / e a l _ c o m m o n _ e a l _ c o m m o n _ m e m z o n e . c . o b j   l i b / l i b r t e _ e a l . a . p / e a l _ c o m m o n _ e a l 
 _ c o m m o n _ o p t i o n s . c . o b j   l i b / l i b r t e _ e a l . a . p / e a l _ c o m m o n _ e a l _ c o m m o n _ s t r i n g _ f n s . c . o b j   l i b / l i b r t e _ e a l . a . p / e a l _ c o m m o n _ e a l _ c o m m o n _ t a i l q s . c . o b j   l i b / l i b r t e _ e a l . a . p / e a l _ c o m m o n _ e a l _ c o m m o n _ t h r e a d . c . o b j   l i b / l i b r t e _ e a l . a . p / e a l _ c o m m o n _ e a l _ c o m m o n _ t i m e r . c . o b j   l i b / l i b r t e _ e a l . a . p / e a l _ c o m m o n _ e a l _ c o m m o n _ t r a c e _ p m u . c . o b j   l i b / l i b r t e _ e a l . a . p / e a l _ c o m m o n _ e a l _ c o m m o n _ t r a c e _ p o i n t s . c . o b j   l i b / l i b r t e _ e a l . a . p / e a l _ c o m m o n _ e a l _ c o m m o n _ u u i d . c . o b j   l i b / l i b r t e _ e a l . a . p / e a l _ c o m m o n _ m a l l o c _ e l e m . c . o b j   l i b / l i b r t e _ e a l . a . p / e a l _ c o m m o n _ m a l l o c _ h e a p
  . c . o b j   l i b / l i b r t e _ e a l . a . p / e a l _ c o m m o n _ r t e _ b i t s e t . c . o b j   l i b / l i b r t e _ e a l . a . p / e a l _ c o m m o n _ r t e _ m a l l o c . c . o b j   l i b / l i b r t e _ e a l . a . p / e a l _ c o m m o n _ r t e _ r a n d o m . c . o b j   l i b / l i b r t e _ e a l . a . p / e a l _ c o m m o n _ r t e _ r e c i p r o c a l . c . o b j   l i b / l i b r t e _ e a l . a . p / e a l _ c o m m o n _ r t e _ s e r v i c e . c . o b j   l i b / l i b r t e _ e a l . a . p / e a l _ c o m m o n _ r t e _ v e r s i o n . c . o b j   l i b / l i b r t e _ e a l . a . p / e a l _ c o m m o n _ e a l _ c o m m o n _ d y n m e m . c . o b j   l i b / l i b r t e _ e a l . a . p / e a l _ w i n d o w s _ e a l . c . o b j   l i b / l i b r t e _ e a l . a . p / e a l _ w i n d o w s _ e a l _ a l a r m . c . o b j   l i b / l i b r t e _ e a l . a . p / e a l _ w i n d o w s _ e a l _ d e b u g . c . o b j   l i b / l i b r t e _ e a l 
 . a . p / e a l _ w i n d o w s _ e a l _ d e v . c . o b j   l i b / l i b r t e _ e a l . a . p / e a l _ w i n d o w s _ e a l _ f i l e . c . o b j   l i b / l i b r t e _ e a l . a . p / e a l _ w i n d o w s _ e a l _ h u g e p a g e s . c . o b j   l i b / l i b r t e _ e a l . a . p / e a l _ w i n d o w s _ e a l _ i n t e r r u p t s . c . o b j   l i b / l i b r t e _ e a l . a . p / e a l _ w i n d o w s _ e a l _ l c o r e . c . o b j   l i b / l i b r t e _ e a l . a . p / e a l _ w i n d o w s _ e a l _ m e m a l l o c . c . o b j   l i b / l i b r t e _ e a l . a . p / e a l _ w i n d o w s _ e a l _ m e m o r y . c . o b j   l i b / l i b r t e _ e a l . a . p / e a l _ w i n d o w s _ e a l _ m p . c . o b j   l i b / l i b r t e _ e a l . a . p / e a l _ w i n d o w s _ e a l _ t h r e a d . c . o b j   l i b / l i b r t e _ e a l . a . p / e a l _ w i n d o w s _ e a l _ t i m e r . c . o b j   l i b / l i b r t e _ e a l . a . p / e a l _ w i n d o w s _ g e t l
  i n e . c . o b j   l i b / l i b r t e _ e a l . a . p / e a l _ w i n d o w s _ g e t o p t . c . o b j   l i b / l i b r t e _ e a l . a . p / e a l _ w i n d o w s _ r t e _ t h r e a d . c . o b j   l i b / l i b r t e _ e a l . a . p / e a l _ x 8 6 _ r t e _ c p u f l a g s . c . o b j   l i b / l i b r t e _ e a l . a . p / e a l _ x 8 6 _ r t e _ c y c l e s . c . o b j   l i b / l i b r t e _ e a l . a . p / e a l _ x 8 6 _ r t e _ h y p e r v i s o r . c . o b j   l i b / l i b r t e _ e a l . a . p / e a l _ x 8 6 _ r t e _ m m u . c . o b j   l i b / l i b r t e _ e a l . a . p / e a l _ x 8 6 _ r t e _ s p i n l o c k . c . o b j   l i b / l i b r t e _ e a l . a . p / e a l _ x 8 6 _ r t e _ p o w e r _ i n t r i n s i c s . c . o b j   " / L I B P A T H : C : \ P r o g r a m   F i l e s \ M e l l a n o x \ M L N X _ W i n O F 2 _ D e v X _ S D K \ l i b "   " / r e l e a s e "   " / n o l o g o "   " / O P T : R E F "   " / D L L "   " / I M P L I B : l i b \ r t e 
 _ e a l . l i b "   " l i b / r t e _ l o g . l i b "   " l i b / r t e _ k v a r g s . l i b "   " / d e f : C : \ U s e r s \ b u i l d e r \ j e n k i n s \ w o r k s p a c e \ W i n d o w s - C o m p i l e - D P D K - V S \ d p d k \ b u i l d \ l i b \ e a l _ e x p o r t s . m a p "   " d b g h e l p . l i b "   " s e t u p a p i . l i b "   " w s 2 _ 3 2 . l i b "   " m i n c o r e . l i b "   " k e r n e l 3 2 . l i b "   " u s e r 3 2 . l i b "   " g d i 3 2 . l i b "   " w i n s p o o l . l i b "   " s h e l l 3 2 . l i b "   " o l e 3 2 . l i b "   " o l e a u t 3 2 . l i b "   " u u i d . l i b "   " c o m d l g 3 2 . l i b "   " a d v a p i 3 2 . l i b " 
 
 e a l _ e x p o r t s . m a p   :   e r r o r   L N K 2 0 0 1 :   u n r e s o l v e d   e x t e r n a l   s y m b o l   _ _ r t e _ p m u _ t r a c e _ r e a d 
 
 l i b \ r t e _ e a l . l i b   :   f a t a l   e r r o r   L N K 1 1 2 0 :   1   u n r e s o l v e d   e x t e r n a l s 
 
 [ 1 6 8 / 4 5 3 ]   L i n k i n g   s t a t i c   t a r g e t   l i b / l i b r t e _ m e m p o o l . a 
 
 [ 1 6 9 / 4 5 3 ]   C o m p i l i n g   C   o b j e c t   l i b / l i b r t e _ m b u f . a . p / m b u f _ r t e _ m b u f _ p t y p e . c . o b j 
 
 [ 1 7 0 / 4 5 3 ]   C o m p i l i n g   C   o b j e c t   l i b / l i b r t e _ m b u f . a . p / m b u f _ r t e _ m b u f _ p o o l _ o p s . c . o b j 
 
 [ 1 7 1 / 4 5 3 ]   C o m p i l i n g   C   o b j e c t   l i b / l i b r t e _ r c u . a . p / r c u _ r t e _ r c u _ q s b r . c . o b j 
 
 [ 1 7 2 / 4 5 3 ]   C o m p i l i n g   C   o b j e c t   l i b / l i b r t e _ m b u f . a . p / m b u f _ r t e _ m b u f _ d y n . c . o b j 
 
 [ 1 7 3 / 4 5 3 ]   C o m p i l i n g   C   o b j e c t   l i b / l i b r t e _ n e t . a . p / n e t _ r t e _ e t h e r . c . o b j 
 
 [ 1 7 4 / 4 5 3 ]   C o m p i l i n g   C   o b j e c t   l i b / l i b r t e _ n e t . a . p / n e t _ r t e _ n e t . c . o b j 
 
 [ 1 7 5 / 4 5 3 ]   C o m p i l i n g   C   o b j e c t   l i b / l i b r t e _ m b u f . a . p / m b u f _ r t e _ m b u f . c . o b j 
 
 [ 1 7 6 / 4 5 3 ]   C o m p i l i n g   C   o b j e c t   l i b / l i b r t e _ n e t . a . p / n e t _ r t e _ a r p . c . o b j 
 
 n i n j a :   b u i l d   s t o p p e d :   s u b c o m m a n d   f a i l e d . 
 
 I N F O :   a u t o d e t e c t i n g   b a c k e n d   a s   n i n j a 
 
 I N F O :   c a l c u l a t i n g   b a c k e n d   c o m m a n d   t o   r u n :   " C : \ P r o g r a m   F i l e s \ M e s o n \ n i n j a . E X E "   - C   C : / U s e r s / b u i l d e r / j e n k i n s / w o r k s p a c e / W i n d o w s - C o m p i l e - D P D K - V S / d p d k / b u i l d 
 
 
==== End log output ====

CentOS Stream 9
	Kernel: Depends on container host
	Compiler: gcc 11.5.0 20240719 (Red Hat 11.5.0-2)

CentOS Stream 10
	Kernel: Depends on container host
	Compiler: gcc 14.2.1 20241104 (Red Hat 14.2.1-6)

Fedora 40 (Clang)
	Kernel: Depends on container host
	Compiler: clang 18.1.8 (Fedora 18.1.8-1.fc40)

Debian GNU/Linux 12
	Kernel: 5.15
	Compiler: gcc gcc (Debian 12.2.0-14) 12.2.0

Fedora 41 (Clang)
	Kernel: Depends on container host
	Compiler: clang 19.1.5 (Fedora 19.1.5-1.fc41)

Fedora 40
	Kernel: Depends on container host
	Compiler: gcc 14.2.1 20240912 (Red Hat 14.2.1-3)

Red Hat Enterprise Linux 8.10
	Kernel: 5.15
	Compiler: gcc gcc (GCC) 8.5.0 20210514 (Red Hat 8.5.0-22)

openSUSE Leap 15.6
	Kernel: 5.15
	Compiler: gcc gcc (SUSE Linux) 7.5.0

Fedora 41
	Kernel: Depends on container host
	Compiler: gcc 14.2.1 20240912 (Red Hat 14.2.1-3)

Red Hat Enterprise Linux 9.5
	Kernel: 5.15
	Compiler: gcc gcc (GCC) 11.5.0 20240719 (Red Hat 11.5.0-2)

Ubuntu 24.04
	Kernel: 5.15
	Compiler: gcc gcc (Ubuntu 13.3.0-6ubuntu2~24.04) 13.3.0

Ubuntu 22.04
	Kernel: 5.15
	Compiler: gcc gcc (Ubuntu 11.4.0-1ubuntu1~22.04) 11.4.0

Ubuntu 20.04
	Kernel: 5.15
	Compiler: gcc gcc (Ubuntu 9.4.0-1ubuntu1~20.04.2) 9.4.0

Alpine
	Kernel: Depends on container host
	Compiler: gcc (Alpine 14.2.0) 14.2.0

FreeBSD 14.2
	Kernel: 14.2-RELEASE
	Compiler: clang 18.1.6

Windows Server 2022
	Kernel: 10.0.20348.2031
	Compiler: clang 15.0.7, gcc 14.1.0 (MinGW), and MSVC VS 19.39.33521

To view detailed results, visit:
https://lab.dpdk.org/results/dashboard/patchsets/33418/

UNH-IOL DPDK Community Lab

To manage your email subscriptions, visit: 
https://lab.dpdk.org/results/dashboard/preferences/subscriptions/


More information about the test-report mailing list