|FAILURE| pw154523-154526 [PATCH] [v6,4/4] doc: announce TxPP suppor
dpdklab at iol.unh.edu
dpdklab at iol.unh.edu
Tue Jun 17 16:17:31 CEST 2025
Test-Label: iol-compile-amd64-testing
Test-Status: FAILURE
http://dpdk.org/patch/154526
_Testing issues_
Submitter: Soumyadeep Hore <soumyadeep.hore at intel.com>
Date: Tuesday, June 17 2025 05:13:37
DPDK git baseline: Repo:dpdk
Branch: master
CommitID:dbeb8ae8d09387bd525353f4a5aa6ec152cddffa
154523-154526 --> testing issues
Upstream job id: Windows-Compile-DPDK-VS#6041
Test environment and result as below:
+---------------------+-------------------------+-------------------+--------------------+----------------------+
| Environment | dpdk_llvm_clang_compile | dpdk_msvc_compile | dpdk_meson_compile | dpdk_mingw64_compile |
+=====================+=========================+===================+====================+======================+
| Windows Server 2022 | FAIL | PASS | SKIPPED | FAIL |
+---------------------+-------------------------+-------------------+--------------------+----------------------+
| FreeBSD 14.2 | SKIPPED | SKIPPED | PASS | SKIPPED |
+---------------------+-------------------------+-------------------+--------------------+----------------------+
==== 20 line log output for Windows Server 2022 (dpdk_mingw64_compile): ====
| ^~~~~~~~~~~~~~~~~~~
..\lib\eal\windows\include/rte_os_shim.h:113:55: note: in definition of macro 'clock_gettime'
113 | #define clock_gettime(clock_id, tp) rte_clock_gettime(clock_id, tp)
| ^~~~~~~~
../drivers/net/intel/ice/ice_ethdev.c:6949:23: note: each undeclared identifier is reported only once for each function it appears in
6949 | clock_gettime(CLOCK_MONOTONIC_RAW, &system_time);
| ^~~~~~~~~~~~~~~~~~~
..\lib\eal\windows\include/rte_os_shim.h:113:55: note: in definition of macro 'clock_gettime'
113 | #define clock_gettime(clock_id, tp) rte_clock_gettime(clock_id, tp)
| ^~~~~~~~
[237/795] Generating symbol file lib/librte_net-25.dll.p/librte_net-25.dll.symbols
[238/795] Compiling C object drivers/libtmp_rte_net_ice.a.p/net_intel_ice_ice_dcf_parent.c.obj
[239/795] Compiling C object drivers/libtmp_rte_net_ice.a.p/net_intel_ice_ice_dcf_ethdev.c.obj
[240/795] Compiling C object drivers/libtmp_rte_net_ixgbe.a.p/net_intel_ixgbe_ixgbe_flow.c.obj
[241/795] Compiling C object drivers/libtmp_rte_net_ice.a.p/net_intel_ice_ice_dcf_sched.c.obj
[242/795] Compiling C object drivers/libtmp_rte_net_ixgbe.a.p/net_intel_ixgbe_ixgbe_ethdev.c.obj
[243/795] Compiling C object drivers/libtmp_rte_net_ice.a.p/net_intel_ice_ice_rxtx.c.obj
[244/795] Compiling C object drivers/libtmp_rte_net_ixgbe.a.p/net_intel_ixgbe_ixgbe_vf_representor.c.obj
[245/795] Compiling C object drivers/libtmp_rte_net_ixgbe.a.p/net_intel_ixgbe_ixgbe_rxtx.c.obj
ninja: build stopped: subcommand failed.
==== End log output ====
Windows Server 2022
Kernel: 10.0.20348.2031
Compiler: clang 15.0.7, gcc 14.1.0 (MinGW), and MSVC VS 19.39.33521
FreeBSD 14.2
Kernel: 14.2-RELEASE
Compiler: clang 18.1.6
To view detailed results, visit:
https://lab.dpdk.org/results/dashboard/patchsets/33436/
UNH-IOL DPDK Community Lab
To manage your email subscriptions, visit:
https://lab.dpdk.org/results/dashboard/preferences/subscriptions/
More information about the test-report
mailing list