|FAILURE| pw154537-154539 [PATCH] [3/3] app/testpmd: cross NUMA supp

dpdklab at iol.unh.edu dpdklab at iol.unh.edu
Wed Jun 18 00:27:54 CEST 2025


Test-Label: iol-abi-testing
Test-Status: FAILURE
http://dpdk.org/patch/154539

_Testing issues_

Submitter: Maayan Kashani <mkashani at nvidia.com>
Date: Tuesday, June 17 2025 15:42:54 
DPDK git baseline: Repo:dpdk
  Branch: master
  CommitID:62a35bbb247e608e235a04ff2941488bc1a78941

154537-154539 --> testing issues

Upstream job id: Generic-DPDK-Compile-ABI#130615

Test environment and result as below:

+-------------------------------+----------+
|          Environment          | abi_test |
+===============================+==========+
| CentOS Stream 9               | FAIL     |
+-------------------------------+----------+
| CentOS Stream 10              | FAIL     |
+-------------------------------+----------+
| Fedora 40                     | FAIL     |
+-------------------------------+----------+
| Fedora 40 (Clang)             | FAIL     |
+-------------------------------+----------+
| Debian GNU/Linux 12           | FAIL     |
+-------------------------------+----------+
| Ubuntu 24.04                  | FAIL     |
+-------------------------------+----------+
| Fedora 41 (Clang)             | FAIL     |
+-------------------------------+----------+
| Fedora 41                     | FAIL     |
+-------------------------------+----------+
| Red Hat Enterprise Linux 9.5  | FAIL     |
+-------------------------------+----------+
| Red Hat Enterprise Linux 8.10 | FAIL     |
+-------------------------------+----------+
| openSUSE Leap 15.6            | FAIL     |
+-------------------------------+----------+
| Ubuntu 22.04                  | FAIL     |
+-------------------------------+----------+

==== 20 line log output for Ubuntu 22.04 (abi_test): ====
Variables changes summary: 0 Removed, 0 Changed, 0 Added variable

Functions changes summary: 0 Removed, 0 Changed (1 filtered out), 0 Added function
Variables changes summary: 0 Removed, 0 Changed, 0 Added variable

Functions changes summary: 0 Removed, 0 Changed (5 filtered out), 0 Added functions
Variables changes summary: 0 Removed, 0 Changed, 0 Added variable

Functions changes summary: 0 Removed, 0 Changed (7 filtered out), 0 Added functions
Variables changes summary: 0 Removed, 0 Changed, 0 Added variable

Functions changes summary: 0 Removed, 0 Changed, 0 Added (4 filtered out) functions
Variables changes summary: 0 Removed, 0 Changed, 0 Added variable

Functions changes summary: 0 Removed, 0 Changed (4 filtered out), 0 Added (12 filtered out) functions
Variables changes summary: 0 Removed, 0 Changed (1 filtered out), 0 Added variable

Functions changes summary: 0 Removed, 0 Changed (215 filtered out), 0 Added (2 filtered out) functions
Variables changes summary: 0 Removed, 0 Changed, 0 Added variable

==== End log output ====

CentOS Stream 9
	Kernel: Depends on container host
	Compiler: gcc 11.5.0 20240719 (Red Hat 11.5.0-2)

CentOS Stream 10
	Kernel: Depends on container host
	Compiler: gcc 14.2.1 20241104 (Red Hat 14.2.1-6)

Fedora 40
	Kernel: Depends on container host
	Compiler: gcc 14.2.1 20240912 (Red Hat 14.2.1-3)

Fedora 40 (Clang)
	Kernel: Depends on container host
	Compiler: clang 18.1.8 (Fedora 18.1.8-1.fc40)

Debian GNU/Linux 12
	Kernel: 5.15
	Compiler: gcc gcc (Debian 12.2.0-14) 12.2.0

Ubuntu 24.04
	Kernel: 5.15
	Compiler: gcc gcc (Ubuntu 13.3.0-6ubuntu2~24.04) 13.3.0

Fedora 41 (Clang)
	Kernel: Depends on container host
	Compiler: clang 19.1.5 (Fedora 19.1.5-1.fc41)

Fedora 41
	Kernel: Depends on container host
	Compiler: gcc 14.2.1 20240912 (Red Hat 14.2.1-3)

Red Hat Enterprise Linux 9.5
	Kernel: 5.15
	Compiler: gcc gcc (GCC) 11.5.0 20240719 (Red Hat 11.5.0-2)

Red Hat Enterprise Linux 8.10
	Kernel: 5.15
	Compiler: gcc gcc (GCC) 8.5.0 20210514 (Red Hat 8.5.0-22)

openSUSE Leap 15.6
	Kernel: 5.15
	Compiler: gcc gcc (SUSE Linux) 7.5.0

Ubuntu 22.04
	Kernel: 5.15
	Compiler: gcc gcc (Ubuntu 11.4.0-1ubuntu1~22.04) 11.4.0

To view detailed results, visit:
https://lab.dpdk.org/results/dashboard/patchsets/33441/

UNH-IOL DPDK Community Lab

To manage your email subscriptions, visit: 
https://lab.dpdk.org/results/dashboard/preferences/subscriptions/


More information about the test-report mailing list