|FAILURE| pw154554-154559 [PATCH] [v2,6/6] trace: add PMU

dpdklab at iol.unh.edu dpdklab at iol.unh.edu
Wed Jun 18 21:32:12 CEST 2025


Test-Label: iol-compile-amd64-testing
Test-Status: FAILURE
http://dpdk.org/patch/154559

_Testing issues_

Submitter: Tomasz Duszynski <tduszynski at marvell.com>
Date: Wednesday, June 18 2025 06:56:18 
DPDK git baseline: Repo:dpdk
  Branch: master
  CommitID:6890ee7ba76e92745d6c61b3b6b9d757ebaaa89d

154554-154559 --> testing issues

Upstream job id: Windows-Compile-DPDK-Native#29153

Test environment and result as below:

+---------------------+--------------------+-------------------+-------------------------+
|     Environment     | dpdk_meson_compile | dpdk_msvc_compile | dpdk_llvm_clang_compile |
+=====================+====================+===================+=========================+
| Ubuntu 20.04        | PASS               | SKIPPED           | SKIPPED                 |
+---------------------+--------------------+-------------------+-------------------------+
| FreeBSD 14.2        | PASS               | SKIPPED           | SKIPPED                 |
+---------------------+--------------------+-------------------+-------------------------+
| Windows Server 2022 | SKIPPED            | FAIL              | FAIL                    |
+---------------------+--------------------+-------------------+-------------------------+

==== 20 line log output for Windows Server 2022 (dpdk_llvm_clang_compile): ====
[287/796] Compiling C object lib/librte_net_avx512_lib.a.p/net_net_crc_avx512.c.obj
[288/796] Linking static target lib/librte_net_avx512_lib.a
[289/796] Generating lib/rte_mempool_map with a custom command
[290/796] Compiling C object lib/librte_mempool.a.p/mempool_mempool_trace_points.c.obj
[291/796] Linking target lib/rte_eal-25.dll
FAILED: lib/rte_eal-25.dll
"clang"  -Wl,/MACHINE:X64 -Wl,/OUT:lib/rte_eal-25.dll lib/librte_eal.a.p/eal_common_eal_common_bus.c.obj lib/librte_eal.a.p/eal_common_eal_common_class.c.obj lib/librte_eal.a.p/eal_common_eal_common_config.c.obj lib/librte_eal.a.p/eal_common_eal_common_debug.c.obj lib/librte_eal.a.p/eal_common_eal_common_dev.c.obj lib/librte_eal.a.p/eal_common_eal_common_devargs.c.obj lib/librte_eal.a.p/eal_common_eal_common_errno.c.obj lib/librte_eal.a.p/eal_common_eal_common_fbarray.c.obj lib/librte_eal.a.p/eal_common_eal_common_hexdump.c.obj lib/librte_eal.a.p/eal_common_eal_common_interrupts.c.obj lib/librte_eal.a.p/eal_common_eal_common_launch.c.obj lib/librte_eal.a.p/eal_common_eal_common_lcore.c.obj lib/librte_eal.a.p/eal_common_eal_common_lcore_var.c.obj lib/librte_eal.a.p/eal_common_eal_common_mcfg.c.obj lib/librte_eal.a.p/eal_common_eal_common_memalloc.c.obj lib/librte_eal.a.p/eal_common_eal_common_memory.c.obj lib/librte_eal.a.p/eal_common_eal_common_memzone.c.obj lib/librte_eal.a.p/eal_co
 mmon_eal_common_options.c.obj lib/librte_eal.a.p/eal_common_eal_common_string_fns.c.obj lib/librte_eal.a.p/eal_common_eal_common_tailqs.c.obj lib/librte_eal.a.p/eal_common_eal_common_thread.c.obj lib/librte_eal.a.p/eal_common_eal_common_timer.c.obj lib/librte_eal.a.p/eal_common_eal_common_trace_pmu.c.obj lib/librte_eal.a.p/eal_common_eal_common_trace_points.c.obj lib/librte_eal.a.p/eal_common_eal_common_uuid.c.obj lib/librte_eal.a.p/eal_common_malloc_elem.c.obj lib/librte_eal.a.p/eal_common_malloc_heap.c.obj lib/librte_eal.a.p/eal_common_rte_bitset.c.obj lib/librte_eal.a.p/eal_common_rte_malloc.c.obj lib/librte_eal.a.p/eal_common_rte_random.c.obj lib/librte_eal.a.p/eal_common_rte_reciprocal.c.obj lib/librte_eal.a.p/eal_common_rte_service.c.obj lib/librte_eal.a.p/eal_common_rte_version.c.obj lib/librte_eal.a.p/eal_common_eal_common_dynmem.c.obj lib/librte_eal.a.p/eal_windows_eal.c.obj lib/librte_eal.a.p/eal_windows_eal_alarm.c.obj lib/librte_eal.a.p/eal_windows_eal_debug.c.obj lib/li
 brte_eal.a.p/eal_windows_eal_dev.c.obj lib/librte_eal.a.p/eal_windows_eal_file.c.obj lib/librte_eal.a.p/eal_windows_eal_hugepages.c.obj lib/librte_eal.a.p/eal_windows_eal_interrupts.c.obj lib/librte_eal.a.p/eal_windows_eal_lcore.c.obj lib/librte_eal.a.p/eal_windows_eal_memalloc.c.obj lib/librte_eal.a.p/eal_windows_eal_memory.c.obj lib/librte_eal.a.p/eal_windows_eal_mp.c.obj lib/librte_eal.a.p/eal_windows_eal_thread.c.obj lib/librte_eal.a.p/eal_windows_eal_timer.c.obj lib/librte_eal.a.p/eal_windows_getline.c.obj lib/librte_eal.a.p/eal_windows_getopt.c.obj lib/librte_eal.a.p/eal_windows_rte_thread.c.obj lib/librte_eal.a.p/eal_x86_rte_cpuflags.c.obj lib/librte_eal.a.p/eal_x86_rte_cycles.c.obj lib/librte_eal.a.p/eal_x86_rte_hypervisor.c.obj lib/librte_eal.a.p/eal_x86_rte_mmu.c.obj lib/librte_eal.a.p/eal_x86_rte_spinlock.c.obj lib/librte_eal.a.p/eal_x86_rte_power_intrinsics.c.obj "-LC:\Program Files\Mellanox\MLNX_WinOF2_DevX_SDK\lib" "-IC:\Program Files\Mellanox\MLNX_WinOF2_DevX_SDK\inc"
  "-Wl,/release" "-Wl,/nologo" "-Wl,/OPT:REF" "-Wl,/DLL" "-Wl,/IMPLIB:lib\rte_eal.lib" "lib/rte_log.lib" "lib/rte_kvargs.lib" "-Wl,/def:C:\Users\builder\jenkins\workspace\Windows-Compile-DPDK-Native\dpdk\build\lib\eal_exports.map" "-ldbghelp" "-lsetupapi" "-lws2_32" "-lmincore" "-lkernel32" "-luser32" "-lgdi32" "-lwinspool" "-lshell32" "-lole32" "-loleaut32" "-luuid" "-lcomdlg32" "-ladvapi32"
eal_exports.map : error LNK2001: unresolved external symbol __rte_pmu_trace_read
lib\rte_eal.lib : fatal error LNK1120: 1 unresolved externals
clang: error: linker command failed with exit code 1120 (use -v to see invocation)
[292/796] Compiling C object lib/librte_net.a.p/net_rte_arp.c.obj
[293/796] Compiling C object lib/librte_rcu.a.p/rcu_rte_rcu_qsbr.c.obj
[294/796] Linking static target lib/librte_eal.a
[295/796] Compiling C object lib/librte_mempool.a.p/mempool_rte_mempool_ops_default.c.obj
[296/796] Compiling C object lib/librte_net.a.p/net_rte_net.c.obj
[297/796] Compiling C object lib/librte_mbuf.a.p/mbuf_rte_mbuf_ptype.c.obj
[298/796] Compiling C object lib/librte_mempool.a.p/mempool_rte_mempool.c.obj
[299/796] Compiling C object lib/librte_mbuf.a.p/mbuf_rte_mbuf.c.obj
[300/796] Compiling C object lib/librte_ring.a.p/ring_soring.c.obj
ninja: build stopped: subcommand failed.
==== End log output ====

Ubuntu 20.04
	Kernel: 4.19
	Compiler: gcc gcc (Ubuntu 9.4.0-1ubuntu1~20.04.2) 9.4.0

FreeBSD 14.2
	Kernel: 14.2-RELEASE
	Compiler: clang 18.1.6

Windows Server 2022
	Kernel: 10.0.20348.2031
	Compiler: clang 15.0.7, gcc 14.1.0 (MinGW), and MSVC VS 19.39.33521

To view detailed results, visit:
https://lab.dpdk.org/results/dashboard/patchsets/33447/

UNH-IOL DPDK Community Lab

To manage your email subscriptions, visit: 
https://lab.dpdk.org/results/dashboard/preferences/subscriptions/


More information about the test-report mailing list