|FAILURE| pw154409-154408 [PATCH] [v3,3/3] drivers: enable drivers t
dpdklab at iol.unh.edu
dpdklab at iol.unh.edu
Wed Jun 18 23:08:06 CEST 2025
Test-Label: iol-compile-amd64-testing
Test-Status: FAILURE
http://dpdk.org/patch/154408
_Testing issues RETEST #1_
Submitter: Andre Muezerie <andremue at linux.microsoft.com>
Date: Thursday, June 12 2025 14:17:22
DPDK git baseline: Repo:dpdk
Branch: master
CommitID:dbeb8ae8d09387bd525353f4a5aa6ec152cddffa
154409-154408 --> testing issues
Upstream job id: Windows-Compile-DPDK-VS#6071
Test environment and result as below:
+-------------------------------+-------------------+--------------------+-------------------------+----------------------+-------------------+------------------+
| Environment | dpdk_msvc_compile | dpdk_meson_compile | dpdk_llvm_clang_compile | dpdk_mingw64_compile | dpdk_compile_spdk | dpdk_compile_ovs |
+===============================+===================+====================+=========================+======================+===================+==================+
| Windows Server 2022 | FAIL | SKIPPED | PASS | PASS | SKIPPED | SKIPPED |
+-------------------------------+-------------------+--------------------+-------------------------+----------------------+-------------------+------------------+
| FreeBSD 14.2 | SKIPPED | PASS | SKIPPED | SKIPPED | SKIPPED | SKIPPED |
+-------------------------------+-------------------+--------------------+-------------------------+----------------------+-------------------+------------------+
| CentOS Stream 9 | SKIPPED | PASS | SKIPPED | SKIPPED | PASS | SKIPPED |
+-------------------------------+-------------------+--------------------+-------------------------+----------------------+-------------------+------------------+
| CentOS Stream 10 | SKIPPED | PASS | SKIPPED | SKIPPED | SKIPPED | SKIPPED |
+-------------------------------+-------------------+--------------------+-------------------------+----------------------+-------------------+------------------+
| Debian GNU/Linux 12 | SKIPPED | PASS | SKIPPED | SKIPPED | PASS | SKIPPED |
+-------------------------------+-------------------+--------------------+-------------------------+----------------------+-------------------+------------------+
| Fedora Linux 40 | SKIPPED | PASS | SKIPPED | SKIPPED | PASS | SKIPPED |
+-------------------------------+-------------------+--------------------+-------------------------+----------------------+-------------------+------------------+
| Fedora Linux 41 | SKIPPED | PASS | SKIPPED | SKIPPED | PASS | PASS |
+-------------------------------+-------------------+--------------------+-------------------------+----------------------+-------------------+------------------+
| openSUSE Leap 15.6 | SKIPPED | PASS | SKIPPED | SKIPPED | SKIPPED | SKIPPED |
+-------------------------------+-------------------+--------------------+-------------------------+----------------------+-------------------+------------------+
| Red Hat Enterprise Linux 8.10 | SKIPPED | PASS | SKIPPED | SKIPPED | SKIPPED | SKIPPED |
+-------------------------------+-------------------+--------------------+-------------------------+----------------------+-------------------+------------------+
| Red Hat Enterprise Linux 9.5 | SKIPPED | PASS | SKIPPED | SKIPPED | SKIPPED | SKIPPED |
+-------------------------------+-------------------+--------------------+-------------------------+----------------------+-------------------+------------------+
| Ubuntu 20.04 | SKIPPED | PASS | SKIPPED | SKIPPED | SKIPPED | SKIPPED |
+-------------------------------+-------------------+--------------------+-------------------------+----------------------+-------------------+------------------+
| Ubuntu 22.04 | SKIPPED | PASS | SKIPPED | SKIPPED | PASS | SKIPPED |
+-------------------------------+-------------------+--------------------+-------------------------+----------------------+-------------------+------------------+
| Ubuntu 24.04 | SKIPPED | PASS | SKIPPED | SKIPPED | PASS | PASS |
+-------------------------------+-------------------+--------------------+-------------------------+----------------------+-------------------+------------------+
| Alpine Linux 3.22.0 | SKIPPED | PASS | SKIPPED | SKIPPED | SKIPPED | SKIPPED |
+-------------------------------+-------------------+--------------------+-------------------------+----------------------+-------------------+------------------+
==== 20 line log output for Windows Server 2022 (dpdk_msvc_compile): ====
[ 4 8 5 / 8 4 6 ] C o m p i l i n g C o b j e c t d r i v e r s / l i b t m p _ r t e _ n e t _ m l x 5 . a . p / n e t _ m l x 5 _ m l x 5 _ t x _ m p w . c . o b j
F A I L E D : d r i v e r s / l i b t m p _ r t e _ n e t _ m l x 5 . a . p / n e t _ m l x 5 _ m l x 5 _ t x _ m p w . c . o b j
" c l " " - I d r i v e r s \ l i b t m p _ r t e _ n e t _ m l x 5 . a . p " " - I d r i v e r s " " - I . . \ d r i v e r s " " - I d r i v e r s \ n e t \ m l x 5 " " - I . . \ d r i v e r s \ n e t \ m l x 5 " " - I d r i v e r s \ n e t / m l x 5 \ w i n d o w s " " - I . . \ d r i v e r s \ n e t \ m l x 5 \ w i n d o w s " " - I l i b \ e t h d e v " " - I . . \ l i b \ e t h d e v " " - I l i b \ e a l \ c o m m o n " " - I . . \ l i b \ e a l \ c o m m o n " " - I . " " - I . . " " - I c o n f i g " " - I . . \ c o n f i g " " - I l i b \ e a l \ i n c l u d e " " - I . . \ l i b \ e a l \ i n c l u d e " " - I l i b \ e a l \ w i n d o w s \ i n c l u d e " " - I . . \ l i b \ e a l \ w i n d o w s \ i n c l u d e " " - I l i b \ e a l \ x 8 6 \ i n c l u d e " " - I . . \ l i b \ e a l \ x 8 6 \ i n c l u d e " " - I l i b \ e a l " " - I . . \ l i b \ e a l " " - I l i b \ l o g " " - I . . \ l i b \ l o g " " - I l i b
\ k v a r g s " " - I . . \ l i b \ k v a r g s " " - I l i b \ n e t " " - I . . \ l i b \ n e t " " - I l i b \ m b u f " " - I . . \ l i b \ m b u f " " - I l i b \ m e m p o o l " " - I . . \ l i b \ m e m p o o l " " - I l i b \ r i n g " " - I . . \ l i b \ r i n g " " - I l i b \ m e t r i c s " " - I . . \ l i b \ m e t r i c s " " - I l i b \ t e l e m e t r y " " - I . . \ l i b \ t e l e m e t r y " " - I l i b \ m e t e r " " - I . . \ l i b \ m e t e r " " - I d r i v e r s \ b u s \ p c i " " - I . . \ d r i v e r s \ b u s \ p c i " " - I . . \ d r i v e r s \ b u s \ p c i \ w i n d o w s " " - I l i b \ p c i " " - I . . \ l i b \ p c i " " - I d r i v e r s \ b u s \ v d e v " " - I . . \ d r i v e r s \ b u s \ v d e v " " - I l i b \ h a s h " " - I . . \ l i b \ h a s h " " - I l i b \ r c u " " - I . . \ l i b \ r c u " " - I d r i v e r s \ c o m m o n \ m l x 5 " " - I . . \ d r i v e r s \ c o m m o n
\ m l x 5 " " - I d r i v e r s \ c o m m o n / m l x 5 \ w i n d o w s " " - I . . \ d r i v e r s \ c o m m o n \ m l x 5 \ w i n d o w s " " - I d r i v e r s \ b u s \ a u x i l i a r y " " - I . . \ d r i v e r s \ b u s \ a u x i l i a r y " " - I C : \ P r o g r a m F i l e s \ M e l l a n o x \ M L N X _ W i n O F 2 _ D e v X _ S D K \ i n c " " / M D " " / n o l o g o " " / s h o w I n c l u d e s " " / u t f - 8 " " / W 3 " " / W X " " / s t d : c 1 1 " " / O 2 " " / G w " " / w d 4 2 4 4 " " / w d 4 2 6 7 " " / w d 4 1 4 6 " " / e x p e r i m e n t a l : c 1 1 a t o m i c s " " / d 1 e x p e r i m e n t a l : t y p e o f " " / e x p e r i m e n t a l : s t a t e m e n t E x p r e s s i o n s " " / F I " " r t e _ c o n f i g . h " " - D _ G N U _ S O U R C E " " - D _ W I N 3 2 _ W I N N T = 0 x 0 A 0 0 " " - D A L L O W _ E X P E R I M E N T A L _ A P I " " - D A L L O W _ I N T E R N A L _ A P I " " - D _ B S D _ S
O U R C E " " - D _ D E F A U L T _ S O U R C E " " - D _ X O P E N _ S O U R C E = 6 0 0 " " - U P E D A N T I C " " - D R T E _ L O G _ D E F A U L T _ L O G T Y P E = p m d . n e t . m l x 5 " " / F d d r i v e r s \ l i b t m p _ r t e _ n e t _ m l x 5 . a . p \ n e t _ m l x 5 _ m l x 5 _ t x _ m p w . c . p d b " / F o d r i v e r s / l i b t m p _ r t e _ n e t _ m l x 5 . a . p / n e t _ m l x 5 _ m l x 5 _ t x _ m p w . c . o b j " / c " . . / d r i v e r s / n e t / m l x 5 / m l x 5 _ t x _ m p w . c
C : \ U s e r s \ b u i l d e r \ j e n k i n s \ w o r k s p a c e \ W i n d o w s - C o m p i l e - D P D K - V S \ d p d k \ d r i v e r s \ n e t \ m l x 5 \ m l x 5 _ t x . h ( 1 1 4 8 ) : e r r o r C 2 0 6 5 : ' r t e _ v 1 2 8 u 3 2 _ t ' : u n d e c l a r e d i d e n t i f i e r
[ 4 8 6 / 8 4 6 ] C o m p i l i n g C o b j e c t d r i v e r s / l i b t m p _ r t e _ n e t _ m l x 5 . a . p / n e t _ m l x 5 _ m l x 5 _ t x p p . c . o b j
F A I L E D : d r i v e r s / l i b t m p _ r t e _ n e t _ m l x 5 . a . p / n e t _ m l x 5 _ m l x 5 _ t x p p . c . o b j
" c l " " - I d r i v e r s \ l i b t m p _ r t e _ n e t _ m l x 5 . a . p " " - I d r i v e r s " " - I . . \ d r i v e r s " " - I d r i v e r s \ n e t \ m l x 5 " " - I . . \ d r i v e r s \ n e t \ m l x 5 " " - I d r i v e r s \ n e t / m l x 5 \ w i n d o w s " " - I . . \ d r i v e r s \ n e t \ m l x 5 \ w i n d o w s " " - I l i b \ e t h d e v " " - I . . \ l i b \ e t h d e v " " - I l i b \ e a l \ c o m m o n " " - I . . \ l i b \ e a l \ c o m m o n " " - I . " " - I . . " " - I c o n f i g " " - I . . \ c o n f i g " " - I l i b \ e a l \ i n c l u d e " " - I . . \ l i b \ e a l \ i n c l u d e " " - I l i b \ e a l \ w i n d o w s \ i n c l u d e " " - I . . \ l i b \ e a l \ w i n d o w s \ i n c l u d e " " - I l i b \ e a l \ x 8 6 \ i n c l u d e " " - I . . \ l i b \ e a l \ x 8 6 \ i n c l u d e " " - I l i b \ e a l " " - I . . \ l i b \ e a l " " - I l i b \ l o g " " - I . . \ l i b \ l o g " " - I l i b
\ k v a r g s " " - I . . \ l i b \ k v a r g s " " - I l i b \ n e t " " - I . . \ l i b \ n e t " " - I l i b \ m b u f " " - I . . \ l i b \ m b u f " " - I l i b \ m e m p o o l " " - I . . \ l i b \ m e m p o o l " " - I l i b \ r i n g " " - I . . \ l i b \ r i n g " " - I l i b \ m e t r i c s " " - I . . \ l i b \ m e t r i c s " " - I l i b \ t e l e m e t r y " " - I . . \ l i b \ t e l e m e t r y " " - I l i b \ m e t e r " " - I . . \ l i b \ m e t e r " " - I d r i v e r s \ b u s \ p c i " " - I . . \ d r i v e r s \ b u s \ p c i " " - I . . \ d r i v e r s \ b u s \ p c i \ w i n d o w s " " - I l i b \ p c i " " - I . . \ l i b \ p c i " " - I d r i v e r s \ b u s \ v d e v " " - I . . \ d r i v e r s \ b u s \ v d e v " " - I l i b \ h a s h " " - I . . \ l i b \ h a s h " " - I l i b \ r c u " " - I . . \ l i b \ r c u " " - I d r i v e r s \ c o m m o n \ m l x 5 " " - I . . \ d r i v e r s \ c o m m o n
\ m l x 5 " " - I d r i v e r s \ c o m m o n / m l x 5 \ w i n d o w s " " - I . . \ d r i v e r s \ c o m m o n \ m l x 5 \ w i n d o w s " " - I d r i v e r s \ b u s \ a u x i l i a r y " " - I . . \ d r i v e r s \ b u s \ a u x i l i a r y " " - I C : \ P r o g r a m F i l e s \ M e l l a n o x \ M L N X _ W i n O F 2 _ D e v X _ S D K \ i n c " " / M D " " / n o l o g o " " / s h o w I n c l u d e s " " / u t f - 8 " " / W 3 " " / W X " " / s t d : c 1 1 " " / O 2 " " / G w " " / w d 4 2 4 4 " " / w d 4 2 6 7 " " / w d 4 1 4 6 " " / e x p e r i m e n t a l : c 1 1 a t o m i c s " " / d 1 e x p e r i m e n t a l : t y p e o f " " / e x p e r i m e n t a l : s t a t e m e n t E x p r e s s i o n s " " / F I " " r t e _ c o n f i g . h " " - D _ G N U _ S O U R C E " " - D _ W I N 3 2 _ W I N N T = 0 x 0 A 0 0 " " - D A L L O W _ E X P E R I M E N T A L _ A P I " " - D A L L O W _ I N T E R N A L _ A P I " " - D _ B S D _ S
O U R C E " " - D _ D E F A U L T _ S O U R C E " " - D _ X O P E N _ S O U R C E = 6 0 0 " " - U P E D A N T I C " " - D R T E _ L O G _ D E F A U L T _ L O G T Y P E = p m d . n e t . m l x 5 " " / F d d r i v e r s \ l i b t m p _ r t e _ n e t _ m l x 5 . a . p \ n e t _ m l x 5 _ m l x 5 _ t x p p . c . p d b " / F o d r i v e r s / l i b t m p _ r t e _ n e t _ m l x 5 . a . p / n e t _ m l x 5 _ m l x 5 _ t x p p . c . o b j " / c " . . / d r i v e r s / n e t / m l x 5 / m l x 5 _ t x p p . c
C : \ U s e r s \ b u i l d e r \ j e n k i n s \ w o r k s p a c e \ W i n d o w s - C o m p i l e - D P D K - V S \ d p d k \ d r i v e r s \ n e t \ m l x 5 \ m l x 5 _ t x . h ( 1 1 4 8 ) : e r r o r C 2 0 6 5 : ' r t e _ v 1 2 8 u 3 2 _ t ' : u n d e c l a r e d i d e n t i f i e r
[ 4 8 7 / 8 4 6 ] C o m p i l i n g C o b j e c t d r i v e r s / l i b t m p _ r t e _ n e t _ m l x 5 . a . p / n e t _ m l x 5 _ m l x 5 _ v l a n . c . o b j
[ 4 8 8 / 8 4 6 ] G e n e r a t i n g s y m b o l f i l e d r i v e r s / r t e _ c o m m o n _ m l x 5 - 2 5 . d l l . p / r t e _ c o m m o n _ m l x 5 - 2 5 . d l l . s y m b o l s
[ 4 8 9 / 8 4 6 ] C o m p i l i n g C o b j e c t l i b / l i b r t e _ c r y p t o d e v . a . p / c r y p t o d e v _ r t e _ c r y p t o d e v . c . o b j
[ 4 9 0 / 8 4 6 ] C o m p i l i n g C o b j e c t d r i v e r s / l i b t m p _ r t e _ n e t _ m l x 5 . a . p / n e t _ m l x 5 _ m l x 5 _ f l o w _ h w _ s t u b s . c . o b j
F A I L E D : d r i v e r s / l i b t m p _ r t e _ n e t _ m l x 5 . a . p / n e t _ m l x 5 _ m l x 5 _ f l o w _ h w _ s t u b s . c . o b j
" c l " " - I d r i v e r s \ l i b t m p _ r t e _ n e t _ m l x 5 . a . p " " - I d r i v e r s " " - I . . \ d r i v e r s " " - I d r i v e r s \ n e t \ m l x 5 " " - I . . \ d r i v e r s \ n e t \ m l x 5 " " - I d r i v e r s \ n e t / m l x 5 \ w i n d o w s " " - I . . \ d r i v e r s \ n e t \ m l x 5 \ w i n d o w s " " - I l i b \ e t h d e v " " - I . . \ l i b \ e t h d e v " " - I l i b \ e a l \ c o m m o n " " - I . . \ l i b \ e a l \ c o m m o n " " - I . " " - I . . " " - I c o n f i g " " - I . . \ c o n f i g " " - I l i b \ e a l \ i n c l u d e " " - I . . \ l i b \ e a l \ i n c l u d e " " - I l i b \ e a l \ w i n d o w s \ i n c l u d e " " - I . . \ l i b \ e a l \ w i n d o w s \ i n c l u d e " " - I l i b \ e a l \ x 8 6 \ i n c l u d e " " - I . . \ l i b \ e a l \ x 8 6 \ i n c l u d e " " - I l i b \ e a l " " - I . . \ l i b \ e a l " " - I l i b \ l o g " " - I . . \ l i b \ l o g " " - I l i b
\ k v a r g s " " - I . . \ l i b \ k v a r g s " " - I l i b \ n e t " " - I . . \ l i b \ n e t " " - I l i b \ m b u f " " - I . . \ l i b \ m b u f " " - I l i b \ m e m p o o l " " - I . . \ l i b \ m e m p o o l " " - I l i b \ r i n g " " - I . . \ l i b \ r i n g " " - I l i b \ m e t r i c s " " - I . . \ l i b \ m e t r i c s " " - I l i b \ t e l e m e t r y " " - I . . \ l i b \ t e l e m e t r y " " - I l i b \ m e t e r " " - I . . \ l i b \ m e t e r " " - I d r i v e r s \ b u s \ p c i " " - I . . \ d r i v e r s \ b u s \ p c i " " - I . . \ d r i v e r s \ b u s \ p c i \ w i n d o w s " " - I l i b \ p c i " " - I . . \ l i b \ p c i " " - I d r i v e r s \ b u s \ v d e v " " - I . . \ d r i v e r s \ b u s \ v d e v " " - I l i b \ h a s h " " - I . . \ l i b \ h a s h " " - I l i b \ r c u " " - I . . \ l i b \ r c u " " - I d r i v e r s \ c o m m o n \ m l x 5 " " - I . . \ d r i v e r s \ c o m m o n
\ m l x 5 " " - I d r i v e r s \ c o m m o n / m l x 5 \ w i n d o w s " " - I . . \ d r i v e r s \ c o m m o n \ m l x 5 \ w i n d o w s " " - I d r i v e r s \ b u s \ a u x i l i a r y " " - I . . \ d r i v e r s \ b u s \ a u x i l i a r y " " - I C : \ P r o g r a m F i l e s \ M e l l a n o x \ M L N X _ W i n O F 2 _ D e v X _ S D K \ i n c " " / M D " " / n o l o g o " " / s h o w I n c l u d e s " " / u t f - 8 " " / W 3 " " / W X " " / s t d : c 1 1 " " / O 2 " " / G w " " / w d 4 2 4 4 " " / w d 4 2 6 7 " " / w d 4 1 4 6 " " / e x p e r i m e n t a l : c 1 1 a t o m i c s " " / d 1 e x p e r i m e n t a l : t y p e o f " " / e x p e r i m e n t a l : s t a t e m e n t E x p r e s s i o n s " " / F I " " r t e _ c o n f i g . h " " - D _ G N U _ S O U R C E " " - D _ W I N 3 2 _ W I N N T = 0 x 0 A 0 0 " " - D A L L O W _ E X P E R I M E N T A L _ A P I " " - D A L L O W _ I N T E R N A L _ A P I " " - D _ B S D _ S
O U R C E " " - D _ D E F A U L T _ S O U R C E " " - D _ X O P E N _ S O U R C E = 6 0 0 " " - U P E D A N T I C " " - D R T E _ L O G _ D E F A U L T _ L O G T Y P E = p m d . n e t . m l x 5 " " / F d d r i v e r s \ l i b t m p _ r t e _ n e t _ m l x 5 . a . p \ n e t _ m l x 5 _ m l x 5 _ f l o w _ h w _ s t u b s . c . p d b " / F o d r i v e r s / l i b t m p _ r t e _ n e t _ m l x 5 . a . p / n e t _ m l x 5 _ m l x 5 _ f l o w _ h w _ s t u b s . c . o b j " / c " . . / d r i v e r s / n e t / m l x 5 / m l x 5 _ f l o w _ h w _ s t u b s . c
C : \ U s e r s \ b u i l d e r \ j e n k i n s \ w o r k s p a c e \ W i n d o w s - C o m p i l e - D P D K - V S \ d p d k \ d r i v e r s \ n e t \ m l x 5 \ m l x 5 _ t x . h ( 1 1 4 8 ) : e r r o r C 2 0 6 5 : ' r t e _ v 1 2 8 u 3 2 _ t ' : u n d e c l a r e d i d e n t i f i e r
[ 4 9 1 / 8 4 6 ] C o m p i l i n g C o b j e c t d r i v e r s / l i b r t e _ n e t _ i a v f _ b a s e _ l i b . a . p / n e t _ i n t e l _ i c e _ b a s e _ i c e _ f d i r . c . o b j
n i n j a : b u i l d s t o p p e d : s u b c o m m a n d f a i l e d .
I N F O : a u t o d e t e c t i n g b a c k e n d a s n i n j a
I N F O : c a l c u l a t i n g b a c k e n d c o m m a n d t o r u n : " C : \ P r o g r a m F i l e s \ M e s o n \ n i n j a . E X E " - C C : / U s e r s / b u i l d e r / j e n k i n s / w o r k s p a c e / W i n d o w s - C o m p i l e - D P D K - V S / d p d k / b u i l d
==== End log output ====
Windows Server 2022
Kernel: 10.0.20348.2031
Compiler: clang 15.0.7, gcc 14.1.0 (MinGW), and MSVC VS 19.39.33521
FreeBSD 14.2
Kernel: 14.2-RELEASE
Compiler: clang 18.1.6
CentOS Stream 9
Kernel: 5.15
Compiler: gcc gcc (GCC) 11.5.0 20240719 (Red Hat 11.5.0-7)
CentOS Stream 10
Kernel: 5.15
Compiler: gcc gcc (GCC) 14.2.1 20250110 (Red Hat 14.2.1-8)
Debian GNU/Linux 12
Kernel: 5.15
Compiler: gcc gcc (Debian 12.2.0-14+deb12u1) 12.2.0
Fedora Linux 40
Kernel: 5.15
Compiler: clang gcc (GCC) 14.2.1 20240912 (Red Hat 14.2.1-3)
Fedora Linux 41
Kernel: 5.15
Compiler: clang gcc (GCC) 14.3.1 20250523 (Red Hat 14.3.1-1)
openSUSE Leap 15.6
Kernel: 5.15
Compiler: gcc gcc (SUSE Linux) 7.5.0
Red Hat Enterprise Linux 8.10
Kernel: 5.15
Compiler: gcc gcc (GCC) 8.5.0 20210514 (Red Hat 8.5.0-22)
Red Hat Enterprise Linux 9.5
Kernel: 5.15
Compiler: gcc gcc (GCC) 11.5.0 20240719 (Red Hat 11.5.0-2)
Ubuntu 20.04
Kernel: 5.15
Compiler: gcc gcc (Ubuntu 9.4.0-1ubuntu1~20.04.2) 9.4.0
Ubuntu 22.04
Kernel: 5.15
Compiler: gcc gcc (Ubuntu 11.4.0-1ubuntu1~22.04) 11.4.0
Ubuntu 24.04
Kernel: 5.15
Compiler: gcc gcc (Ubuntu 13.3.0-6ubuntu2~24.04) 13.3.0
Alpine Linux 3.22.0
Kernel: 5.15
Compiler: gcc gcc (Alpine 14.2.0) 14.2.0
To view detailed results, visit:
https://lab.dpdk.org/results/dashboard/patchsets/33402/
UNH-IOL DPDK Community Lab
To manage your email subscriptions, visit:
https://lab.dpdk.org/results/dashboard/preferences/subscriptions/
More information about the test-report
mailing list