|FAILURE| pw154578-154584 [PATCH] [v4,7/7] event/dlb2: fix default c

dpdklab at iol.unh.edu dpdklab at iol.unh.edu
Thu Jun 19 08:55:18 CEST 2025


Test-Label: iol-compile-amd64-testing
Test-Status: FAILURE
http://dpdk.org/patch/154584

_Testing issues_

Submitter: Pravin Pathak <pravin.pathak at intel.com>
Date: Thursday, June 19 2025 04:03:16 
DPDK git baseline: Repo:dpdk
  Branch: master
  CommitID:608870c578a430fc2140259870569089b98f67c4

154578-154584 --> testing issues

Upstream job id: Windows-Compile-DPDK-Native#29174

Test environment and result as below:

+---------------------+-------------------+--------------------+-------------------------+----------------------+
|     Environment     | dpdk_msvc_compile | dpdk_meson_compile | dpdk_llvm_clang_compile | dpdk_mingw64_compile |
+=====================+===================+====================+=========================+======================+
| Windows Server 2022 | PASS              | SKIPPED            | FAIL                    | PASS                 |
+---------------------+-------------------+--------------------+-------------------------+----------------------+
| FreeBSD 14.2        | SKIPPED           | PASS               | SKIPPED                 | SKIPPED              |
+---------------------+-------------------+--------------------+-------------------------+----------------------+

==== 20 line log output for Windows Server 2022 (dpdk_llvm_clang_compile): ====
Message: Disabling table [lib/table]: missing internal dependency "port"
Compiler for C supports arguments -Wno-format-truncation: NO (cached)
Compiler for C supports arguments -Wno-address-of-packed-member: YES (cached)
Compiler for C supports arguments -Wno-cast-qual: YES
Compiler for C supports arguments -Wno-pointer-arith: YES
Message: drivers/bus/auxiliary: Defining dependency "bus_auxiliary"
Compiler for C supports arguments -Wno-cast-qual: YES (cached)
Compiler for C supports arguments -Wno-pointer-arith: YES (cached)
Message: drivers/bus/pci: Defining dependency "bus_pci"
Message: drivers/bus/vdev: Defining dependency "bus_vdev"
Compiler for C supports arguments -std=c11: YES
Compiler for C supports arguments -Wno-strict-prototypes: YES
Compiler for C supports arguments -D_BSD_SOURCE: YES
Compiler for C supports arguments -D_DEFAULT_SOURCE: YES
Compiler for C supports arguments -D_XOPEN_SOURCE=600: YES
Has header "mlx5devx.h" : YES

drivers\common\mlx5\windows\meson.build:10:13: ERROR: C shared or static library 'mlx5devx' not found

A full log can be found at C:\Users\builder\jenkins\workspace\Windows-Compile-DPDK-Native\dpdk\build\meson-logs\meson-log.txt
==== End log output ====

Windows Server 2022
	Kernel: 10.0.20348.2031
	Compiler: clang 15.0.7, gcc 14.1.0 (MinGW), and MSVC VS 19.39.33521

FreeBSD 14.2
	Kernel: 14.2-RELEASE
	Compiler: clang 18.1.6

To view detailed results, visit:
https://lab.dpdk.org/results/dashboard/patchsets/33457/

UNH-IOL DPDK Community Lab

To manage your email subscriptions, visit: 
https://lab.dpdk.org/results/dashboard/preferences/subscriptions/


More information about the test-report mailing list