|FAILURE| pw154523-154526 [PATCH] [v6,4/4] doc: announce TxPP suppor

dpdklab at iol.unh.edu dpdklab at iol.unh.edu
Thu Jun 19 17:54:52 CEST 2025


Test-Label: iol-compile-amd64-testing
Test-Status: FAILURE
http://dpdk.org/patch/154526

_Testing issues RETEST #1_

Submitter: Soumyadeep Hore <soumyadeep.hore at intel.com>
Date: Tuesday, June 17 2025 05:13:37 
DPDK git baseline: Repo:dpdk
  Branch: master
  CommitID:dbeb8ae8d09387bd525353f4a5aa6ec152cddffa

154523-154526 --> testing issues

Upstream job id: Windows-Compile-DPDK-Native#29180

Test environment and result as below:

+-------------------------------+-------------------------+-------------------+--------------------+----------------------+-------------------+------------------+
|          Environment          | dpdk_llvm_clang_compile | dpdk_msvc_compile | dpdk_meson_compile | dpdk_mingw64_compile | dpdk_compile_spdk | dpdk_compile_ovs |
+===============================+=========================+===================+====================+======================+===================+==================+
| Windows Server 2022           | FAIL                    | PASS              | SKIPPED            | FAIL                 | SKIPPED           | SKIPPED          |
+-------------------------------+-------------------------+-------------------+--------------------+----------------------+-------------------+------------------+
| FreeBSD 14.2                  | SKIPPED                 | SKIPPED           | PASS               | SKIPPED              | SKIPPED           | SKIPPED          |
+-------------------------------+-------------------------+-------------------+--------------------+----------------------+-------------------+------------------+
| CentOS Stream 9               | SKIPPED                 | SKIPPED           | PASS               | SKIPPED              | PASS              | SKIPPED          |
+-------------------------------+-------------------------+-------------------+--------------------+----------------------+-------------------+------------------+
| CentOS Stream 10              | SKIPPED                 | SKIPPED           | PASS               | SKIPPED              | SKIPPED           | SKIPPED          |
+-------------------------------+-------------------------+-------------------+--------------------+----------------------+-------------------+------------------+
| Debian GNU/Linux 12           | SKIPPED                 | SKIPPED           | PASS               | SKIPPED              | PASS              | SKIPPED          |
+-------------------------------+-------------------------+-------------------+--------------------+----------------------+-------------------+------------------+
| Fedora Linux 40               | SKIPPED                 | SKIPPED           | PASS               | SKIPPED              | PASS              | SKIPPED          |
+-------------------------------+-------------------------+-------------------+--------------------+----------------------+-------------------+------------------+
| Fedora Linux 41               | SKIPPED                 | SKIPPED           | PASS               | SKIPPED              | PASS              | PASS             |
+-------------------------------+-------------------------+-------------------+--------------------+----------------------+-------------------+------------------+
| openSUSE Leap 15.6            | SKIPPED                 | SKIPPED           | PASS               | SKIPPED              | SKIPPED           | SKIPPED          |
+-------------------------------+-------------------------+-------------------+--------------------+----------------------+-------------------+------------------+
| Red Hat Enterprise Linux 8.10 | SKIPPED                 | SKIPPED           | PASS               | SKIPPED              | SKIPPED           | SKIPPED          |
+-------------------------------+-------------------------+-------------------+--------------------+----------------------+-------------------+------------------+
| Red Hat Enterprise Linux 9.5  | SKIPPED                 | SKIPPED           | PASS               | SKIPPED              | SKIPPED           | SKIPPED          |
+-------------------------------+-------------------------+-------------------+--------------------+----------------------+-------------------+------------------+
| Ubuntu 20.04                  | SKIPPED                 | SKIPPED           | PASS               | SKIPPED              | SKIPPED           | SKIPPED          |
+-------------------------------+-------------------------+-------------------+--------------------+----------------------+-------------------+------------------+
| Ubuntu 22.04                  | SKIPPED                 | SKIPPED           | PASS               | SKIPPED              | PASS              | SKIPPED          |
+-------------------------------+-------------------------+-------------------+--------------------+----------------------+-------------------+------------------+
| Ubuntu 24.04                  | SKIPPED                 | SKIPPED           | PASS               | SKIPPED              | PASS              | PASS             |
+-------------------------------+-------------------------+-------------------+--------------------+----------------------+-------------------+------------------+
| Alpine Linux 3.22.0           | SKIPPED                 | SKIPPED           | PASS               | SKIPPED              | SKIPPED           | SKIPPED          |
+-------------------------------+-------------------------+-------------------+--------------------+----------------------+-------------------+------------------+

==== 20 line log output for Windows Server 2022 (dpdk_mingw64_compile): ====
|                       ^~~~~~~~~~~~~~~~~~~
..\lib\eal\windows\include/rte_os_shim.h:113:55: note: in definition of macro 'clock_gettime'
113 | #define clock_gettime(clock_id, tp) rte_clock_gettime(clock_id, tp)
|                                                       ^~~~~~~~
../drivers/net/intel/ice/ice_ethdev.c:6949:23: note: each undeclared identifier is reported only once for each function it appears in
6949 |         clock_gettime(CLOCK_MONOTONIC_RAW, &system_time);
|                       ^~~~~~~~~~~~~~~~~~~
..\lib\eal\windows\include/rte_os_shim.h:113:55: note: in definition of macro 'clock_gettime'
113 | #define clock_gettime(clock_id, tp) rte_clock_gettime(clock_id, tp)
|                                                       ^~~~~~~~
[405/795] Compiling C object lib/librte_reorder.a.p/reorder_rte_reorder.c.obj
[406/795] Compiling C object lib/librte_fib_avx512_lib.a.p/fib_dir24_8_avx512.c.obj
[407/795] Compiling C object lib/librte_fib.a.p/fib_rte_fib6.c.obj
[408/795] Compiling C object lib/librte_fib.a.p/fib_rte_fib.c.obj
[409/795] Compiling C object lib/librte_fib_avx512_lib.a.p/fib_trie_avx512.c.obj
[410/795] Linking target lib/librte_rib-25.dll
[411/795] Compiling C object lib/librte_fib.a.p/fib_dir24_8.c.obj
[412/795] Linking target lib/librte_stack-25.dll
[413/795] Compiling C object lib/librte_fib.a.p/fib_trie.c.obj
ninja: build stopped: subcommand failed.
==== End log output ====

Windows Server 2022
	Kernel: 10.0.20348.2031
	Compiler: clang 15.0.7, gcc 14.1.0 (MinGW), and MSVC VS 19.39.33521

FreeBSD 14.2
	Kernel: 14.2-RELEASE
	Compiler: clang 18.1.6

CentOS Stream 9
	Kernel: 5.15
	Compiler: gcc gcc (GCC) 11.5.0 20240719 (Red Hat 11.5.0-7)

CentOS Stream 10
	Kernel: 5.15
	Compiler: gcc gcc (GCC) 14.2.1 20250110 (Red Hat 14.2.1-8)

Debian GNU/Linux 12
	Kernel: 5.15
	Compiler: gcc gcc (Debian 12.2.0-14+deb12u1) 12.2.0

Fedora Linux 40
	Kernel: 5.15
	Compiler: clang gcc (GCC) 14.2.1 20240912 (Red Hat 14.2.1-3)

Fedora Linux 41
	Kernel: 5.15
	Compiler: clang gcc (GCC) 14.3.1 20250523 (Red Hat 14.3.1-1)

openSUSE Leap 15.6
	Kernel: 5.15
	Compiler: gcc gcc (SUSE Linux) 7.5.0

Red Hat Enterprise Linux 8.10
	Kernel: 5.15
	Compiler: gcc gcc (GCC) 8.5.0 20210514 (Red Hat 8.5.0-22)

Red Hat Enterprise Linux 9.5
	Kernel: 5.15
	Compiler: gcc gcc (GCC) 11.5.0 20240719 (Red Hat 11.5.0-2)

Ubuntu 20.04
	Kernel: 5.15
	Compiler: gcc gcc (Ubuntu 9.4.0-1ubuntu1~20.04.2) 9.4.0

Ubuntu 22.04
	Kernel: 5.15
	Compiler: gcc gcc (Ubuntu 11.4.0-1ubuntu1~22.04) 11.4.0

Ubuntu 24.04
	Kernel: 5.15
	Compiler: gcc gcc (Ubuntu 13.3.0-6ubuntu2~24.04) 13.3.0

Alpine Linux 3.22.0
	Kernel: 5.15
	Compiler: gcc gcc (Alpine 14.2.0) 14.2.0

To view detailed results, visit:
https://lab.dpdk.org/results/dashboard/patchsets/33436/

UNH-IOL DPDK Community Lab

To manage your email subscriptions, visit: 
https://lab.dpdk.org/results/dashboard/preferences/subscriptions/


More information about the test-report mailing list