|FAILURE| pw154621-154627 [PATCH] [v3,7/7] lib/pmu: fix out-of-bound

dpdklab at iol.unh.edu dpdklab at iol.unh.edu
Fri Jun 20 19:57:25 CEST 2025


Test-Label: iol-unit-arm64-testing
Test-Status: FAILURE
http://dpdk.org/patch/154627

_Testing issues_

Submitter: Tomasz Duszynski <tduszynski at marvell.com>
Date: Friday, June 20 2025 12:05:51 
DPDK git baseline: Repo:dpdk
  Branch: master
  CommitID:6890ee7ba76e92745d6c61b3b6b9d757ebaaa89d

154621-154627 --> testing issues

Upstream job id: Generic-Unit-Test-DPDK#348154

Test environment and result as below:

+------------------------------+--------------+------------------------------+---------------------------+----------------+
|         Environment          | lpm_autotest | cryptodev_sw_snow3g_autotest | cryptodev_sw_zuc_autotest | dpdk_unit_test |
+==============================+==============+==============================+===========================+================+
| Ubuntu 20.04                 | PASS         | SKIPPED                      | SKIPPED                   | FAIL           |
+------------------------------+--------------+------------------------------+---------------------------+----------------+
| Debian 12 (arm)              | SKIPPED      | PASS                         | PASS                      | SKIPPED        |
+------------------------------+--------------+------------------------------+---------------------------+----------------+
| Fedora Linux 40              | SKIPPED      | SKIPPED                      | SKIPPED                   | FAIL           |
+------------------------------+--------------+------------------------------+---------------------------+----------------+
| CentOS Stream 10             | SKIPPED      | SKIPPED                      | SKIPPED                   | FAIL           |
+------------------------------+--------------+------------------------------+---------------------------+----------------+
| Fedora Linux 41              | SKIPPED      | SKIPPED                      | SKIPPED                   | FAIL           |
+------------------------------+--------------+------------------------------+---------------------------+----------------+
| Red Hat Enterprise Linux 9.5 | SKIPPED      | SKIPPED                      | SKIPPED                   | FAIL           |
+------------------------------+--------------+------------------------------+---------------------------+----------------+
| Ubuntu 22.04                 | SKIPPED      | SKIPPED                      | SKIPPED                   | PASS           |
+------------------------------+--------------+------------------------------+---------------------------+----------------+
| CentOS Stream 9              | SKIPPED      | SKIPPED                      | SKIPPED                   | FAIL           |
+------------------------------+--------------+------------------------------+---------------------------+----------------+
| Debian GNU/Linux 12          | SKIPPED      | SKIPPED                      | SKIPPED                   | FAIL           |
+------------------------------+--------------+------------------------------+---------------------------+----------------+
| Ubuntu 24.04                 | SKIPPED      | SKIPPED                      | SKIPPED                   | FAIL           |
+------------------------------+--------------+------------------------------+---------------------------+----------------+

==== Unit test summary for Ubuntu 24.04 (dpdk_unit_test): ====
ninja: Entering directory `/home-local/jenkins-local/jenkins-agent/workspace/Generic-Unit-Test-DPDK/dpdk/build'
ninja: no work to do.
  1/121 DPDK:fast-tests / acl_autotest                   OK              10.62s
  2/121 DPDK:fast-tests / alarm_autotest                 OK               1.33s
  3/121 DPDK:fast-tests / argparse_autotest              OK               0.32s
  4/121 DPDK:fast-tests / atomic_autotest                OK              10.20s
  5/121 DPDK:fast-tests / bitcount_autotest              OK               0.35s
  6/121 DPDK:fast-tests / bitmap_autotest                OK               0.33s
  7/121 DPDK:fast-tests / bitops_autotest                OK               1.82s
  8/121 DPDK:fast-tests / bitratestats_autotest          OK               0.33s
  9/121 DPDK:fast-tests / bitset_autotest                OK               5.60s
 10/121 DPDK:fast-tests / bpf_autotest                   OK               0.33s
 11/121 DPDK:fast-tests / bpf_convert_autotest           OK               0.67s
 12/121 DPDK:fast-tests / byteorder_autotest             OK               0.32s
 13/121 DPDK:fast-tests / cfgfile_autotest               OK               0.33s
 14/121 DPDK:fast-tests / cksum_autotest                 OK               0.32s
 15/121 DPDK:fast-tests / cmdline_autotest               OK               0.32s
 16/121 DPDK:fast-tests / common_autotest                OK               2.15s
 17/121 DPDK:fast-tests / compressdev_autotest           SKIP             0.20s   exit status 77
 18/121 DPDK:fast-tests / cpuflags_autotest              OK               0.36s
 19/121 DPDK:fast-tests / crc_autotest                   OK               0.33s
 20/121 DPDK:fast-tests / user_delay_us                  OK               0.32s
 21/121 DPDK:fast-tests / debug_autotest                 OK               1.88s
 22/121 DPDK:fast-tests / devargs_autotest               OK               0.36s
 23/121 DPDK:fast-tests / dispatcher_autotest            OK               4.78s
 24/121 DPDK:fast-tests / distributor_autotest           OK               1.21s
 25/121 DPDK:fast-tests / eal_flags_c_opt_autotest       OK               4.03s
 26/121 DPDK:fast-tests / eal_flags_main_opt_autotest    OK               0.97s
 27/121 DPDK:fast-tests / eal_flags_n_opt_autotest       OK               0.95s
 28/121 DPDK:fast-tests / eal_flags_hpet_autotest        OK               0.48s
 29/121 DPDK:fast-tests / eal_flags_no_huge_autotest     OK               0.93s
 30/121 DPDK:fast-tests / eal_flags_a_opt_autotest       OK               1.35s
 31/121 DPDK:fast-tests / eal_flags_b_opt_autotest       OK               1.09s
 32/121 DPDK:fast-tests / eal_flags_vdev_opt_autotest    OK               0.84s
 33/121 DPDK:fast-tests / eal_flags_r_opt_autotest       OK               0.78s
 34/121 DPDK:fast-tests / eal_flags_mem_autotest         OK               1.22s
 35/121 DPDK:fast-tests / eal_flags_file_prefix_autotest OK               3.36s
 36/121 DPDK:fast-tests / eal_flags_misc_autotest        OK               4.33s
 37/121 DPDK:fast-tests / eal_fs_autotest                OK               0.36s
 38/121 DPDK:fast-tests / errno_autotest                 OK               0.33s
 39/121 DPDK:fast-tests / ethdev_link_status             OK               0.33s
 40/121 DPDK:fast-tests / event_eth_tx_adapter_autotest  OK               2.22s
 41/121 DPDK:fast-tests / event_ring_autotest            OK               0.37s
 42/121 DPDK:fast-tests / eventdev_common_autotest       OK               0.39s
 43/121 DPDK:fast-tests / eventdev_selftest_sw           OK              21.03s
 44/121 DPDK:fast-tests / fbarray_autotest               OK               0.38s
 45/121 DPDK:fast-tests / fib_autotest                   OK               1.94s
 46/121 DPDK:fast-tests / fib6_autotest                  OK               1.74s
 47/121 DPDK:fast-tests / func_reentrancy_autotest       OK               1.50s
 48/121 DPDK:fast-tests / graph_autotest                 OK               0.37s
 49/121 DPDK:fast-tests / node_list_dump                 OK               0.33s
 50/121 DPDK:fast-tests / graph_feature_arc_autotest     OK               0.33s
 51/121 DPDK:fast-tests / hash_autotest                  OK               1.15s
 52/121 DPDK:fast-tests / hash_readwrite_func_autotest   OK              15.31s
 53/121 DPDK:fast-tests / interrupt_autotest             OK               1.40s
 54/121 DPDK:fast-tests / ipfrag_autotest                OK               0.21s
 55/121 DPDK:fast-tests / ipsec_autotest                 SKIP             0.37s   exit status 77
 56/121 DPDK:fast-tests / kvargs_autotest                OK               0.32s
 57/121 DPDK:fast-tests / latencystats_autotest          OK               0.33s
 58/121 DPDK:fast-tests / lcore_var_autotest             OK               1.32s
 59/121 DPDK:fast-tests / lcores_autotest                OK               6.68s
 60/121 DPDK:fast-tests / logs_autotest                  OK               0.32s
 61/121 DPDK:fast-tests / lpm_autotest                   OK               3.35s
 62/121 DPDK:fast-tests / lpm6_autotest                  OK              10.20s
 63/121 DPDK:fast-tests / malloc_autotest                OK               1.01s
 64/121 DPDK:fast-tests / mbuf_autotest                  OK               4.90s
 65/121 DPDK:fast-tests / mcslock_autotest               OK               1.86s
 66/121 DPDK:fast-tests / member_autotest                OK               2.84s
 67/121 DPDK:fast-tests / memcpy_autotest                OK              12.88s
 68/121 DPDK:fast-tests / memory_autotest                OK               0.20s
 69/121 DPDK:fast-tests / mempool_autotest               OK               0.77s
 70/121 DPDK:fast-tests / memzone_autotest               OK               0.24s
 71/121 DPDK:fast-tests / meter_autotest                 OK               0.37s
 72/121 DPDK:fast-tests / metrics_autotest               OK               0.34s
 73/121 DPDK:fast-tests / multiprocess_autotest          OK               0.72s
 74/121 DPDK:fast-tests / net_ether_autotest             OK               1.97s
 75/121 DPDK:fast-tests / net_ipv6_autotest              OK               0.34s
 76/121 DPDK:fast-tests / pcapng_autotest                OK               7.21s
 77/121 DPDK:fast-tests / pdcp_autotest                  SKIP             0.20s   exit status 77
 78/121 DPDK:fast-tests / pdump_autotest                 OK               0.89s
 79/121 DPDK:fast-tests / per_lcore_autotest             OK               0.46s
 80/121 DPDK:fast-tests / pflock_autotest                OK               0.70s
 81/121 DPDK:fast-tests / pie_autotest                   OK               0.32s
 82/121 DPDK:fast-tests / ring_pmd_autotest              OK               0.33s
 83/121 DPDK:fast-tests / pmu_autotest                   FAIL             0.38s   (exit status 255 or signal 127 SIGinvalid)
>>> DPDK_TEST=pmu_autotest MALLOC_PERTURB_=94 /home-local/jenkins-local/jenkins-agent/workspace/Generic-Unit-Test-DPDK/dpdk/build/app/dpdk-test --no-huge -m 2048

 84/121 DPDK:fast-tests / power_autotest                 OK               0.31s
 85/121 DPDK:fast-tests / power_cpufreq_autotest         SKIP             0.18s   exit status 77
 86/121 DPDK:fast-tests / power_intel_uncore_autotest    SKIP             0.44s   exit status 77
 87/121 DPDK:fast-tests / power_kvm_vm_autotest          SKIP             0.18s   exit status 77
 88/121 DPDK:fast-tests / prefetch_autotest              OK               0.44s
 89/121 DPDK:fast-tests / ptr_compress_autotest          OK               0.32s
 90/121 DPDK:fast-tests / rawdev_autotest                OK               0.32s
 91/121 DPDK:fast-tests / rcu_qsbr_autotest              OK               1.27s
 92/121 DPDK:fast-tests / reorder_autotest               OK               0.86s
 93/121 DPDK:fast-tests / rib_autotest                   OK               8.16s
 94/121 DPDK:fast-tests / rib6_autotest                  OK               8.02s
 95/121 DPDK:fast-tests / ring_autotest                  OK               0.41s
 96/121 DPDK:fast-tests / rwlock_test1_autotest          OK               0.72s
 97/121 DPDK:fast-tests / rwlock_rda_autotest            OK               5.33s
 98/121 DPDK:fast-tests / rwlock_rds_wrm_autotest        OK               5.32s
 99/121 DPDK:fast-tests / rwlock_rde_wro_autotest        OK               5.34s
100/121 DPDK:fast-tests / sched_autotest                 OK               0.36s
101/121 DPDK:fast-tests / security_autotest              OK               0.18s
102/121 DPDK:fast-tests / seqlock_autotest               OK               2.36s
103/121 DPDK:fast-tests / service_autotest               OK               3.03s
104/121 DPDK:fast-tests / soring_autotest                OK               0.33s
105/121 DPDK:fast-tests / spinlock_autotest              OK               0.37s
106/121 DPDK:fast-tests / stack_autotest                 OK               0.73s
107/121 DPDK:fast-tests / stack_lf_autotest              OK               0.65s
108/121 DPDK:fast-tests / string_autotest                OK               0.37s
109/121 DPDK:fast-tests / table_autotest                 OK              14.38s
110/121 DPDK:fast-tests / tailq_autotest                 OK               0.32s
111/121 DPDK:fast-tests / telemetry_data_autotest        OK               0.33s
112/121 DPDK:fast-tests / telemetry_json_autotest        OK               0.32s
113/121 DPDK:fast-tests / thash_autotest                 OK               0.35s
114/121 DPDK:fast-tests / threads_autotest               OK               0.47s
115/121 DPDK:fast-tests / ticketlock_autotest            OK               0.37s
116/121 DPDK:fast-tests / timer_autotest                 OK               3.48s
117/121 DPDK:fast-tests / trace_autotest                 OK               0.44s
118/121 DPDK:fast-tests / trace_autotest_with_traces     OK               0.35s
119/121 DPDK:fast-tests / vdev_autotest                  OK               0.32s
120/121 DPDK:fast-tests / version_autotest               OK               0.32s
121/121 DPDK:fast-tests / telemetry_all                  OK               1.35s


Ok:                 114 
Expected Fail:      0   
Fail:               1   
Unexpected Pass:    0   
Skipped:            6   
Timeout:            0   

Full log written to /home-local/jenkins-local/jenkins-agent/workspace/Generic-Unit-Test-DPDK/dpdk/build/meson-logs/testlog.txt



Test log output from the failed test pmu_autotest:

Sorry, we were not able to find the logs for this test.
Download the log output from the CI site for this test run.
==== End log output ====

Ubuntu 20.04
	Kernel: 5.4
	Compiler: gcc gcc (Ubuntu 9.4.0-1ubuntu1~20.04.2) 9.4.0

Debian 12 (arm)
	Kernel: Depends on container host
	Compiler: gcc (Debian 12.2.0-14) 12.2.0

Fedora Linux 40
	Kernel: 5.4
	Compiler: clang gcc (GCC) 14.2.1 20240912 (Red Hat 14.2.1-3)

CentOS Stream 10
	Kernel: 5.4
	Compiler: gcc gcc (GCC) 14.2.1 20250110 (Red Hat 14.2.1-8)

Fedora Linux 41
	Kernel: 5.4
	Compiler: clang gcc (GCC) 14.3.1 20250523 (Red Hat 14.3.1-1)

Red Hat Enterprise Linux 9.5
	Kernel: 5.4
	Compiler: gcc gcc (GCC) 11.5.0 20240719 (Red Hat 11.5.0-2)

Ubuntu 22.04
	Kernel: 5.4
	Compiler: gcc gcc (Ubuntu 11.4.0-1ubuntu1~22.04) 11.4.0

CentOS Stream 9
	Kernel: 5.4
	Compiler: gcc gcc (GCC) 11.5.0 20240719 (Red Hat 11.5.0-7)

Debian GNU/Linux 12
	Kernel: 5.4
	Compiler: gcc gcc (Debian 12.2.0-14+deb12u1) 12.2.0

Ubuntu 24.04
	Kernel: 5.4
	Compiler: gcc gcc (Ubuntu 13.3.0-6ubuntu2~24.04) 13.3.0

To view detailed results, visit:
https://lab.dpdk.org/results/dashboard/patchsets/33473/

UNH-IOL DPDK Community Lab

To manage your email subscriptions, visit: 
https://lab.dpdk.org/results/dashboard/preferences/subscriptions/


More information about the test-report mailing list