|FAILURE| pw154716 [PATCH] ethdev: sync ethtool link modes with Linu
dpdklab at iol.unh.edu
dpdklab at iol.unh.edu
Wed Jun 25 19:33:58 CEST 2025
Test-Label: iol-compile-amd64-testing
Test-Status: FAILURE
http://dpdk.org/patch/154716
_Testing issues_
Submitter: Thomas Monjalon <thomas at monjalon.net>
Date: Wednesday, June 25 2025 13:42:02
DPDK git baseline: Repo:dpdk
Branch: master
CommitID:62a35bbb247e608e235a04ff2941488bc1a78941
154716 --> testing issues
Upstream job id: Windows-Compile-DPDK-Native#29330
Test environment and result as below:
+---------------------+--------------------+-------------------------+----------------------+
| Environment | dpdk_meson_compile | dpdk_llvm_clang_compile | dpdk_mingw64_compile |
+=====================+====================+=========================+======================+
| FreeBSD 14.2 | PASS | SKIPPED | SKIPPED |
+---------------------+--------------------+-------------------------+----------------------+
| Ubuntu 20.04 | PASS | SKIPPED | SKIPPED |
+---------------------+--------------------+-------------------------+----------------------+
| Windows Server 2022 | SKIPPED | FAIL | PASS |
+---------------------+--------------------+-------------------------+----------------------+
==== 20 line log output for Windows Server 2022 (dpdk_llvm_clang_compile): ====
Message: Disabling table [lib/table]: missing internal dependency "port"
Compiler for C supports arguments -Wno-format-truncation: NO (cached)
Compiler for C supports arguments -Wno-address-of-packed-member: YES (cached)
Compiler for C supports arguments -Wno-cast-qual: YES
Compiler for C supports arguments -Wno-pointer-arith: YES
Message: drivers/bus/auxiliary: Defining dependency "bus_auxiliary"
Compiler for C supports arguments -Wno-cast-qual: YES (cached)
Compiler for C supports arguments -Wno-pointer-arith: YES (cached)
Message: drivers/bus/pci: Defining dependency "bus_pci"
Message: drivers/bus/vdev: Defining dependency "bus_vdev"
Compiler for C supports arguments -std=c11: YES
Compiler for C supports arguments -Wno-strict-prototypes: YES
Compiler for C supports arguments -D_BSD_SOURCE: YES
Compiler for C supports arguments -D_DEFAULT_SOURCE: YES
Compiler for C supports arguments -D_XOPEN_SOURCE=600: YES
Has header "mlx5devx.h" : YES
drivers\common\mlx5\windows\meson.build:10:13: ERROR: C shared or static library 'mlx5devx' not found
A full log can be found at C:\Users\builder\jenkins\workspace\Windows-Compile-DPDK-Native\dpdk\build\meson-logs\meson-log.txt
==== End log output ====
FreeBSD 14.2
Kernel: 14.2-RELEASE
Compiler: clang 18.1.6
Ubuntu 20.04
Kernel: 4.19
Compiler: gcc gcc (Ubuntu 9.4.0-1ubuntu1~20.04.2) 9.4.0
Windows Server 2022
Kernel: 10.0.20348.2031
Compiler: clang 15.0.7, gcc 14.1.0 (MinGW), and MSVC VS 19.39.33521
To view detailed results, visit:
https://lab.dpdk.org/results/dashboard/patchsets/33502/
UNH-IOL DPDK Community Lab
To manage your email subscriptions, visit:
https://lab.dpdk.org/results/dashboard/preferences/subscriptions/
More information about the test-report
mailing list