|FAILURE| pw154659-154665 [PATCH] [v4,7/7] lib/pmu: fix out-of-bound
dpdklab at iol.unh.edu
dpdklab at iol.unh.edu
Wed Jun 25 21:50:57 CEST 2025
Test-Label: iol-unit-arm64-testing
Test-Status: FAILURE
http://dpdk.org/patch/154665
_Testing issues_
Submitter: Tomasz Duszynski <tduszynski at marvell.com>
Date: Tuesday, June 24 2025 12:29:30
DPDK git baseline: Repo:dpdk
Branch: master
CommitID:6890ee7ba76e92745d6c61b3b6b9d757ebaaa89d
154659-154665 --> testing issues
Upstream job id: Generic-Unit-Test-DPDK#349540
Test environment and result as below:
+------------------------------+----------------+--------------+---------------------------+------------------------------+
| Environment | dpdk_unit_test | lpm_autotest | cryptodev_sw_zuc_autotest | cryptodev_sw_snow3g_autotest |
+==============================+================+==============+===========================+==============================+
| CentOS Stream 9 | FAIL | SKIPPED | SKIPPED | SKIPPED |
+------------------------------+----------------+--------------+---------------------------+------------------------------+
| Debian GNU/Linux 12 | FAIL | SKIPPED | SKIPPED | SKIPPED |
+------------------------------+----------------+--------------+---------------------------+------------------------------+
| Fedora Linux 40 | FAIL | SKIPPED | SKIPPED | SKIPPED |
+------------------------------+----------------+--------------+---------------------------+------------------------------+
| CentOS Stream 10 | FAIL | SKIPPED | SKIPPED | SKIPPED |
+------------------------------+----------------+--------------+---------------------------+------------------------------+
| Fedora Linux 41 | FAIL | SKIPPED | SKIPPED | SKIPPED |
+------------------------------+----------------+--------------+---------------------------+------------------------------+
| Ubuntu 20.04 | FAIL | PASS | SKIPPED | SKIPPED |
+------------------------------+----------------+--------------+---------------------------+------------------------------+
| Red Hat Enterprise Linux 9.5 | FAIL | SKIPPED | SKIPPED | SKIPPED |
+------------------------------+----------------+--------------+---------------------------+------------------------------+
| Ubuntu 22.04 | PASS | SKIPPED | SKIPPED | SKIPPED |
+------------------------------+----------------+--------------+---------------------------+------------------------------+
| Ubuntu 24.04 | FAIL | SKIPPED | SKIPPED | SKIPPED |
+------------------------------+----------------+--------------+---------------------------+------------------------------+
| Debian 12 (arm) | SKIPPED | SKIPPED | PASS | PASS |
+------------------------------+----------------+--------------+---------------------------+------------------------------+
==== Unit test summary for Ubuntu 24.04 (dpdk_unit_test): ====
ninja: Entering directory `/home-local/jenkins-local/jenkins-agent/workspace/Generic-Unit-Test-DPDK/dpdk/build'
ninja: no work to do.
1/121 DPDK:fast-tests / acl_autotest OK 9.15s
2/121 DPDK:fast-tests / alarm_autotest OK 1.35s
3/121 DPDK:fast-tests / argparse_autotest OK 0.37s
4/121 DPDK:fast-tests / atomic_autotest OK 8.60s
5/121 DPDK:fast-tests / bitcount_autotest OK 0.35s
6/121 DPDK:fast-tests / bitmap_autotest OK 0.32s
7/121 DPDK:fast-tests / bitops_autotest OK 1.82s
8/121 DPDK:fast-tests / bitratestats_autotest OK 0.33s
9/121 DPDK:fast-tests / bitset_autotest OK 5.34s
10/121 DPDK:fast-tests / bpf_autotest OK 0.32s
11/121 DPDK:fast-tests / bpf_convert_autotest OK 0.33s
12/121 DPDK:fast-tests / byteorder_autotest OK 0.31s
13/121 DPDK:fast-tests / cfgfile_autotest OK 0.31s
14/121 DPDK:fast-tests / cksum_autotest OK 0.31s
15/121 DPDK:fast-tests / cmdline_autotest OK 0.32s
16/121 DPDK:fast-tests / common_autotest OK 2.11s
17/121 DPDK:fast-tests / compressdev_autotest SKIP 0.17s exit status 77
18/121 DPDK:fast-tests / cpuflags_autotest OK 0.35s
19/121 DPDK:fast-tests / crc_autotest OK 0.32s
20/121 DPDK:fast-tests / user_delay_us OK 0.32s
21/121 DPDK:fast-tests / debug_autotest OK 1.86s
22/121 DPDK:fast-tests / devargs_autotest OK 0.33s
23/121 DPDK:fast-tests / dispatcher_autotest OK 4.70s
24/121 DPDK:fast-tests / distributor_autotest OK 1.12s
25/121 DPDK:fast-tests / eal_flags_c_opt_autotest OK 3.60s
26/121 DPDK:fast-tests / eal_flags_main_opt_autotest OK 0.89s
27/121 DPDK:fast-tests / eal_flags_n_opt_autotest OK 0.82s
28/121 DPDK:fast-tests / eal_flags_hpet_autotest OK 0.46s
29/121 DPDK:fast-tests / eal_flags_no_huge_autotest OK 0.91s
30/121 DPDK:fast-tests / eal_flags_a_opt_autotest OK 1.28s
31/121 DPDK:fast-tests / eal_flags_b_opt_autotest OK 1.04s
32/121 DPDK:fast-tests / eal_flags_vdev_opt_autotest OK 0.77s
33/121 DPDK:fast-tests / eal_flags_r_opt_autotest OK 0.76s
34/121 DPDK:fast-tests / eal_flags_mem_autotest OK 1.18s
35/121 DPDK:fast-tests / eal_flags_file_prefix_autotest OK 3.17s
36/121 DPDK:fast-tests / eal_flags_misc_autotest OK 4.19s
37/121 DPDK:fast-tests / eal_fs_autotest OK 0.37s
38/121 DPDK:fast-tests / errno_autotest OK 0.32s
39/121 DPDK:fast-tests / ethdev_link_status OK 0.32s
40/121 DPDK:fast-tests / event_eth_tx_adapter_autotest OK 2.19s
41/121 DPDK:fast-tests / event_ring_autotest OK 0.35s
42/121 DPDK:fast-tests / eventdev_common_autotest OK 0.32s
43/121 DPDK:fast-tests / eventdev_selftest_sw OK 20.27s
44/121 DPDK:fast-tests / fbarray_autotest OK 0.32s
45/121 DPDK:fast-tests / fib_autotest OK 1.78s
46/121 DPDK:fast-tests / fib6_autotest OK 1.65s
47/121 DPDK:fast-tests / func_reentrancy_autotest OK 1.49s
48/121 DPDK:fast-tests / graph_autotest OK 0.36s
49/121 DPDK:fast-tests / node_list_dump OK 0.32s
50/121 DPDK:fast-tests / graph_feature_arc_autotest OK 0.32s
51/121 DPDK:fast-tests / hash_autotest OK 1.06s
52/121 DPDK:fast-tests / hash_readwrite_func_autotest OK 14.90s
53/121 DPDK:fast-tests / interrupt_autotest OK 1.39s
54/121 DPDK:fast-tests / ipfrag_autotest OK 0.21s
55/121 DPDK:fast-tests / ipsec_autotest SKIP 0.35s exit status 77
56/121 DPDK:fast-tests / kvargs_autotest OK 0.32s
57/121 DPDK:fast-tests / latencystats_autotest OK 0.33s
58/121 DPDK:fast-tests / lcore_var_autotest OK 1.33s
59/121 DPDK:fast-tests / lcores_autotest OK 6.60s
60/121 DPDK:fast-tests / logs_autotest OK 0.32s
61/121 DPDK:fast-tests / lpm_autotest OK 3.31s
62/121 DPDK:fast-tests / lpm6_autotest OK 9.94s
63/121 DPDK:fast-tests / malloc_autotest OK 0.88s
64/121 DPDK:fast-tests / mbuf_autotest OK 4.59s
65/121 DPDK:fast-tests / mcslock_autotest OK 1.79s
66/121 DPDK:fast-tests / member_autotest OK 2.78s
67/121 DPDK:fast-tests / memcpy_autotest OK 12.40s
68/121 DPDK:fast-tests / memory_autotest OK 0.19s
69/121 DPDK:fast-tests / mempool_autotest OK 0.72s
70/121 DPDK:fast-tests / memzone_autotest OK 0.21s
71/121 DPDK:fast-tests / meter_autotest OK 0.36s
72/121 DPDK:fast-tests / metrics_autotest OK 0.33s
73/121 DPDK:fast-tests / multiprocess_autotest OK 0.70s
74/121 DPDK:fast-tests / net_ether_autotest OK 1.97s
75/121 DPDK:fast-tests / net_ipv6_autotest OK 0.32s
76/121 DPDK:fast-tests / pcapng_autotest OK 6.25s
77/121 DPDK:fast-tests / pdcp_autotest SKIP 0.18s exit status 77
78/121 DPDK:fast-tests / pdump_autotest OK 0.90s
79/121 DPDK:fast-tests / per_lcore_autotest OK 0.44s
80/121 DPDK:fast-tests / pflock_autotest OK 0.69s
81/121 DPDK:fast-tests / pie_autotest OK 0.33s
82/121 DPDK:fast-tests / ring_pmd_autotest OK 0.34s
83/121 DPDK:fast-tests / pmu_autotest FAIL 0.32s (exit status 255 or signal 127 SIGinvalid)
>>> MALLOC_PERTURB_=215 DPDK_TEST=pmu_autotest /home-local/jenkins-local/jenkins-agent/workspace/Generic-Unit-Test-DPDK/dpdk/build/app/dpdk-test --no-huge -m 2048
84/121 DPDK:fast-tests / power_autotest OK 0.31s
85/121 DPDK:fast-tests / power_cpufreq_autotest SKIP 0.18s exit status 77
86/121 DPDK:fast-tests / power_intel_uncore_autotest SKIP 0.40s exit status 77
87/121 DPDK:fast-tests / power_kvm_vm_autotest SKIP 0.18s exit status 77
88/121 DPDK:fast-tests / prefetch_autotest OK 0.38s
89/121 DPDK:fast-tests / ptr_compress_autotest OK 0.32s
90/121 DPDK:fast-tests / rawdev_autotest OK 0.32s
91/121 DPDK:fast-tests / rcu_qsbr_autotest OK 1.27s
92/121 DPDK:fast-tests / reorder_autotest OK 0.83s
93/121 DPDK:fast-tests / rib_autotest OK 7.87s
94/121 DPDK:fast-tests / rib6_autotest OK 8.04s
95/121 DPDK:fast-tests / ring_autotest OK 0.38s
96/121 DPDK:fast-tests / rwlock_test1_autotest OK 0.68s
97/121 DPDK:fast-tests / rwlock_rda_autotest OK 5.32s
98/121 DPDK:fast-tests / rwlock_rds_wrm_autotest OK 5.35s
99/121 DPDK:fast-tests / rwlock_rde_wro_autotest OK 5.40s
100/121 DPDK:fast-tests / sched_autotest OK 0.34s
101/121 DPDK:fast-tests / security_autotest OK 0.18s
102/121 DPDK:fast-tests / seqlock_autotest OK 2.36s
103/121 DPDK:fast-tests / service_autotest OK 3.03s
104/121 DPDK:fast-tests / soring_autotest OK 0.34s
105/121 DPDK:fast-tests / spinlock_autotest OK 0.36s
106/121 DPDK:fast-tests / stack_autotest OK 0.74s
107/121 DPDK:fast-tests / stack_lf_autotest OK 0.66s
108/121 DPDK:fast-tests / string_autotest OK 0.36s
109/121 DPDK:fast-tests / table_autotest OK 14.13s
110/121 DPDK:fast-tests / tailq_autotest OK 0.32s
111/121 DPDK:fast-tests / telemetry_data_autotest OK 0.32s
112/121 DPDK:fast-tests / telemetry_json_autotest OK 0.31s
113/121 DPDK:fast-tests / thash_autotest OK 0.35s
114/121 DPDK:fast-tests / threads_autotest OK 0.50s
115/121 DPDK:fast-tests / ticketlock_autotest OK 0.37s
116/121 DPDK:fast-tests / timer_autotest OK 3.45s
117/121 DPDK:fast-tests / trace_autotest OK 0.37s
118/121 DPDK:fast-tests / trace_autotest_with_traces OK 0.35s
119/121 DPDK:fast-tests / vdev_autotest OK 0.34s
120/121 DPDK:fast-tests / version_autotest OK 0.34s
121/121 DPDK:fast-tests / telemetry_all OK 1.12s
Ok: 114
Expected Fail: 0
Fail: 1
Unexpected Pass: 0
Skipped: 6
Timeout: 0
Full log written to /home-local/jenkins-local/jenkins-agent/workspace/Generic-Unit-Test-DPDK/dpdk/build/meson-logs/testlog.txt
Test log output from the failed test pmu_autotest:
Sorry, we were not able to find the logs for this test.
Download the log output from the CI site for this test run.
==== End log output ====
CentOS Stream 9
Kernel: 5.4
Compiler: gcc gcc (GCC) 11.5.0 20240719 (Red Hat 11.5.0-7)
Debian GNU/Linux 12
Kernel: 5.4
Compiler: gcc gcc (Debian 12.2.0-14+deb12u1) 12.2.0
Fedora Linux 40
Kernel: 5.4
Compiler: gcc gcc (GCC) 14.2.1 20240912 (Red Hat 14.2.1-3)
CentOS Stream 10
Kernel: 5.4
Compiler: gcc gcc (GCC) 14.2.1 20250110 (Red Hat 14.2.1-8)
Fedora Linux 41
Kernel: 5.4
Compiler: gcc gcc (GCC) 14.3.1 20250523 (Red Hat 14.3.1-1)
Ubuntu 20.04
Kernel: 5.4
Compiler: gcc gcc (Ubuntu 9.4.0-1ubuntu1~20.04.2) 9.4.0
Red Hat Enterprise Linux 9.5
Kernel: 5.4
Compiler: gcc gcc (GCC) 11.5.0 20240719 (Red Hat 11.5.0-2)
Ubuntu 22.04
Kernel: 5.4
Compiler: gcc gcc (Ubuntu 11.4.0-1ubuntu1~22.04) 11.4.0
Ubuntu 24.04
Kernel: 5.4
Compiler: gcc gcc (Ubuntu 13.3.0-6ubuntu2~24.04) 13.3.0
Debian 12 (arm)
Kernel: Depends on container host
Compiler: gcc (Debian 12.2.0-14) 12.2.0
To view detailed results, visit:
https://lab.dpdk.org/results/dashboard/patchsets/33490/
UNH-IOL DPDK Community Lab
To manage your email subscriptions, visit:
https://lab.dpdk.org/results/dashboard/preferences/subscriptions/
More information about the test-report
mailing list