|FAILURE| pw154754-154768 [PATCH] [v3,16/16] net/nbl: nbl device sup
dpdklab at iol.unh.edu
dpdklab at iol.unh.edu
Fri Jun 27 05:39:50 CEST 2025
Test-Label: iol-compile-amd64-testing
Test-Status: FAILURE
http://dpdk.org/patch/154768
_Testing issues_
Submitter: dimon.zhao <dimon.zhao at nebula-matrix.com>
Date: Friday, June 27 2025 01:40:22
DPDK git baseline: Repo:dpdk
Branch: master
CommitID:68dbd957ddb0dc7b5c2945a6f984185f99a6f2f6
154754-154768 --> testing issues
Upstream job id: Generic-DPDK-Compile-Meson#402576
Test environment and result as below:
+-------------------------------+--------------------+-------------------+------------------+-------------------------+-------------------+----------------------+
| Environment | dpdk_meson_compile | dpdk_compile_spdk | dpdk_compile_ovs | dpdk_llvm_clang_compile | dpdk_msvc_compile | dpdk_mingw64_compile |
+===============================+====================+===================+==================+=========================+===================+======================+
| CentOS Stream 9 | PASS | PASS | SKIPPED | SKIPPED | SKIPPED | SKIPPED |
+-------------------------------+--------------------+-------------------+------------------+-------------------------+-------------------+----------------------+
| Debian GNU/Linux 12 | PASS | PASS | SKIPPED | SKIPPED | SKIPPED | SKIPPED |
+-------------------------------+--------------------+-------------------+------------------+-------------------------+-------------------+----------------------+
| Fedora Linux 40 | PASS | PASS | SKIPPED | SKIPPED | SKIPPED | SKIPPED |
+-------------------------------+--------------------+-------------------+------------------+-------------------------+-------------------+----------------------+
| CentOS Stream 10 | PASS | SKIPPED | SKIPPED | SKIPPED | SKIPPED | SKIPPED |
+-------------------------------+--------------------+-------------------+------------------+-------------------------+-------------------+----------------------+
| Red Hat Enterprise Linux 8.10 | PASS | SKIPPED | SKIPPED | SKIPPED | SKIPPED | SKIPPED |
+-------------------------------+--------------------+-------------------+------------------+-------------------------+-------------------+----------------------+
| openSUSE Leap 15.6 | PASS | SKIPPED | SKIPPED | SKIPPED | SKIPPED | SKIPPED |
+-------------------------------+--------------------+-------------------+------------------+-------------------------+-------------------+----------------------+
| Fedora Linux 41 | PASS | WARN | PASS | SKIPPED | SKIPPED | SKIPPED |
+-------------------------------+--------------------+-------------------+------------------+-------------------------+-------------------+----------------------+
| Red Hat Enterprise Linux 9.5 | PASS | SKIPPED | SKIPPED | SKIPPED | SKIPPED | SKIPPED |
+-------------------------------+--------------------+-------------------+------------------+-------------------------+-------------------+----------------------+
| Ubuntu 20.04 | PASS | SKIPPED | SKIPPED | SKIPPED | SKIPPED | SKIPPED |
+-------------------------------+--------------------+-------------------+------------------+-------------------------+-------------------+----------------------+
| Ubuntu 24.04 | PASS | PASS | PASS | SKIPPED | SKIPPED | SKIPPED |
+-------------------------------+--------------------+-------------------+------------------+-------------------------+-------------------+----------------------+
| Ubuntu 22.04 | PASS | PASS | SKIPPED | SKIPPED | SKIPPED | SKIPPED |
+-------------------------------+--------------------+-------------------+------------------+-------------------------+-------------------+----------------------+
| Alpine Linux 3.22.0 | FAIL | SKIPPED | SKIPPED | SKIPPED | SKIPPED | SKIPPED |
+-------------------------------+--------------------+-------------------+------------------+-------------------------+-------------------+----------------------+
| FreeBSD 14.2 | PASS | SKIPPED | SKIPPED | SKIPPED | SKIPPED | SKIPPED |
+-------------------------------+--------------------+-------------------+------------------+-------------------------+-------------------+----------------------+
| Windows Server 2022 | SKIPPED | SKIPPED | SKIPPED | PASS | PASS | PASS |
+-------------------------------+--------------------+-------------------+------------------+-------------------------+-------------------+----------------------+
==== 20 line log output for Alpine Linux 3.22.0 (dpdk_meson_compile): ====
[1337/3403] Compiling C object drivers/libtmp_rte_net_netvsc.a.p/net_netvsc_hn_ethdev.c.o
[1338/3403] Linking static target drivers/libtmp_rte_net_netvsc.a
[1339/3403] Generating rte_net_netvsc.pmd.c with a custom command
[1340/3403] Compiling C object drivers/librte_net_netvsc.so.25.2.p/meson-generated_.._rte_net_netvsc.pmd.c.o
[1341/3403] Compiling C object drivers/librte_net_netvsc.a.p/meson-generated_.._rte_net_netvsc.pmd.c.o
[1342/3403] Linking static target drivers/librte_net_netvsc.a
[1343/3403] Generating rte_net_netvsc.sym_chk with a custom command (wrapped by meson to capture output)
[1344/3403] Generating rte_net_nbl_map with a custom command
[1345/3403] Compiling C object drivers/libtmp_rte_net_nbl.a.p/net_nbl_nbl_hw_nbl_hw_leonis_nbl_res_leonis.c.o
ninja: job failed: ccache cc -Idrivers/libtmp_rte_net_nbl.a.p -Idrivers -I../drivers -Idrivers/net/nbl -I../drivers/net/nbl -I../drivers/net/nbl/nbl_include -I../drivers/net/nbl/nbl_hw -I../drivers/net/nbl/nbl_common -Ilib/ethdev -I../lib/ethdev -Ilib/eal/common -I../lib/eal/common -I. -I.. -Iconfig -I../config -Ilib/eal/include -I../lib/eal/include -Ilib/eal/linux/include -I../lib/eal/linux/include -Ilib/eal/x86/include -I../lib/eal/x86/include -I../kernel/linux -Ilib/eal -I../lib/eal -Ilib/kvargs -I../lib/kvargs -Ilib/log -I../lib/log -Ilib/metrics -I../lib/metrics -Ilib/telemetry -I../lib/telemetry -Ilib/net -I../lib/net -Ilib/mbuf -I../lib/mbuf -Ilib/mempool -I../lib/mempool -Ilib/ring -I../lib/ring -Ilib/meter -I../lib/meter -Idrivers/bus/pci -I../drivers/bus/pci -I../drivers/bus/pci/linux -Ilib/pci -I../lib/pci -Idrivers/bus/vdev -I../drivers/bus/vdev -fdiagnostics-color=always -pipe -D_FILE_OFFSET_BITS=64 -Wall -Winvalid-pch -Wextra -Werror -std=c11 -O3 -include rte_config.h -
Wvla -Wcast-qual -Wdeprecated -Wformat -Wformat-nonliteral -Wformat-security -Wmissing-declarations -Wmissing-prototypes -Wnested-externs -Wold-style-definition -Wpointer-arith -Wsign-compare -Wstrict-prototypes -Wundef -Wwrite-strings -Wno-packed-not-aligned -Wno-missing-field-initializers -D_GNU_SOURCE -fPIC -march=native -mrtm -DALLOW_EXPERIMENTAL_API -DALLOW_INTERNAL_API -Wno-format-truncation -Wno-address-of-packed-member -DRTE_LOG_DEFAULT_LOGTYPE=pmd.net.nbl -MD -MQ drivers/libtmp_rte_net_nbl.a.p/net_nbl_nbl_hw_nbl_hw_leonis_nbl_res_leonis.c.o -MF drivers/libtmp_rte_net_nbl.a.p/net_nbl_nbl_hw_nbl_hw_leonis_nbl_res_leonis.c.o.d -o drivers/libtmp_rte_net_nbl.a.p/net_nbl_nbl_hw_nbl_hw_leonis_nbl_res_leonis.c.o -c ../drivers/net/nbl/nbl_hw/nbl_hw_leonis/nbl_res_leonis.c
In file included from [01m[K../drivers/net/nbl/nbl_core.h:9[m[K,
from [01m[K../drivers/net/nbl/nbl_ethdev.h:8[m[K,
from [01m[K../drivers/net/nbl/nbl_hw/nbl_resource.h:8[m[K,
from [01m[K../drivers/net/nbl/nbl_hw/nbl_hw_leonis/nbl_res_leonis.h:8[m[K,
from [01m[K../drivers/net/nbl/nbl_hw/nbl_hw_leonis/nbl_res_leonis.c:5[m[K:
[01m[K../drivers/net/nbl/nbl_include/nbl_def_common.h:10:6:[m[K [01;31m[Kerror: [m[K"__WORDSIZE" is not defined, evaluates to 0 [[01;31m[K-Werror=undef[m[K]
10 | # if [01;31m[K__WORDSIZE[m[K == 64
| [01;31m[K^~~~~~~~~~[m[K
cc1: all warnings being treated as errors
ninja: subcommand failed
==== End log output ====
CentOS Stream 9
Kernel: 5.15
Compiler: gcc gcc (GCC) 11.5.0 20240719 (Red Hat 11.5.0-7)
Debian GNU/Linux 12
Kernel: 5.15
Compiler: gcc gcc (Debian 12.2.0-14+deb12u1) 12.2.0
Fedora Linux 40
Kernel: 5.15
Compiler: clang gcc (GCC) 14.2.1 20240912 (Red Hat 14.2.1-3)
CentOS Stream 10
Kernel: 5.15
Compiler: gcc gcc (GCC) 14.2.1 20250110 (Red Hat 14.2.1-8)
Red Hat Enterprise Linux 8.10
Kernel: 5.15
Compiler: gcc gcc (GCC) 8.5.0 20210514 (Red Hat 8.5.0-22)
openSUSE Leap 15.6
Kernel: 5.15
Compiler: gcc gcc (SUSE Linux) 7.5.0
Fedora Linux 41
Kernel: 5.15
Compiler: gcc gcc (GCC) 14.3.1 20250523 (Red Hat 14.3.1-1)
Red Hat Enterprise Linux 9.5
Kernel: 5.15
Compiler: gcc gcc (GCC) 11.5.0 20240719 (Red Hat 11.5.0-2)
Ubuntu 20.04
Kernel: 5.15
Compiler: gcc gcc (Ubuntu 9.4.0-1ubuntu1~20.04.2) 9.4.0
Ubuntu 24.04
Kernel: 5.15
Compiler: gcc gcc (Ubuntu 13.3.0-6ubuntu2~24.04) 13.3.0
Ubuntu 22.04
Kernel: 5.15
Compiler: gcc gcc (Ubuntu 11.4.0-1ubuntu1~22.04) 11.4.0
Alpine Linux 3.22.0
Kernel: 5.15
Compiler: gcc gcc (Alpine 14.2.0) 14.2.0
FreeBSD 14.2
Kernel: 14.2-RELEASE
Compiler: clang 18.1.6
Windows Server 2022
Kernel: 10.0.20348.2031
Compiler: clang 15.0.7, gcc 14.1.0 (MinGW), and MSVC VS 19.39.33521
To view detailed results, visit:
https://lab.dpdk.org/results/dashboard/patchsets/33518/
UNH-IOL DPDK Community Lab
To manage your email subscriptions, visit:
https://lab.dpdk.org/results/dashboard/preferences/subscriptions/
More information about the test-report
mailing list