|FAILURE| pw154797 [PATCH] test/argparse: fix out of bound memcpy

dpdklab at iol.unh.edu dpdklab at iol.unh.edu
Fri Jun 27 22:12:23 CEST 2025


Test-Label: iol-compile-amd64-testing
Test-Status: FAILURE
http://dpdk.org/patch/154797

_Testing issues_

Submitter: Stephen Hemminger <stephen at networkplumber.org>
Date: Friday, June 27 2025 16:22:35 
DPDK git baseline: Repo:dpdk
  Branch: master
  CommitID:2c6f1f0a847898732c18c8b37821850f1b48aa9d

154797 --> testing issues

Upstream job id: Windows-Compile-DPDK-VS#6182

Test environment and result as below:

+---------------------+--------------------+-------------------+
|     Environment     | dpdk_meson_compile | dpdk_msvc_compile |
+=====================+====================+===================+
| FreeBSD 14.2        | FAIL               | SKIPPED           |
+---------------------+--------------------+-------------------+
| Ubuntu 20.04        | PASS               | SKIPPED           |
+---------------------+--------------------+-------------------+
| Windows Server 2022 | SKIPPED            | FAIL              |
+---------------------+--------------------+-------------------+

==== 20 line log output for Windows Server 2022 (dpdk_msvc_compile): ====
 [ 1 3 1 / 4 5 2 ]   C o m p i l i n g   C   o b j e c t   a p p / d p d k - t e s t - r e g e x . e x e . p / t e s t - r e g e x _ m a i n . c . o b j 
 
 [ 1 3 2 / 4 5 2 ]   C o m p i l i n g   C   o b j e c t   a p p / d p d k - t e s t . e x e . p / t e s t _ t e s t _ a t o m i c . c . o b j 
 
 [ 1 3 3 / 4 5 2 ]   C o m p i l i n g   C   o b j e c t   a p p / d p d k - t e s t p m d . e x e . p / t e s t - p m d _ c m d l i n e _ f l o w . c . o b j 
 
 [ 1 3 4 / 4 5 2 ]   C o m p i l i n g   C   o b j e c t   a p p / d p d k - t e s t . e x e . p / t e s t _ t e s t _ a r g p a r s e . c . o b j 
 
 F A I L E D :   a p p / d p d k - t e s t . e x e . p / t e s t _ t e s t _ a r g p a r s e . c . o b j   
 
 " c l "   " - I a p p \ d p d k - t e s t . e x e . p "   " - I a p p "   " - I . . \ a p p "   " - I l i b \ c m d l i n e "   " - I . . \ l i b \ c m d l i n e "   " - I l i b \ e a l \ c o m m o n "   " - I . . \ l i b \ e a l \ c o m m o n "   " - I . "   " - I . . "   " - I c o n f i g "   " - I . . \ c o n f i g "   " - I l i b \ e a l \ i n c l u d e "   " - I . . \ l i b \ e a l \ i n c l u d e "   " - I l i b \ e a l \ w i n d o w s \ i n c l u d e "   " - I . . \ l i b \ e a l \ w i n d o w s \ i n c l u d e "   " - I l i b \ e a l \ x 8 6 \ i n c l u d e "   " - I . . \ l i b \ e a l \ x 8 6 \ i n c l u d e "   " - I l i b \ e a l "   " - I . . \ l i b \ e a l "   " - I l i b \ l o g "   " - I . . \ l i b \ l o g "   " - I l i b \ k v a r g s "   " - I . . \ l i b \ k v a r g s "   " - I l i b \ n e t "   " - I . . \ l i b \ n e t "   " - I l i b \ m b u f "   " - I . . \ l i b \ m b u f "   " - I l i b \ m e m p o o l "   " - I . . \ l i b \ m e m p o o l "   " - I l i b
  \ r i n g "   " - I . . \ l i b \ r i n g "   " - I l i b \ m e t r i c s "   " - I . . \ l i b \ m e t r i c s "   " - I l i b \ t e l e m e t r y "   " - I . . \ l i b \ t e l e m e t r y "   " - I l i b \ e t h d e v "   " - I . . \ l i b \ e t h d e v "   " - I l i b \ m e t e r "   " - I . . \ l i b \ m e t e r "   " - I l i b \ a r g p a r s e "   " - I . . \ l i b \ a r g p a r s e "   " - I l i b \ h a s h "   " - I . . \ l i b \ h a s h "   " - I l i b \ r c u "   " - I . . \ l i b \ r c u "   " - I l i b \ b i t r a t e s t a t s "   " - I . . \ l i b \ b i t r a t e s t a t s "   " - I l i b \ c f g f i l e "   " - I . . \ l i b \ c f g f i l e "   " - I l i b \ c r y p t o d e v "   " - I . . \ l i b \ c r y p t o d e v "   " - I l i b \ s e c u r i t y "   " - I . . \ l i b \ s e c u r i t y "   " - I l i b \ d m a d e v "   " - I . . \ l i b \ d m a d e v "   " - I l i b \ f i b "   " - I . . \ l i b \ f i b "   " - I l i b \ r i b "   " - I . . \ l i b \ r i b "   " 
 - I l i b \ l p m "   " - I . . \ l i b \ l p m "   " - I l i b \ i p _ f r a g "   " - I . . \ l i b \ i p _ f r a g "   " - I l i b \ l a t e n c y s t a t s "   " - I . . \ l i b \ l a t e n c y s t a t s "   " - I l i b \ p c a p n g "   " - I . . \ l i b \ p c a p n g "   " - I l i b \ p t r _ c o m p r e s s "   " - I . . \ l i b \ p t r _ c o m p r e s s "   " - I l i b \ r e o r d e r "   " - I . . \ l i b \ r e o r d e r "   " - I l i b \ s t a c k "   " - I . . \ l i b \ s t a c k "   " - I l i b \ t i m e r "   " - I . . \ l i b \ t i m e r "   " - I a p p \ t e s t \ t e s t _ c f g f i l e s "   " - I C : \ P r o g r a m   F i l e s \ M e l l a n o x \ M L N X _ W i n O F 2 _ D e v X _ S D K \ i n c "   " / M D "   " / n o l o g o "   " / s h o w I n c l u d e s "   " / u t f - 8 "   " / W 3 "   " / W X "   " / s t d : c 1 1 "   " / O 2 "   " / G w "   " / w d 4 2 4 4 "   " / w d 4 2 6 7 "   " / w d 4 1 4 6 "   " / e x p e r i m e n t a l : c 1 1 a t o m i c s "   " / d
  1 e x p e r i m e n t a l : t y p e o f "   " / e x p e r i m e n t a l : s t a t e m e n t E x p r e s s i o n s "   " / F I "   " r t e _ c o n f i g . h "   " - D _ G N U _ S O U R C E "   " - D _ W I N 3 2 _ W I N N T = 0 x 0 A 0 0 "   " - D A L L O W _ E X P E R I M E N T A L _ A P I "   " - D A L L O W _ I N T E R N A L _ A P I "   " / F d a p p \ d p d k - t e s t . e x e . p \ t e s t _ t e s t _ a r g p a r s e . c . p d b "   / F o a p p / d p d k - t e s t . e x e . p / t e s t _ t e s t _ a r g p a r s e . c . o b j   " / c "   . . / a p p / t e s t / t e s t _ a r g p a r s e . c 
 
 . . / a p p / t e s t / t e s t _ a r g p a r s e . c ( 7 8 ) :   e r r o r   C 2 2 2 9 :   s t r u c t   ' < u n n a m e d - t a g > '   h a s   a n   i l l e g a l   z e r o - s i z e d   a r r a y 
 
 [ 1 3 5 / 4 5 2 ]   C o m p i l i n g   C   o b j e c t   a p p / d p d k - t e s t . e x e . p / t e s t _ t e s t _ a l a r m . c . o b j 
 
 [ 1 3 6 / 4 5 2 ]   C o m p i l i n g   C   o b j e c t   a p p / d p d k - t e s t . e x e . p / t e s t _ t e s t _ c m d l i n e _ c i r b u f . c . o b j 
 
 [ 1 3 7 / 4 5 2 ]   C o m p i l i n g   C   o b j e c t   a p p / d p d k - t e s t . e x e . p / t e s t _ t e s t _ b i t m a p . c . o b j 
 
 [ 1 3 8 / 4 5 2 ]   C o m p i l i n g   C   o b j e c t   a p p / d p d k - t e s t . e x e . p / t e s t _ t e s t . c . o b j 
 
 [ 1 3 9 / 4 5 2 ]   C o m p i l i n g   C   o b j e c t   a p p / d p d k - t e s t . e x e . p / t e s t _ t e s t _ c m d l i n e _ e t h e r a d d r . c . o b j 
 
 [ 1 4 0 / 4 5 2 ]   C o m p i l i n g   C   o b j e c t   a p p / d p d k - t e s t . e x e . p / t e s t _ t e s t _ b i t o p s . c . o b j 
 
 [ 1 4 1 / 4 5 2 ]   C o m p i l i n g   C   o b j e c t   a p p / d p d k - t e s t p m d . e x e . p / t e s t - p m d _ t x o n l y . c . o b j 
 
 [ 1 4 2 / 4 5 2 ]   C o m p i l i n g   C   o b j e c t   a p p / d p d k - t e s t . e x e . p / t e s t _ t e s t _ b i t s e t . c . o b j 
 
 [ 1 4 3 / 4 5 2 ]   C o m p i l i n g   C   o b j e c t   a p p / d p d k - t e s t . e x e . p / t e s t _ p a c k e t _ b u r s t _ g e n e r a t o r . c . o b j 
 
 n i n j a :   b u i l d   s t o p p e d :   s u b c o m m a n d   f a i l e d . 
 
 I N F O :   a u t o d e t e c t i n g   b a c k e n d   a s   n i n j a 
 
 I N F O :   c a l c u l a t i n g   b a c k e n d   c o m m a n d   t o   r u n :   " C : \ P r o g r a m   F i l e s \ M e s o n \ n i n j a . E X E "   - C   C : / U s e r s / b u i l d e r / j e n k i n s / w o r k s p a c e / W i n d o w s - C o m p i l e - D P D K - V S / d p d k / b u i l d 
 
 
==== End log output ====

FreeBSD 14.2
	Kernel: 14.2-RELEASE
	Compiler: clang 18.1.6

Ubuntu 20.04
	Kernel: 4.19
	Compiler: gcc gcc (Ubuntu 9.4.0-1ubuntu1~20.04.2) 9.4.0

Windows Server 2022
	Kernel: 10.0.20348.2031
	Compiler: clang 15.0.7, gcc 14.1.0 (MinGW), and MSVC VS 19.39.33521

To view detailed results, visit:
https://lab.dpdk.org/results/dashboard/patchsets/33529/

UNH-IOL DPDK Community Lab

To manage your email subscriptions, visit: 
https://lab.dpdk.org/results/dashboard/preferences/subscriptions/


More information about the test-report mailing list