|FAILURE| pw154799-154801 [PATCH] [v3,5/5] net/mlx5: use consecutive
dpdklab at iol.unh.edu
dpdklab at iol.unh.edu
Sat Jun 28 00:00:11 CEST 2025
Test-Label: iol-compile-amd64-testing
Test-Status: FAILURE
http://dpdk.org/patch/154801
_Testing issues_
Submitter: Bing Zhao <bingz at nvidia.com>
Date: Friday, June 27 2025 16:37:29
DPDK git baseline: Repo:dpdk
Branch: master
CommitID:5c0c1a13c34aa57c6e18f9ba852a9b5807c58b72
154799-154801 --> testing issues
Upstream job id: Windows-Compile-DPDK-Native#29401
Test environment and result as below:
+---------------------+--------------------+-------------------------+-------------------+----------------------+
| Environment | dpdk_meson_compile | dpdk_llvm_clang_compile | dpdk_msvc_compile | dpdk_mingw64_compile |
+=====================+====================+=========================+===================+======================+
| FreeBSD 14.2 | PASS | SKIPPED | SKIPPED | SKIPPED |
+---------------------+--------------------+-------------------------+-------------------+----------------------+
| Ubuntu 20.04 | FAIL | SKIPPED | SKIPPED | SKIPPED |
+---------------------+--------------------+-------------------------+-------------------+----------------------+
| Windows Server 2022 | SKIPPED | PASS | PASS | PASS |
+---------------------+--------------------+-------------------------+-------------------+----------------------+
==== 20 line log output for Ubuntu 20.04 (dpdk_meson_compile): ====
[1953/3522] Generating rte_common_mlx5.sym_chk with a custom command (wrapped by meson to capture output)
[1954/3522] Compiling C object drivers/libtmp_rte_net_mlx5.a.p/net_mlx5_mlx5_mac.c.o
[1955/3522] Compiling C object drivers/libtmp_rte_net_mlx5.a.p/net_mlx5_mlx5_rss.c.o
[1956/3522] Compiling C object drivers/libtmp_rte_net_mlx5.a.p/net_mlx5_mlx5_flow_aso.c.o
[1957/3522] Compiling C object drivers/libtmp_rte_net_mlx5.a.p/net_mlx5_mlx5.c.o
[1958/3522] Compiling C object drivers/libtmp_rte_net_mlx5.a.p/net_mlx5_mlx5_nta_rss.c.o
[1959/3522] Compiling C object drivers/libtmp_rte_net_mlx5.a.p/net_mlx5_mlx5_rxmode.c.o
[1960/3522] Generating rte_net_idpf.sym_chk with a custom command (wrapped by meson to capture output)
[1961/3522] Compiling C object drivers/libtmp_rte_net_mlx5.a.p/net_mlx5_mlx5_rxtx.c.o
[1962/3522] Compiling C object drivers/libtmp_rte_net_mlx5.a.p/net_mlx5_mlx5_stats.c.o
[1963/3522] Compiling C object drivers/libtmp_rte_net_mlx5.a.p/net_mlx5_mlx5_flow_meter.c.o
[1964/3522] Compiling C object drivers/libtmp_rte_net_mlx5.a.p/net_mlx5_mlx5_tx.c.o
[1965/3522] Compiling C object drivers/libtmp_rte_net_mlx5.a.p/net_mlx5_mlx5_trigger.c.o
[1966/3522] Generating rte_common_sfc_efx.sym_chk with a custom command (wrapped by meson to capture output)
[1967/3522] Compiling C object drivers/libtmp_rte_net_mlx5.a.p/net_mlx5_mlx5_rxq.c.o
[1968/3522] Compiling C object drivers/libtmp_rte_net_mlx5.a.p/net_mlx5_mlx5_rx.c.o
[1969/3522] Compiling C object drivers/libtmp_rte_net_mlx5.a.p/net_mlx5_mlx5_flow.c.o
[1970/3522] Generating rte_common_cnxk.sym_chk with a custom command (wrapped by meson to capture output)
[1971/3522] Compiling C object drivers/libtmp_rte_net_mlx5.a.p/net_mlx5_mlx5_flow_dv.c.o
ninja: build stopped: subcommand failed.
==== End log output ====
FreeBSD 14.2
Kernel: 14.2-RELEASE
Compiler: clang 18.1.6
Ubuntu 20.04
Kernel: 4.19
Compiler: gcc gcc (Ubuntu 9.4.0-1ubuntu1~20.04.2) 9.4.0
Windows Server 2022
Kernel: 10.0.20348.2031
Compiler: clang 15.0.7, gcc 14.1.0 (MinGW), and MSVC VS 19.39.33521
To view detailed results, visit:
https://lab.dpdk.org/results/dashboard/patchsets/33530/
UNH-IOL DPDK Community Lab
To manage your email subscriptions, visit:
https://lab.dpdk.org/results/dashboard/preferences/subscriptions/
More information about the test-report
mailing list