|FAILURE| pw154803 [PATCH] [v1] event/dlb2: add dequeue interrupt mo
dpdklab at iol.unh.edu
dpdklab at iol.unh.edu
Sat Jun 28 13:04:53 CEST 2025
Test-Label: iol-compile-amd64-testing
Test-Status: FAILURE
http://dpdk.org/patch/154803
_Testing issues_
Submitter: Pravin Pathak <pravin.pathak at intel.com>
Date: Saturday, June 28 2025 04:51:12
DPDK git baseline: Repo:dpdk
Branch: master
CommitID:ff1c2b2f81dba565a5eed8576ca4a7e956fe3886
154803 --> testing issues
Upstream job id: Generic-DPDK-Compile-Meson#403178
Test environment and result as below:
+-------------------------------+-------------------+--------------------+-------------------------+----------------------+-------------------+------------------+
| Environment | dpdk_msvc_compile | dpdk_meson_compile | dpdk_llvm_clang_compile | dpdk_mingw64_compile | dpdk_compile_spdk | dpdk_compile_ovs |
+===============================+===================+====================+=========================+======================+===================+==================+
| Windows Server 2022 | PASS | SKIPPED | PASS | PASS | SKIPPED | SKIPPED |
+-------------------------------+-------------------+--------------------+-------------------------+----------------------+-------------------+------------------+
| FreeBSD 14.2 | SKIPPED | PASS | SKIPPED | SKIPPED | SKIPPED | SKIPPED |
+-------------------------------+-------------------+--------------------+-------------------------+----------------------+-------------------+------------------+
| Ubuntu 20.04 | SKIPPED | PASS | SKIPPED | SKIPPED | SKIPPED | SKIPPED |
+-------------------------------+-------------------+--------------------+-------------------------+----------------------+-------------------+------------------+
| CentOS Stream 9 | SKIPPED | PASS | SKIPPED | SKIPPED | PASS | SKIPPED |
+-------------------------------+-------------------+--------------------+-------------------------+----------------------+-------------------+------------------+
| CentOS Stream 10 | SKIPPED | PASS | SKIPPED | SKIPPED | SKIPPED | SKIPPED |
+-------------------------------+-------------------+--------------------+-------------------------+----------------------+-------------------+------------------+
| Debian GNU/Linux 12 | SKIPPED | PASS | SKIPPED | SKIPPED | PASS | SKIPPED |
+-------------------------------+-------------------+--------------------+-------------------------+----------------------+-------------------+------------------+
| Fedora Linux 40 | SKIPPED | PASS | SKIPPED | SKIPPED | WARN | SKIPPED |
+-------------------------------+-------------------+--------------------+-------------------------+----------------------+-------------------+------------------+
| Fedora Linux 41 | SKIPPED | PASS | SKIPPED | SKIPPED | PASS | PASS |
+-------------------------------+-------------------+--------------------+-------------------------+----------------------+-------------------+------------------+
| openSUSE Leap 15.6 | SKIPPED | PASS | SKIPPED | SKIPPED | SKIPPED | SKIPPED |
+-------------------------------+-------------------+--------------------+-------------------------+----------------------+-------------------+------------------+
| Red Hat Enterprise Linux 8.10 | SKIPPED | PASS | SKIPPED | SKIPPED | SKIPPED | SKIPPED |
+-------------------------------+-------------------+--------------------+-------------------------+----------------------+-------------------+------------------+
| Red Hat Enterprise Linux 9.5 | SKIPPED | PASS | SKIPPED | SKIPPED | SKIPPED | SKIPPED |
+-------------------------------+-------------------+--------------------+-------------------------+----------------------+-------------------+------------------+
| Ubuntu 22.04 | SKIPPED | PASS | SKIPPED | SKIPPED | PASS | SKIPPED |
+-------------------------------+-------------------+--------------------+-------------------------+----------------------+-------------------+------------------+
| Ubuntu 24.04 | SKIPPED | PASS | SKIPPED | SKIPPED | PASS | PASS |
+-------------------------------+-------------------+--------------------+-------------------------+----------------------+-------------------+------------------+
| Alpine Linux 3.22.0 | SKIPPED | FAIL | SKIPPED | SKIPPED | SKIPPED | SKIPPED |
+-------------------------------+-------------------+--------------------+-------------------------+----------------------+-------------------+------------------+
==== 20 line log output for Alpine Linux 3.22.0 (dpdk_meson_compile): ====
[01m[K/usr/include/pthread.h:107:24:[m[K [01;36m[Knote: [m[Kexpected '[01m[Kpthread_mutex_t *[m[K' but argument is of type '[01m[Kint *[m[K'
107 | int pthread_mutex_lock([01;36m[Kpthread_mutex_t *[m[K);
| [01;36m[K^~~~~~~~~~~~~~~~~[m[K
[01m[K../drivers/event/dlb2/pf/base/dlb2_resource.c:6954:38:[m[K [01;31m[Kerror: [m[Kpassing argument 1 of '[01m[Kpthread_mutex_unlock[m[K' from incompatible pointer type [[01;31m[K-Wincompatible-pointer-types[m[K]
6954 | pthread_mutex_unlock([01;31m[K&intr->mutex[m[K);
| [01;31m[K^~~~~~~~~~~~[m[K
| [01;31m[K|[m[K
| [01;31m[Kint *[m[K
[01m[K/usr/include/pthread.h:108:26:[m[K [01;36m[Knote: [m[Kexpected '[01m[Kpthread_mutex_t *[m[K' but argument is of type '[01m[Kint *[m[K'
108 | int pthread_mutex_unlock([01;36m[Kpthread_mutex_t *[m[K);
| [01;36m[K^~~~~~~~~~~~~~~~~[m[K
[01m[K../drivers/event/dlb2/pf/base/dlb2_resource.c:7007:30:[m[K [01;31m[Kerror: [m[Kpassing argument 1 of '[01m[Kpthread_mutex_unlock[m[K' from incompatible pointer type [[01;31m[K-Wincompatible-pointer-types[m[K]
7007 | pthread_mutex_unlock([01;31m[K&intr->mutex[m[K);
| [01;31m[K^~~~~~~~~~~~[m[K
| [01;31m[K|[m[K
| [01;31m[Kint *[m[K
[01m[K/usr/include/pthread.h:108:26:[m[K [01;36m[Knote: [m[Kexpected '[01m[Kpthread_mutex_t *[m[K' but argument is of type '[01m[Kint *[m[K'
108 | int pthread_mutex_unlock([01;36m[Kpthread_mutex_t *[m[K);
| [01;36m[K^~~~~~~~~~~~~~~~~[m[K
ninja: subcommand failed
==== End log output ====
Windows Server 2022
Kernel: 10.0.20348.2031
Compiler: clang 15.0.7, gcc 14.1.0 (MinGW), and MSVC VS 19.39.33521
FreeBSD 14.2
Kernel: 14.2-RELEASE
Compiler: clang 18.1.6
Ubuntu 20.04
Kernel: 4.19
Compiler: gcc gcc (Ubuntu 9.4.0-1ubuntu1~20.04.2) 9.4.0
CentOS Stream 9
Kernel: 5.15
Compiler: gcc gcc (GCC) 11.5.0 20240719 (Red Hat 11.5.0-7)
CentOS Stream 10
Kernel: 5.15
Compiler: gcc gcc (GCC) 14.2.1 20250110 (Red Hat 14.2.1-8)
Debian GNU/Linux 12
Kernel: 5.15
Compiler: gcc gcc (Debian 12.2.0-14+deb12u1) 12.2.0
Fedora Linux 40
Kernel: 5.15
Compiler: gcc gcc (GCC) 14.2.1 20240912 (Red Hat 14.2.1-3)
Fedora Linux 41
Kernel: 5.15
Compiler: clang gcc (GCC) 14.3.1 20250523 (Red Hat 14.3.1-1)
openSUSE Leap 15.6
Kernel: 5.15
Compiler: gcc gcc (SUSE Linux) 7.5.0
Red Hat Enterprise Linux 8.10
Kernel: 5.15
Compiler: gcc gcc (GCC) 8.5.0 20210514 (Red Hat 8.5.0-22)
Red Hat Enterprise Linux 9.5
Kernel: 5.15
Compiler: gcc gcc (GCC) 11.5.0 20240719 (Red Hat 11.5.0-2)
Ubuntu 22.04
Kernel: 5.15
Compiler: gcc gcc (Ubuntu 11.4.0-1ubuntu1~22.04) 11.4.0
Ubuntu 24.04
Kernel: 5.15
Compiler: gcc gcc (Ubuntu 13.3.0-6ubuntu2~24.04) 13.3.0
Alpine Linux 3.22.0
Kernel: 5.15
Compiler: gcc gcc (Alpine 14.2.0) 14.2.0
To view detailed results, visit:
https://lab.dpdk.org/results/dashboard/patchsets/33531/
UNH-IOL DPDK Community Lab
To manage your email subscriptions, visit:
https://lab.dpdk.org/results/dashboard/preferences/subscriptions/
More information about the test-report
mailing list