|FAILURE| pw154831-154835 [PATCH] [v5,5/5] net/mlx5: use consecutive

dpdklab at iol.unh.edu dpdklab at iol.unh.edu
Mon Jun 30 00:25:45 CEST 2025


Test-Label: iol-unit-arm64-testing
Test-Status: FAILURE
http://dpdk.org/patch/154835

_Testing issues_

Submitter: Bing Zhao <bingz at nvidia.com>
Date: Sunday, June 29 2025 17:23:03 
DPDK git baseline: Repo:dpdk
  Branch: master
  CommitID:5c0c1a13c34aa57c6e18f9ba852a9b5807c58b72

154831-154835 --> testing issues

Upstream job id: Generic-Unit-Test-DPDK#350802

Test environment and result as below:

+------------------------------+--------------+------------------------------+---------------------------+----------------+
|         Environment          | lpm_autotest | cryptodev_sw_snow3g_autotest | cryptodev_sw_zuc_autotest | dpdk_unit_test |
+==============================+==============+==============================+===========================+================+
| Ubuntu 20.04                 | PASS         | SKIPPED                      | SKIPPED                   | PEND           |
+------------------------------+--------------+------------------------------+---------------------------+----------------+
| Debian 12 (arm)              | SKIPPED      | WARN                         | PEND                      | SKIPPED        |
+------------------------------+--------------+------------------------------+---------------------------+----------------+
| CentOS Stream 9              | SKIPPED      | SKIPPED                      | SKIPPED                   | PEND           |
+------------------------------+--------------+------------------------------+---------------------------+----------------+
| Red Hat Enterprise Linux 9.5 | SKIPPED      | SKIPPED                      | SKIPPED                   | PEND           |
+------------------------------+--------------+------------------------------+---------------------------+----------------+
| Debian GNU/Linux 12          | SKIPPED      | SKIPPED                      | SKIPPED                   | PEND           |
+------------------------------+--------------+------------------------------+---------------------------+----------------+
| Fedora Linux 41              | SKIPPED      | SKIPPED                      | SKIPPED                   | PEND           |
+------------------------------+--------------+------------------------------+---------------------------+----------------+
| Fedora Linux 40              | SKIPPED      | SKIPPED                      | SKIPPED                   | PEND           |
+------------------------------+--------------+------------------------------+---------------------------+----------------+
| Ubuntu 24.04                 | SKIPPED      | SKIPPED                      | SKIPPED                   | PEND           |
+------------------------------+--------------+------------------------------+---------------------------+----------------+
| Ubuntu 22.04                 | SKIPPED      | SKIPPED                      | SKIPPED                   | PASS           |
+------------------------------+--------------+------------------------------+---------------------------+----------------+
| CentOS Stream 10             | SKIPPED      | SKIPPED                      | SKIPPED                   | PEND           |
+------------------------------+--------------+------------------------------+---------------------------+----------------+

==== 20 line log output for Debian 12 (arm) (cryptodev_sw_snow3g_autotest): ====
[2196/3732] Compiling C object drivers/libtmp_rte_net_nfp.a.p/net_nfp_nfpcore_nfp_resource.c.o
[2197/3732] Compiling C object drivers/libtmp_rte_net_nfp.a.p/net_nfp_nfpcore_nfp_nsp_eth.c.o
[2198/3732] Compiling C object drivers/libtmp_rte_net_nfp.a.p/net_nfp_nfpcore_nfp_sync.c.o
[2199/3732] Compiling C object drivers/libtmp_rte_net_nfp.a.p/net_nfp_nfpcore_nfp_rtsym.c.o
[2200/3732] Compiling C object drivers/libtmp_rte_net_nfp.a.p/net_nfp_nfpcore_nfp_target.c.o
[2201/3732] Compiling C object drivers/libtmp_rte_net_nfp.a.p/net_nfp_nfpcore_nfp6000_pcie.c.o
[2202/3732] Compiling C object drivers/libtmp_rte_net_nfp.a.p/net_nfp_nfp_ethdev.c.o
[2203/3732] Compiling C object drivers/libtmp_rte_net_mlx5.a.p/net_mlx5_mlx5_trigger.c.o
FAILED: drivers/libtmp_rte_net_mlx5.a.p/net_mlx5_mlx5_trigger.c.o
ccache cc -Idrivers/libtmp_rte_net_mlx5.a.p -Idrivers -I../drivers -Idrivers/net/mlx5 -I../drivers/net/mlx5 -Idrivers/net/mlx5/linux -I../drivers/net/mlx5/linux -Idrivers/net/mlx5/hws -I../drivers/net/mlx5/hws -Ilib/ethdev -I../lib/ethdev -Ilib/eal/common -I../lib/eal/common -I. -I.. -Iconfig -I../config -Ilib/eal/include -I../lib/eal/include -Ilib/eal/linux/include -I../lib/eal/linux/include -Ilib/eal/arm/include -I../lib/eal/arm/include -I../kernel/linux -Ilib/eal -I../lib/eal -Ilib/kvargs -I../lib/kvargs -Ilib/log -I../lib/log -Ilib/metrics -I../lib/metrics -Ilib/telemetry -I../lib/telemetry -Ilib/net -I../lib/net -Ilib/mbuf -I../lib/mbuf -Ilib/mempool -I../lib/mempool -Ilib/ring -I../lib/ring -Ilib/meter -I../lib/meter -Idrivers/bus/pci -I../drivers/bus/pci -I../drivers/bus/pci/linux -Ilib/pci -I../lib/pci -Idrivers/bus/vdev -I../drivers/bus/vdev -Ilib/hash -I../lib/hash -Ilib/rcu -I../lib/rcu -Idrivers/common/mlx5 -I../drivers/common/mlx5 -Idrivers/common/mlx5/linux -I../drivers
 /common/mlx5/linux -Idrivers/bus/auxiliary -I../drivers/bus/auxiliary -I/usr/include/libnl3 -fdiagnostics-color=always -pipe -D_FILE_OFFSET_BITS=64 -Wall -Winvalid-pch -Wextra -Werror -std=c11 -O3 -include rte_config.h -Wvla -Wcast-qual -Wdeprecated -Wformat -Wformat-nonliteral -Wformat-security -Wmissing-declarations -Wmissing-prototypes -Wnested-externs -Wold-style-definition -Wpointer-arith -Wsign-compare -Wstrict-prototypes -Wundef -Wwrite-strings -Wno-packed-not-aligned -Wno-missing-field-initializers -D_GNU_SOURCE -march=armv8-a+crc+crypto -fPIC -march=armv8-a+crc -moutline-atomics -DALLOW_EXPERIMENTAL_API -DALLOW_INTERNAL_API -Wno-format-truncation -Wno-address-of-packed-member -std=c11 -Wno-strict-prototypes -D_BSD_SOURCE -D_DEFAULT_SOURCE -D_XOPEN_SOURCE=600 -UPEDANTIC -Wno-vla -DRTE_LOG_DEFAULT_LOGTYPE=pmd.net.mlx5 -MD -MQ drivers/libtmp_rte_net_mlx5.a.p/net_mlx5_mlx5_trigger.c.o -MF drivers/libtmp_rte_net_mlx5.a.p/net_mlx5_mlx5_trigger.c.o.d -o drivers/libtmp_rte_net_mlx5
 .a.p/net_mlx5_mlx5_trigger.c.o -c ../drivers/net/mlx5/mlx5_trigger.c
../drivers/net/mlx5/mlx5_trigger.c: In function 'mlx5_dev_allocate_consec_tx_mem':
../drivers/net/mlx5/mlx5_trigger.c:1162:63: error: expected ';' before ')' token
1162 |         alignment = (size_t)1 << priv->sh->config.txq_mem_algn);
|                                                               ^
|                                                               ;
../drivers/net/mlx5/mlx5_trigger.c:1162:63: error: expected statement before ')' token
[2204/3732] Compiling C object drivers/libtmp_rte_net_nfp.a.p/net_nfp_nfp_cpp_bridge.c.o
[2205/3732] Compiling C object drivers/libtmp_rte_net_nfp.a.p/net_nfp_nfp_ethdev_vf.c.o
[2206/3732] Generating rte_net_netvsc.sym_chk with a custom command (wrapped by meson to capture output)
ninja: build stopped: subcommand failed.
==== End log output ====

Ubuntu 20.04
	Kernel: 5.4
	Compiler: gcc gcc (Ubuntu 9.4.0-1ubuntu1~20.04.2) 9.4.0

Debian 12 (arm)
	Kernel: Depends on container host
	Compiler: gcc (Debian 12.2.0-14) 12.2.0

CentOS Stream 9
	Kernel: 5.4
	Compiler: gcc gcc (GCC) 11.5.0 20240719 (Red Hat 11.5.0-7)

Red Hat Enterprise Linux 9.5
	Kernel: 5.4
	Compiler: gcc gcc (GCC) 11.5.0 20240719 (Red Hat 11.5.0-2)

Debian GNU/Linux 12
	Kernel: 5.4
	Compiler: gcc gcc (Debian 12.2.0-14+deb12u1) 12.2.0

Fedora Linux 41
	Kernel: 5.4
	Compiler: clang gcc (GCC) 14.3.1 20250523 (Red Hat 14.3.1-1)

Fedora Linux 40
	Kernel: 5.4
	Compiler: clang gcc (GCC) 14.2.1 20240912 (Red Hat 14.2.1-3)

Ubuntu 24.04
	Kernel: 5.4
	Compiler: gcc gcc (Ubuntu 13.3.0-6ubuntu2~24.04) 13.3.0

Ubuntu 22.04
	Kernel: 5.4
	Compiler: gcc gcc (Ubuntu 11.4.0-1ubuntu1~22.04) 11.4.0

CentOS Stream 10
	Kernel: 5.4
	Compiler: gcc gcc (GCC) 14.2.1 20250110 (Red Hat 14.2.1-8)

To view detailed results, visit:
https://lab.dpdk.org/results/dashboard/patchsets/33535/

UNH-IOL DPDK Community Lab

To manage your email subscriptions, visit: 
https://lab.dpdk.org/results/dashboard/preferences/subscriptions/


More information about the test-report mailing list