|FAILURE| pw152128-152129 [PATCH] [2/2] net/mlx5: fix error info in 
    dpdklab at iol.unh.edu 
    dpdklab at iol.unh.edu
       
    Sun Mar  2 01:59:19 CET 2025
    
    
  
Test-Label: iol-compile-amd64-testing
Test-Status: FAILURE
http://dpdk.org/patch/152129
_Testing issues_
Submitter: Maayan Kashani <mkashani at nvidia.com>
Date: Thursday, February 27 2025 10:45:28 
DPDK git baseline: Repo:dpdk
  Branch: master
  CommitID:5813fc4238f10b5cc2aa008b0116c977712820d7
152128-152129 --> testing issues
Upstream job id: Windows-Compile-DPDK-Native#26996
Test environment and result as below:
+---------------------+--------------------+-------------------+------------------+-------------------+-------------------------+----------------------+
|     Environment     | dpdk_meson_compile | dpdk_compile_spdk | dpdk_compile_ovs | dpdk_msvc_compile | dpdk_llvm_clang_compile | dpdk_mingw64_compile |
+=====================+====================+===================+==================+===================+=========================+======================+
| CentOS Stream 9     | PASS               | PASS              | SKIPPED          | SKIPPED           | SKIPPED                 | SKIPPED              |
+---------------------+--------------------+-------------------+------------------+-------------------+-------------------------+----------------------+
| CentOS Stream 10    | PASS               | SKIPPED           | SKIPPED          | SKIPPED           | SKIPPED                 | SKIPPED              |
+---------------------+--------------------+-------------------+------------------+-------------------+-------------------------+----------------------+
| Debian Bullseye     | FAIL               | WARN              | SKIPPED          | SKIPPED           | SKIPPED                 | SKIPPED              |
+---------------------+--------------------+-------------------+------------------+-------------------+-------------------------+----------------------+
| Debian 12           | PASS               | PASS              | SKIPPED          | SKIPPED           | SKIPPED                 | SKIPPED              |
+---------------------+--------------------+-------------------+------------------+-------------------+-------------------------+----------------------+
| Fedora 40 (Clang)   | PASS               | PASS              | SKIPPED          | SKIPPED           | SKIPPED                 | SKIPPED              |
+---------------------+--------------------+-------------------+------------------+-------------------+-------------------------+----------------------+
| Fedora 40           | PASS               | PASS              | SKIPPED          | SKIPPED           | SKIPPED                 | SKIPPED              |
+---------------------+--------------------+-------------------+------------------+-------------------+-------------------------+----------------------+
| Fedora 41 (Clang)   | PASS               | PASS              | PASS             | SKIPPED           | SKIPPED                 | SKIPPED              |
+---------------------+--------------------+-------------------+------------------+-------------------+-------------------------+----------------------+
| Fedora 41           | PASS               | PASS              | PASS             | SKIPPED           | SKIPPED                 | SKIPPED              |
+---------------------+--------------------+-------------------+------------------+-------------------+-------------------------+----------------------+
| openSUSE Leap 15    | PASS               | SKIPPED           | SKIPPED          | SKIPPED           | SKIPPED                 | SKIPPED              |
+---------------------+--------------------+-------------------+------------------+-------------------+-------------------------+----------------------+
| RHEL9               | PASS               | SKIPPED           | SKIPPED          | SKIPPED           | SKIPPED                 | SKIPPED              |
+---------------------+--------------------+-------------------+------------------+-------------------+-------------------------+----------------------+
| RHEL8               | PASS               | SKIPPED           | SKIPPED          | SKIPPED           | SKIPPED                 | SKIPPED              |
+---------------------+--------------------+-------------------+------------------+-------------------+-------------------------+----------------------+
| Ubuntu 20.04        | FAIL               | SKIPPED           | SKIPPED          | SKIPPED           | SKIPPED                 | SKIPPED              |
+---------------------+--------------------+-------------------+------------------+-------------------+-------------------------+----------------------+
| Ubuntu 22.04        | FAIL               | WARN              | SKIPPED          | SKIPPED           | SKIPPED                 | SKIPPED              |
+---------------------+--------------------+-------------------+------------------+-------------------+-------------------------+----------------------+
| Ubuntu 24.04        | PASS               | PASS              | PASS             | SKIPPED           | SKIPPED                 | SKIPPED              |
+---------------------+--------------------+-------------------+------------------+-------------------+-------------------------+----------------------+
| Alpine              | PASS               | SKIPPED           | SKIPPED          | SKIPPED           | SKIPPED                 | SKIPPED              |
+---------------------+--------------------+-------------------+------------------+-------------------+-------------------------+----------------------+
| FreeBSD 13.4        | PASS               | SKIPPED           | SKIPPED          | SKIPPED           | SKIPPED                 | SKIPPED              |
+---------------------+--------------------+-------------------+------------------+-------------------+-------------------------+----------------------+
| FreeBSD 14.2        | PASS               | SKIPPED           | SKIPPED          | SKIPPED           | SKIPPED                 | SKIPPED              |
+---------------------+--------------------+-------------------+------------------+-------------------+-------------------------+----------------------+
| Windows Server 2022 | SKIPPED            | SKIPPED           | SKIPPED          | PASS              | PASS                    | PASS                 |
+---------------------+--------------------+-------------------+------------------+-------------------+-------------------------+----------------------+
==== 20 line log output for Ubuntu 22.04 (dpdk_compile_spdk): ====
 --- Failed to get log output --- 
==== End log output ====
CentOS Stream 9
	Kernel: Depends on container host
	Compiler: gcc 11.5.0 20240719 (Red Hat 11.5.0-2)
CentOS Stream 10
	Kernel: Depends on container host
	Compiler: gcc 14.2.1 20241104 (Red Hat 14.2.1-6)
Debian Bullseye
	Kernel: Depends on container host
	Compiler: gcc (Debian 10.2.1-6) 10.2.1 20210110
Debian 12
	Kernel: Depends on container host
	Compiler: gcc (Debian 12.2.0-14) 12.2.0
Fedora 40 (Clang)
	Kernel: Depends on container host
	Compiler: clang 18.1.8 (Fedora 18.1.8-1.fc40)
Fedora 40
	Kernel: Depends on container host
	Compiler: gcc 14.2.1 20240912 (Red Hat 14.2.1-3)
Fedora 41 (Clang)
	Kernel: Depends on container host
	Compiler: clang 19.1.5 (Fedora 19.1.5-1.fc41)
Fedora 41
	Kernel: Depends on container host
	Compiler: gcc 14.2.1 20240912 (Red Hat 14.2.1-3)
openSUSE Leap 15
	Kernel: Depends on container host
	Compiler: gcc (SUSE Linux) 7.5.0
RHEL9
	Kernel: Depends on container host
	Compiler: gcc 11.5.0 20240719 (Red Hat 11.5.0-2)
RHEL8
	Kernel: Depends on container host
	Compiler: gcc 8.5.0 20210514 (Red Hat 8.5.0-22)
Ubuntu 20.04
	Kernel: Depends on container host
	Compiler: gcc (Ubuntu 9.4.0-1ubuntu1~20.04.2) 9.4.0
Ubuntu 22.04
	Kernel: Depends on container host
	Compiler: gcc (Ubuntu 11.4.0-1ubuntu1~22.04) 11.4.0
Ubuntu 24.04
	Kernel: Depends on container host
	Compiler: gcc (Ubuntu 13.3.0-6ubuntu2~24.04) 13.3.0
Alpine
	Kernel: Depends on container host
	Compiler: gcc (Alpine 14.2.0) 14.2.0
FreeBSD 13.4
	Kernel: 13.4-RELEASE-p1
	Compiler: clang 18.1.6
FreeBSD 14.2
	Kernel: 14.2-RELEASE
	Compiler: clang 18.1.6
Windows Server 2022
	Kernel: 10.0.20348.2031
	Compiler: clang 15.0.7, gcc 14.1.0 (MinGW), and MSVC VS 19.39.33521
To view detailed results, visit:
https://lab.dpdk.org/results/dashboard/patchsets/32707/
UNH-IOL DPDK Community Lab
To manage your email subscriptions, visit: 
https://lab.dpdk.org/results/dashboard/preferences/subscriptions/
    
    
More information about the test-report
mailing list