|WARNING| pw153224-153227 [PATCH] [v3,4/4] eal: add option for auto-

dpdklab at iol.unh.edu dpdklab at iol.unh.edu
Fri May 2 18:43:30 CEST 2025


Test-Label: iol-sample-apps-testing
Test-Status: WARNING
http://dpdk.org/patch/153227

_Testing issues_

Submitter: Bruce Richardson <bruce.richardson at intel.com>
Date: Friday, May 02 2025 15:11:34 
DPDK git baseline: Repo:dpdk
  Branch: master
  CommitID:ca1690ebd224f148268285b15b97441ccdbdd07e

153224-153227 --> testing issues

Upstream job id: ACVP-FIPS-testing#9693

Test environment and result as below:

+--------------------+----------------------+----------------------+
|    Environment     | compressdev_zlib_pmd | dpdk_fips_validation |
+====================+======================+======================+
| Ubuntu 22.04 (ARM) | FAIL                 | SKIPPED              |
+--------------------+----------------------+----------------------+
| Ubuntu 22.04       | FAIL                 | SKIPPED              |
+--------------------+----------------------+----------------------+
| Ubuntu 20.04       | SKIPPED              | PASS                 |
+--------------------+----------------------+----------------------+

==== 20 line log output for Ubuntu 22.04 (compressdev_zlib_pmd): ====
 --- Failed to get log output --- 
==== End log output ====

Ubuntu 22.04 (ARM)
	Kernel: 5.15.0-97-generic
	Compiler: gcc gcc (Ubuntu 11.4.0-1ubuntu1~22.04) 11.4.0

Ubuntu 22.04
	Kernel: 5.15.0-100-generic
	Compiler: gcc gcc (Ubuntu 11.4.0-1ubuntu1~22.04) 11.4.0

Ubuntu 20.04
	Kernel: Depends on container host
	Compiler: gcc (Ubuntu 9.4.0-1ubuntu1~20.04.2) 9.4.0

To view detailed results, visit:
https://lab.dpdk.org/results/dashboard/patchsets/33097/

UNH-IOL DPDK Community Lab

To manage your email subscriptions, visit: 
https://lab.dpdk.org/results/dashboard/preferences/subscriptions/


More information about the test-report mailing list