|FAILURE| pw153302 [PATCH] [1/1] buildtools: avoid break due to fail

dpdklab at iol.unh.edu dpdklab at iol.unh.edu
Tue May 6 00:33:20 CEST 2025


Test-Label: iol-compile-arm64-testing
Test-Status: FAILURE
http://dpdk.org/patch/153302

_Testing issues_

Submitter: Andre Muezerie <andremue at linux.microsoft.com>
Date: Monday, May 05 2025 19:46:45 
DPDK git baseline: Repo:dpdk
  Branch: master
  CommitID:ca1690ebd224f148268285b15b97441ccdbdd07e

153302 --> testing issues

Upstream job id: Generic-DPDK-Compile-Meson#385225

Test environment and result as below:

+------------------------------------+--------------------+
|            Environment             | dpdk_meson_compile |
+====================================+====================+
| RHEL9 (ARM)                        | PEND               |
+------------------------------------+--------------------+
| Ubuntu 20.04 ARM GCC Cross Compile | PEND               |
+------------------------------------+--------------------+
| Ubuntu 20.04 ARM SVE               | FAIL               |
+------------------------------------+--------------------+
| Debian 12 with MUSDK               | PASS               |
+------------------------------------+--------------------+
| Fedora 40 (ARM)                    | PEND               |
+------------------------------------+--------------------+
| Fedora 40 (ARM Clang)              | PEND               |
+------------------------------------+--------------------+
| Fedora 41 (ARM)                    | PEND               |
+------------------------------------+--------------------+
| Ubuntu 20.04 (ARM)                 | FAIL               |
+------------------------------------+--------------------+
| Ubuntu 22.04 (ARM)                 | PEND               |
+------------------------------------+--------------------+
| Ubuntu 24.04 (ARM)                 | PEND               |
+------------------------------------+--------------------+
| CentOS Stream 9 (ARM)              | PEND               |
+------------------------------------+--------------------+
| CentOS Stream 10 (ARM)             | PEND               |
+------------------------------------+--------------------+
| Debian 12 (arm)                    | PEND               |
+------------------------------------+--------------------+

==== 20 line log output for Ubuntu 20.04 (ARM) (dpdk_meson_compile): ====
[599/3694] Compiling C object lib/librte_node.a.p/node_null.c.o
[600/3694] Compiling C object lib/librte_node.a.p/node_pkt_cls.c.o
[601/3694] Compiling C object lib/librte_node.a.p/node_pkt_drop.c.o
[602/3694] Compiling C object lib/librte_node.a.p/node_udp4_input.c.o
[603/3694] Linking static target lib/librte_node.a
[604/3694] Generating rte_node_map with a custom command
[605/3694] Generating node.sym_chk with a custom command (wrapped by meson to capture output)
[606/3694] Linking target lib/librte_node.so.25.2
[607/3694] Generating symbol file lib/librte_node.so.25.2.p/librte_node.so.25.2.symbols
[608/3694] Compiling C object drivers/libtmp_rte_common_cpt.a.p/common_cpt_cpt_fpm_tables.c.o
[609/3694] Compiling C object drivers/libtmp_rte_common_cpt.a.p/common_cpt_cpt_pmd_ops_helper.c.o
[610/3694] Linking static target drivers/libtmp_rte_common_cpt.a
[611/3694] Generating rte_common_cpt.pmd.c with a custom command
FAILED: drivers/rte_common_cpt.pmd.c
/usr/bin/python3 ../buildtools/gen-pmdinfo-cfile.py /home-local/jenkins-local/jenkins-agent/workspace/Generic-DPDK-Compile-Meson at 3/dpdk/build/buildtools ar /home-local/jenkins-local/jenkins-agent/workspace/Generic-DPDK-Compile-Meson at 3/dpdk/build/drivers/libtmp_rte_common_cpt.a drivers/rte_common_cpt.pmd.c /usr/bin/python3 ../buildtools/pmdinfogen.py elf
Traceback (most recent call last):
File "../buildtools/gen-pmdinfo-cfile.py", line 12, in <module>
with tempfile.TemporaryDirectory(dir=tmp_root, ignore_cleanup_errors=True) as temp:
TypeError: __init__() got an unexpected keyword argument 'ignore_cleanup_errors'
ninja: build stopped: subcommand failed.
==== End log output ====

RHEL9 (ARM)
	Kernel: Depends on container host
	Compiler: gcc 11.5.0 20240719 (Red Hat 11.5.0-2)

Ubuntu 20.04 ARM GCC Cross Compile
	Kernel: Depends on container host
	Compiler: aarch64-linux-gnu-gcc (Ubuntu 9.4.0-1ubuntu1~20.04.2) 9.4.0

Ubuntu 20.04 ARM SVE
	Kernel: Depends on container host
	Compiler: gcc (Ubuntu 10.5.0-1ubuntu1~20.04) 10.5.0

Debian 12 with MUSDK
	Kernel: Depends on container host
	Compiler: gcc (Debian 12.2.0-14) 12.2.0

Fedora 40 (ARM)
	Kernel: Depends on container host
	Compiler: gcc 14.2.1 20240912 (Red Hat 14.2.1-3)

Fedora 40 (ARM Clang)
	Kernel: Depends on container host
	Compiler: clang 18.1.8 (Fedora 18.1.8-1.fc40)

Fedora 41 (ARM)
	Kernel: Depends on container host
	Compiler: gcc 14.2.1 20240912 (Red Hat 14.2.1-3)

Ubuntu 20.04 (ARM)
	Kernel: Depends on container host
	Compiler: gcc (Ubuntu 9.4.0-1ubuntu1~20.04.2) 9.4.0

Ubuntu 22.04 (ARM)
	Kernel: Depends on container host
	Compiler: gcc (Ubuntu 11.4.0-1ubuntu1~22.04) 11.4.0

Ubuntu 24.04 (ARM)
	Kernel: Depends on container host
	Compiler: gcc (Ubuntu 13.3.0-6ubuntu2~24.04) 13.3.0

CentOS Stream 9 (ARM)
	Kernel: Depends on container host
	Compiler: gcc 11.5.0 20240719 (Red Hat 11.5.0-2)

CentOS Stream 10 (ARM)
	Kernel: Depends on container host
	Compiler: gcc 14.2.1 20241104 (Red Hat 14.2.1-6)

Debian 12 (arm)
	Kernel: Depends on container host
	Compiler: gcc (Debian 12.2.0-14) 12.2.0

To view detailed results, visit:
https://lab.dpdk.org/results/dashboard/patchsets/33115/

UNH-IOL DPDK Community Lab

To manage your email subscriptions, visit: 
https://lab.dpdk.org/results/dashboard/preferences/subscriptions/


More information about the test-report mailing list