|WARNING| pw153302 [PATCH] [1/1] buildtools: avoid break due to fail
dpdklab at iol.unh.edu
dpdklab at iol.unh.edu
Tue May 6 02:41:03 CEST 2025
Test-Label: iol-abi-testing
Test-Status: WARNING
http://dpdk.org/patch/153302
_Testing issues_
Submitter: Andre Muezerie <andremue at linux.microsoft.com>
Date: Monday, May 05 2025 19:46:45
DPDK git baseline: Repo:dpdk
Branch: master
CommitID:ca1690ebd224f148268285b15b97441ccdbdd07e
153302 --> testing issues
Upstream job id: Generic-DPDK-Compile-ABI#125326
Test environment and result as below:
+-------------------+----------+
| Environment | abi_test |
+===================+==========+
| CentOS Stream 9 | FAIL |
+-------------------+----------+
| CentOS Stream 10 | PASS |
+-------------------+----------+
| Fedora 40 | PASS |
+-------------------+----------+
| Fedora 40 (Clang) | PASS |
+-------------------+----------+
| Fedora 41 (Clang) | PASS |
+-------------------+----------+
| openSUSE Leap 15 | PASS |
+-------------------+----------+
| RHEL8 | FAIL |
+-------------------+----------+
| RHEL9 | FAIL |
+-------------------+----------+
| Fedora 41 | PASS |
+-------------------+----------+
| Ubuntu 24.04 | PASS |
+-------------------+----------+
| Ubuntu 22.04 | PASS |
+-------------------+----------+
| Debian 12 | PASS |
+-------------------+----------+
==== 20 line log output for RHEL9 (abi_test): ====
[597/3668] Compiling C object lib/librte_node.a.p/node_log.c.o
[598/3668] Compiling C object lib/librte_node.a.p/node_null.c.o
[599/3668] Compiling C object lib/librte_node.a.p/node_pkt_cls.c.o
[600/3668] Compiling C object lib/librte_node.a.p/node_pkt_drop.c.o
[601/3668] Compiling C object lib/librte_node.a.p/node_udp4_input.c.o
[602/3668] Linking static target lib/librte_node.a
[603/3668] Generating rte_node_map with a custom command
[604/3668] Generating node.sym_chk with a custom command (wrapped by meson to capture output)
[605/3668] Linking target lib/librte_node.so.25.2
[606/3668] Compiling C object drivers/libtmp_rte_common_cpt.a.p/common_cpt_cpt_fpm_tables.c.o
[607/3668] Compiling C object drivers/libtmp_rte_common_cpt.a.p/common_cpt_cpt_pmd_ops_helper.c.o
[608/3668] Linking static target drivers/libtmp_rte_common_cpt.a
[609/3668] Generating rte_common_cpt.pmd.c with a custom command
FAILED: drivers/rte_common_cpt.pmd.c
/usr/bin/python3 ../buildtools/gen-pmdinfo-cfile.py /root/workspace/Generic-DPDK-Compile-ABI at 2/dpdk/build/buildtools ar /root/workspace/Generic-DPDK-Compile-ABI at 2/dpdk/build/drivers/libtmp_rte_common_cpt.a drivers/rte_common_cpt.pmd.c /usr/bin/python3 ../buildtools/pmdinfogen.py elf
Traceback (most recent call last):
File "/root/workspace/Generic-DPDK-Compile-ABI at 2/dpdk/build/../buildtools/gen-pmdinfo-cfile.py", line 12, in <module>
with tempfile.TemporaryDirectory(dir=tmp_root, ignore_cleanup_errors=True) as temp:
TypeError: __init__() got an unexpected keyword argument 'ignore_cleanup_errors'
ninja: build stopped: subcommand failed.
==== End log output ====
CentOS Stream 9
Kernel: Depends on container host
Compiler: gcc 11.5.0 20240719 (Red Hat 11.5.0-2)
CentOS Stream 10
Kernel: Depends on container host
Compiler: gcc 14.2.1 20241104 (Red Hat 14.2.1-6)
Fedora 40
Kernel: Depends on container host
Compiler: gcc 14.2.1 20240912 (Red Hat 14.2.1-3)
Fedora 40 (Clang)
Kernel: Depends on container host
Compiler: clang 18.1.8 (Fedora 18.1.8-1.fc40)
Fedora 41 (Clang)
Kernel: Depends on container host
Compiler: clang 19.1.5 (Fedora 19.1.5-1.fc41)
openSUSE Leap 15
Kernel: Depends on container host
Compiler: gcc (SUSE Linux) 7.5.0
RHEL8
Kernel: Depends on container host
Compiler: gcc 8.5.0 20210514 (Red Hat 8.5.0-22)
RHEL9
Kernel: Depends on container host
Compiler: gcc 11.5.0 20240719 (Red Hat 11.5.0-2)
Fedora 41
Kernel: Depends on container host
Compiler: gcc 14.2.1 20240912 (Red Hat 14.2.1-3)
Ubuntu 24.04
Kernel: Depends on container host
Compiler: gcc (Ubuntu 13.3.0-6ubuntu2~24.04) 13.3.0
Ubuntu 22.04
Kernel: Depends on container host
Compiler: gcc (Ubuntu 11.4.0-1ubuntu1~22.04) 11.4.0
Debian 12
Kernel: Depends on container host
Compiler: gcc (Debian 12.2.0-14) 12.2.0
To view detailed results, visit:
https://lab.dpdk.org/results/dashboard/patchsets/33115/
UNH-IOL DPDK Community Lab
To manage your email subscriptions, visit:
https://lab.dpdk.org/results/dashboard/preferences/subscriptions/
More information about the test-report
mailing list