|WARNING| pw153337 [PATCH] [v2,1/1] buildtools: avoid break due to f

dpdklab at iol.unh.edu dpdklab at iol.unh.edu
Wed May 7 06:36:33 CEST 2025


Test-Label: iol-abi-testing
Test-Status: WARNING
http://dpdk.org/patch/153337

_Testing issues_

Submitter: Andre Muezerie <andremue at linux.microsoft.com>
Date: Tuesday, May 06 2025 22:14:22 
DPDK git baseline: Repo:dpdk
  Branch: master
  CommitID:75f179ebe347b6098cf3af26d3d3b7168fe3fe24

153337 --> testing issues

Upstream job id: Generic-DPDK-Compile-ABI#125551

Test environment and result as below:

+-------------------+----------+
|    Environment    | abi_test |
+===================+==========+
| CentOS Stream 9   | FAIL     |
+-------------------+----------+
| Debian 12         | FAIL     |
+-------------------+----------+
| CentOS Stream 10  | FAIL     |
+-------------------+----------+
| Fedora 40 (Clang) | FAIL     |
+-------------------+----------+
| Fedora 41 (Clang) | FAIL     |
+-------------------+----------+
| Fedora 41         | FAIL     |
+-------------------+----------+
| RHEL8             | FAIL     |
+-------------------+----------+
| Fedora 40         | FAIL     |
+-------------------+----------+
| RHEL9             | FAIL     |
+-------------------+----------+
| Ubuntu 22.04      | FAIL     |
+-------------------+----------+
| Ubuntu 24.04      | FAIL     |
+-------------------+----------+
| openSUSE Leap 15  | FAIL     |
+-------------------+----------+

==== 20 line log output for openSUSE Leap 15 (abi_test): ====
[605/3647] Compiling C object drivers/libtmp_rte_common_cpt.a.p/common_cpt_cpt_fpm_tables.c.o
[606/3647] Generating rte_node_map with a custom command
[607/3647] Generating node.sym_chk with a custom command (wrapped by meson to capture output)
[608/3647] Compiling C object drivers/libtmp_rte_common_cpt.a.p/common_cpt_cpt_pmd_ops_helper.c.o
[609/3647] Linking static target drivers/libtmp_rte_common_cpt.a
[610/3647] Linking target lib/librte_node.so.25.2
[611/3647] Generating rte_common_cpt.pmd.c with a custom command
FAILED: drivers/rte_common_cpt.pmd.c
/usr/bin/python3 ../buildtools/gen-pmdinfo-cfile.py /root/workspace/Generic-DPDK-Compile-ABI/dpdk/build/buildtools ar drivers/rte_common_cpt.pmd.c.p /root/workspace/Generic-DPDK-Compile-ABI/dpdk/build/drivers/libtmp_rte_common_cpt.a drivers/rte_common_cpt.pmd.c /usr/bin/python3 ../buildtools/pmdinfogen.py elf
Traceback (most recent call last):
File "../buildtools/gen-pmdinfo-cfile.py", line 17, in <module>
check=True, cwd=tmp_dir)
File "/usr/lib64/python3.6/subprocess.py", line 423, in run
with Popen(*popenargs, **kwargs) as process:
File "/usr/lib64/python3.6/subprocess.py", line 729, in __init__
restore_signals, start_new_session)
File "/usr/lib64/python3.6/subprocess.py", line 1364, in _execute_child
raise child_exception_type(errno_num, err_msg, err_filename)
FileNotFoundError: [Errno 2] No such file or directory: 'drivers/rte_common_cpt.pmd.c.p': 'drivers/rte_common_cpt.pmd.c.p'
ninja: build stopped: subcommand failed.
==== End log output ====

CentOS Stream 9
	Kernel: Depends on container host
	Compiler: gcc 11.5.0 20240719 (Red Hat 11.5.0-2)

Debian 12
	Kernel: Depends on container host
	Compiler: gcc (Debian 12.2.0-14) 12.2.0

CentOS Stream 10
	Kernel: Depends on container host
	Compiler: gcc 14.2.1 20241104 (Red Hat 14.2.1-6)

Fedora 40 (Clang)
	Kernel: Depends on container host
	Compiler: clang 18.1.8 (Fedora 18.1.8-1.fc40)

Fedora 41 (Clang)
	Kernel: Depends on container host
	Compiler: clang 19.1.5 (Fedora 19.1.5-1.fc41)

Fedora 41
	Kernel: Depends on container host
	Compiler: gcc 14.2.1 20240912 (Red Hat 14.2.1-3)

RHEL8
	Kernel: Depends on container host
	Compiler: gcc 8.5.0 20210514 (Red Hat 8.5.0-22)

Fedora 40
	Kernel: Depends on container host
	Compiler: gcc 14.2.1 20240912 (Red Hat 14.2.1-3)

RHEL9
	Kernel: Depends on container host
	Compiler: gcc 11.5.0 20240719 (Red Hat 11.5.0-2)

Ubuntu 22.04
	Kernel: Depends on container host
	Compiler: gcc (Ubuntu 11.4.0-1ubuntu1~22.04) 11.4.0

Ubuntu 24.04
	Kernel: Depends on container host
	Compiler: gcc (Ubuntu 13.3.0-6ubuntu2~24.04) 13.3.0

openSUSE Leap 15
	Kernel: Depends on container host
	Compiler: gcc (SUSE Linux) 7.5.0

To view detailed results, visit:
https://lab.dpdk.org/results/dashboard/patchsets/33130/

UNH-IOL DPDK Community Lab

To manage your email subscriptions, visit: 
https://lab.dpdk.org/results/dashboard/preferences/subscriptions/


More information about the test-report mailing list