|FAILURE| pw153337 [PATCH] [v2,1/1] buildtools: avoid break due to f

dpdklab at iol.unh.edu dpdklab at iol.unh.edu
Wed May 7 09:05:09 CEST 2025


Test-Label: iol-compile-arm64-testing
Test-Status: FAILURE
http://dpdk.org/patch/153337

_Testing issues_

Submitter: Andre Muezerie <andremue at linux.microsoft.com>
Date: Tuesday, May 06 2025 22:14:22 
DPDK git baseline: Repo:dpdk
  Branch: master
  CommitID:75f179ebe347b6098cf3af26d3d3b7168fe3fe24

153337 --> testing issues

Upstream job id: Generic-DPDK-Compile-Meson#385883

Test environment and result as below:

+----------------------------------------+--------------------+
|              Environment               | dpdk_meson_compile |
+========================================+====================+
| RHEL9 (ARM)                            | FAIL               |
+----------------------------------------+--------------------+
| Ubuntu 20.04 ARM GCC Cross Compile     | FAIL               |
+----------------------------------------+--------------------+
| Ubuntu 20.04 ARM SVE                   | FAIL               |
+----------------------------------------+--------------------+
| Fedora 40 (ARM)                        | FAIL               |
+----------------------------------------+--------------------+
| Fedora 41 (ARM Clang)                  | FAIL               |
+----------------------------------------+--------------------+
| Fedora 41 (ARM)                        | FAIL               |
+----------------------------------------+--------------------+
| Fedora 40 (ARM Clang)                  | FAIL               |
+----------------------------------------+--------------------+
| Ubuntu 20.04 (ARM)                     | FAIL               |
+----------------------------------------+--------------------+
| Ubuntu 24.04 (ARM)                     | FAIL               |
+----------------------------------------+--------------------+
| Ubuntu 22.04 (ARM)                     | FAIL               |
+----------------------------------------+--------------------+
| CentOS Stream 9 (ARM)                  | FAIL               |
+----------------------------------------+--------------------+
| CentOS Stream 10 (ARM)                 | FAIL               |
+----------------------------------------+--------------------+
| Debian 12 (arm)                        | FAIL               |
+----------------------------------------+--------------------+
| Ubuntu 20.04 ARM Clang Cross Compile   | FAIL               |
+----------------------------------------+--------------------+
| Ubuntu 20.04 aarch32 GCC Cross Compile | FAIL               |
+----------------------------------------+--------------------+
| Debian 12 with MUSDK                   | FAIL               |
+----------------------------------------+--------------------+

==== 20 line log output for Debian 12 with MUSDK (dpdk_meson_compile): ====
[603/1363] Generating node.sym_chk with a custom command (wrapped by meson to capture output)
[604/1363] Linking target lib/librte_node.so.25.2
[605/1363] Generating symbol file lib/librte_node.so.25.2.p/librte_node.so.25.2.symbols
[606/1363] Compiling C object drivers/libtmp_rte_common_ionic.a.p/common_ionic_ionic_common_uio.c.o
[607/1363] Linking static target drivers/libtmp_rte_common_ionic.a
[608/1363] Generating rte_common_ionic.pmd.c with a custom command
FAILED: drivers/rte_common_ionic.pmd.c
/usr/bin/python3 ../buildtools/gen-pmdinfo-cfile.py /home-local/jenkins-local/jenkins-agent/workspace/Generic-DPDK-Compile-Meson/dpdk/build/buildtools ar drivers/rte_common_ionic.pmd.c.p /home-local/jenkins-local/jenkins-agent/workspace/Generic-DPDK-Compile-Meson/dpdk/build/drivers/libtmp_rte_common_ionic.a drivers/rte_common_ionic.pmd.c /usr/bin/python3 ../buildtools/pmdinfogen.py elf
Traceback (most recent call last):
File "/home-local/jenkins-local/jenkins-agent/workspace/Generic-DPDK-Compile-Meson/dpdk/build/../buildtools/gen-pmdinfo-cfile.py", line 16, in <module>
subprocess.run([ar, "x", os.path.abspath(archive), name],
File "/usr/lib/python3.11/subprocess.py", line 548, in run
with Popen(*popenargs, **kwargs) as process:
^^^^^^^^^^^^^^^^^^^^^^^^^^^
File "/usr/lib/python3.11/subprocess.py", line 1024, in __init__
self._execute_child(args, executable, preexec_fn, close_fds,
File "/usr/lib/python3.11/subprocess.py", line 1901, in _execute_child
raise child_exception_type(errno_num, err_msg, err_filename)
FileNotFoundError: [Errno 2] No such file or directory: 'drivers/rte_common_ionic.pmd.c.p'
ninja: build stopped: subcommand failed.
==== End log output ====

RHEL9 (ARM)
	Kernel: Depends on container host
	Compiler: gcc 11.5.0 20240719 (Red Hat 11.5.0-2)

Ubuntu 20.04 ARM GCC Cross Compile
	Kernel: Depends on container host
	Compiler: aarch64-linux-gnu-gcc (Ubuntu 9.4.0-1ubuntu1~20.04.2) 9.4.0

Ubuntu 20.04 ARM SVE
	Kernel: Depends on container host
	Compiler: gcc (Ubuntu 10.5.0-1ubuntu1~20.04) 10.5.0

Fedora 40 (ARM)
	Kernel: Depends on container host
	Compiler: gcc 14.2.1 20240912 (Red Hat 14.2.1-3)

Fedora 41 (ARM Clang)
	Kernel: Depends on container host
	Compiler: clang 19.1.5 (Fedora 19.1.5-1.fc41)

Fedora 41 (ARM)
	Kernel: Depends on container host
	Compiler: gcc 14.2.1 20240912 (Red Hat 14.2.1-3)

Fedora 40 (ARM Clang)
	Kernel: Depends on container host
	Compiler: clang 18.1.8 (Fedora 18.1.8-1.fc40)

Ubuntu 20.04 (ARM)
	Kernel: Depends on container host
	Compiler: gcc (Ubuntu 9.4.0-1ubuntu1~20.04.2) 9.4.0

Ubuntu 24.04 (ARM)
	Kernel: Depends on container host
	Compiler: gcc (Ubuntu 13.3.0-6ubuntu2~24.04) 13.3.0

Ubuntu 22.04 (ARM)
	Kernel: Depends on container host
	Compiler: gcc (Ubuntu 11.4.0-1ubuntu1~22.04) 11.4.0

CentOS Stream 9 (ARM)
	Kernel: Depends on container host
	Compiler: gcc 11.5.0 20240719 (Red Hat 11.5.0-2)

CentOS Stream 10 (ARM)
	Kernel: Depends on container host
	Compiler: gcc 14.2.1 20241104 (Red Hat 14.2.1-6)

Debian 12 (arm)
	Kernel: Depends on container host
	Compiler: gcc (Debian 12.2.0-14) 12.2.0

Ubuntu 20.04 ARM Clang Cross Compile
	Kernel: Depends on container host
	Compiler: clang 10.0.0-4ubuntu1

Ubuntu 20.04 aarch32 GCC Cross Compile
	Kernel: Depends on container host
	Compiler: gcc 9.4.0

Debian 12 with MUSDK
	Kernel: Depends on container host
	Compiler: gcc (Debian 12.2.0-14) 12.2.0

To view detailed results, visit:
https://lab.dpdk.org/results/dashboard/patchsets/33130/

UNH-IOL DPDK Community Lab

To manage your email subscriptions, visit: 
https://lab.dpdk.org/results/dashboard/preferences/subscriptions/


More information about the test-report mailing list