|FAILURE| pw153395-153407 [PATCH] [v2,13/13] net/intel: add common T

dpdklab at iol.unh.edu dpdklab at iol.unh.edu
Mon May 12 14:18:01 CEST 2025


Test-Label: iol-compile-arm64-testing
Test-Status: FAILURE
http://dpdk.org/patch/153407

_Testing issues_

Submitter: Anatoly Burakov <anatoly.burakov at intel.com>
Date: Monday, May 12 2025 10:58:38 
DPDK git baseline: Repo:dpdk
  Branch: master
  CommitID:7cf0355db9fdab5648b05fd787356c391c510534

153395-153407 --> testing issues

Upstream job id: Generic-DPDK-Compile-Meson#387274

Test environment and result as below:

+----------------------------------------+--------------------+
|              Environment               | dpdk_meson_compile |
+========================================+====================+
| RHEL9 (ARM)                            | FAIL               |
+----------------------------------------+--------------------+
| Ubuntu 20.04 ARM GCC Cross Compile     | PEND               |
+----------------------------------------+--------------------+
| Ubuntu 20.04 ARM SVE                   | PASS               |
+----------------------------------------+--------------------+
| Debian 12 with MUSDK                   | FAIL               |
+----------------------------------------+--------------------+
| Fedora 40 (ARM)                        | FAIL               |
+----------------------------------------+--------------------+
| Fedora 41 (ARM)                        | PEND               |
+----------------------------------------+--------------------+
| Fedora 41 (ARM Clang)                  | PEND               |
+----------------------------------------+--------------------+
| Ubuntu 20.04 (ARM)                     | PEND               |
+----------------------------------------+--------------------+
| CentOS Stream 10 (ARM)                 | PEND               |
+----------------------------------------+--------------------+
| CentOS Stream 9 (ARM)                  | PEND               |
+----------------------------------------+--------------------+
| Ubuntu 22.04 (ARM)                     | PEND               |
+----------------------------------------+--------------------+
| Ubuntu 24.04 (ARM)                     | PEND               |
+----------------------------------------+--------------------+
| Ubuntu 20.04 ARM Clang Cross Compile   | PEND               |
+----------------------------------------+--------------------+
| Debian 12 (arm)                        | PEND               |
+----------------------------------------+--------------------+
| Ubuntu 20.04 aarch32 GCC Cross Compile | PEND               |
+----------------------------------------+--------------------+

==== 20 line log output for Fedora 40 (ARM) (dpdk_meson_compile): ====
[1915/3702] Compiling C object drivers/libtmp_rte_net_iavf.a.p/net_intel_iavf_iavf_rxtx.c.o
[1916/3702] Compiling C object drivers/libtmp_rte_net_iavf.a.p/net_intel_iavf_iavf_vchnl.c.o
[1917/3702] Compiling C object drivers/libtmp_rte_net_iavf.a.p/net_intel_iavf_iavf_generic_flow.c.o
[1918/3702] Compiling C object drivers/libtmp_rte_net_iavf.a.p/net_intel_iavf_iavf_fdir.c.o
[1919/3702] Compiling C object drivers/libtmp_rte_net_iavf.a.p/net_intel_iavf_iavf_hash.c.o
[1920/3702] Compiling C object drivers/libtmp_rte_net_iavf.a.p/net_intel_iavf_iavf_tm.c.o
[1921/3702] Compiling C object drivers/libtmp_rte_net_iavf.a.p/net_intel_iavf_iavf_ipsec_crypto.c.o
[1922/3702] Compiling C object drivers/libtmp_rte_net_iavf.a.p/net_intel_iavf_iavf_fsub.c.o
[1923/3702] Compiling C object drivers/libtmp_rte_net_iavf.a.p/net_intel_iavf_iavf_rxtx_vec_neon.c.o
FAILED: drivers/libtmp_rte_net_iavf.a.p/net_intel_iavf_iavf_rxtx_vec_neon.c.o
ccache cc -Idrivers/libtmp_rte_net_iavf.a.p -Idrivers -I../drivers -Idrivers/net/intel/iavf -I../drivers/net/intel/iavf -I../drivers/net/intel/iavf/base -Ilib/ethdev -I../lib/ethdev -Ilib/eal/common -I../lib/eal/common -I. -I.. -Iconfig -I../config -Ilib/eal/include -I../lib/eal/include -Ilib/eal/linux/include -I../lib/eal/linux/include -Ilib/eal/arm/include -I../lib/eal/arm/include -I../kernel/linux -Ilib/eal -I../lib/eal -Ilib/kvargs -I../lib/kvargs -Ilib/log -I../lib/log -Ilib/metrics -I../lib/metrics -Ilib/telemetry -I../lib/telemetry -Ilib/net -I../lib/net -Ilib/mbuf -I../lib/mbuf -Ilib/mempool -I../lib/mempool -Ilib/ring -I../lib/ring -Ilib/meter -I../lib/meter -Idrivers/bus/pci -I../drivers/bus/pci -I../drivers/bus/pci/linux -Ilib/pci -I../lib/pci -Idrivers/bus/vdev -I../drivers/bus/vdev -Ilib/security -I../lib/security -Ilib/cryptodev -I../lib/cryptodev -Ilib/rcu -I../lib/rcu -fdiagnostics-color=always -pipe -D_FILE_OFFSET_BITS=64 -Wall -Winvalid-pch -Wextra -Werror -std=c11 
 -O3 -include rte_config.h -Wvla -Wcast-qual -Wdeprecated -Wformat -Wformat-nonliteral -Wformat-security -Wmissing-declarations -Wmissing-prototypes -Wnested-externs -Wold-style-definition -Wpointer-arith -Wsign-compare -Wstrict-prototypes -Wundef -Wwrite-strings -Wno-packed-not-aligned -Wno-missing-field-initializers -D_GNU_SOURCE -fPIC -march=armv8.1-a+crc+crypto -DALLOW_EXPERIMENTAL_API -DALLOW_INTERNAL_API -Wno-format-truncation -Wno-address-of-packed-member -DRTE_LOG_DEFAULT_LOGTYPE=pmd.net.iavf -MD -MQ drivers/libtmp_rte_net_iavf.a.p/net_intel_iavf_iavf_rxtx_vec_neon.c.o -MF drivers/libtmp_rte_net_iavf.a.p/net_intel_iavf_iavf_rxtx_vec_neon.c.o.d -o drivers/libtmp_rte_net_iavf.a.p/net_intel_iavf_iavf_rxtx_vec_neon.c.o -c ../drivers/net/intel/iavf/iavf_rxtx_vec_neon.c
../drivers/net/intel/iavf/iavf_rxtx_vec_neon.c: In function '_recv_raw_pkts_vec':
../drivers/net/intel/iavf/iavf_rxtx_vec_neon.c:177:29: error: pointer of type 'void *' used in arithmetic [-Werror=pointer-arith]
177 |         rxdp = rxq->rx_ring + rxq->rx_tail;
|                             ^
../drivers/net/intel/iavf/iavf_rxtx_vec_neon.c:197:17: error: assignment to 'struct rte_mbuf **' from incompatible pointer type 'struct ci_rx_entry *' [-Wincompatible-pointer-types]
197 |         sw_ring = &rxq->sw_ring[rxq->rx_tail];
|                 ^
cc1: all warnings being treated as errors
ninja: build stopped: subcommand failed.
==== End log output ====

RHEL9 (ARM)
	Kernel: Depends on container host
	Compiler: gcc 11.5.0 20240719 (Red Hat 11.5.0-2)

Ubuntu 20.04 ARM GCC Cross Compile
	Kernel: Depends on container host
	Compiler: aarch64-linux-gnu-gcc (Ubuntu 9.4.0-1ubuntu1~20.04.2) 9.4.0

Ubuntu 20.04 ARM SVE
	Kernel: Depends on container host
	Compiler: gcc (Ubuntu 10.5.0-1ubuntu1~20.04) 10.5.0

Debian 12 with MUSDK
	Kernel: Depends on container host
	Compiler: gcc (Debian 12.2.0-14) 12.2.0

Fedora 40 (ARM)
	Kernel: Depends on container host
	Compiler: gcc 14.2.1 20240912 (Red Hat 14.2.1-3)

Fedora 41 (ARM)
	Kernel: Depends on container host
	Compiler: gcc 14.2.1 20240912 (Red Hat 14.2.1-3)

Fedora 41 (ARM Clang)
	Kernel: Depends on container host
	Compiler: clang 19.1.5 (Fedora 19.1.5-1.fc41)

Ubuntu 20.04 (ARM)
	Kernel: Depends on container host
	Compiler: gcc (Ubuntu 9.4.0-1ubuntu1~20.04.2) 9.4.0

CentOS Stream 10 (ARM)
	Kernel: Depends on container host
	Compiler: gcc 14.2.1 20241104 (Red Hat 14.2.1-6)

CentOS Stream 9 (ARM)
	Kernel: Depends on container host
	Compiler: gcc 11.5.0 20240719 (Red Hat 11.5.0-2)

Ubuntu 22.04 (ARM)
	Kernel: Depends on container host
	Compiler: gcc (Ubuntu 11.4.0-1ubuntu1~22.04) 11.4.0

Ubuntu 24.04 (ARM)
	Kernel: Depends on container host
	Compiler: gcc (Ubuntu 13.3.0-6ubuntu2~24.04) 13.3.0

Ubuntu 20.04 ARM Clang Cross Compile
	Kernel: Depends on container host
	Compiler: clang 10.0.0-4ubuntu1

Debian 12 (arm)
	Kernel: Depends on container host
	Compiler: gcc (Debian 12.2.0-14) 12.2.0

Ubuntu 20.04 aarch32 GCC Cross Compile
	Kernel: Depends on container host
	Compiler: gcc 9.4.0

To view detailed results, visit:
https://lab.dpdk.org/results/dashboard/patchsets/33155/

UNH-IOL DPDK Community Lab

To manage your email subscriptions, visit: 
https://lab.dpdk.org/results/dashboard/preferences/subscriptions/


More information about the test-report mailing list