|FAILURE| pw153427 [PATCH] [v2] build: automatically report minimum
dpdklab at iol.unh.edu
dpdklab at iol.unh.edu
Tue May 13 12:09:14 CEST 2025
Test-Label: iol-unit-arm64-testing
Test-Status: FAILURE
http://dpdk.org/patch/153427
_Testing issues_
Submitter: Bruce Richardson <bruce.richardson at intel.com>
Date: Tuesday, May 13 2025 08:59:42
DPDK git baseline: Repo:dpdk
Branch: master
CommitID:2bf836de46d36a81f9321f947fbfce52b3180782
153427 --> testing issues
Upstream job id: Generic-Unit-Test-DPDK#337410
Test environment and result as below:
+-----------------------------+---------------------------+----------------+--------------+------------------------------+
| Environment | cryptodev_sw_zuc_autotest | dpdk_unit_test | lpm_autotest | cryptodev_sw_snow3g_autotest |
+=============================+===========================+================+==============+==============================+
| Debian 12 (arm) | FAIL | FAIL | SKIPPED | PEND |
+-----------------------------+---------------------------+----------------+--------------+------------------------------+
| Fedora 41 (ARM Clang) | SKIPPED | FAIL | SKIPPED | SKIPPED |
+-----------------------------+---------------------------+----------------+--------------+------------------------------+
| CentOS Stream 9 (ARM) | SKIPPED | PASS | SKIPPED | SKIPPED |
+-----------------------------+---------------------------+----------------+--------------+------------------------------+
| Fedora 40 (ARM Clang) | SKIPPED | PEND | SKIPPED | SKIPPED |
+-----------------------------+---------------------------+----------------+--------------+------------------------------+
| Fedora 40 (ARM) | SKIPPED | PEND | SKIPPED | SKIPPED |
+-----------------------------+---------------------------+----------------+--------------+------------------------------+
| CentOS Stream 10 (ARM) | SKIPPED | FAIL | SKIPPED | SKIPPED |
+-----------------------------+---------------------------+----------------+--------------+------------------------------+
| Fedora 41 (ARM) | SKIPPED | FAIL | SKIPPED | SKIPPED |
+-----------------------------+---------------------------+----------------+--------------+------------------------------+
| Ubuntu 22.04 (ARM) | SKIPPED | PEND | SKIPPED | SKIPPED |
+-----------------------------+---------------------------+----------------+--------------+------------------------------+
| Ubuntu 24.04 (ARM) | SKIPPED | FAIL | SKIPPED | SKIPPED |
+-----------------------------+---------------------------+----------------+--------------+------------------------------+
| RHEL9 (ARM) | SKIPPED | PEND | SKIPPED | SKIPPED |
+-----------------------------+---------------------------+----------------+--------------+------------------------------+
| Ubuntu 20.04 (ARM) | SKIPPED | PEND | SKIPPED | SKIPPED |
+-----------------------------+---------------------------+----------------+--------------+------------------------------+
| 32-bit Ubuntu 22.04.4 (ARM) | SKIPPED | PEND | SKIPPED | SKIPPED |
+-----------------------------+---------------------------+----------------+--------------+------------------------------+
| Ubuntu 20.04 ARM SVE | SKIPPED | SKIPPED | PEND | SKIPPED |
+-----------------------------+---------------------------+----------------+--------------+------------------------------+
==== Unit test summary for Ubuntu 24.04 (ARM) (dpdk_unit_test): ====
ninja: Entering directory `/home-local/jenkins-local/jenkins-agent/workspace/Generic-Unit-Test-DPDK/dpdk/build'
ninja: no work to do.
Ok: 0
Expected Fail: 0
Fail: 0
Unexpected Pass: 0
Skipped: 0
Timeout: 0
Full log written to /home-local/jenkins-local/jenkins-agent/workspace/Generic-Unit-Test-DPDK/dpdk/build/meson-logs/testlog.txt
==== End log output ====
Debian 12 (arm)
Kernel: Depends on container host
Compiler: gcc (Debian 12.2.0-14) 12.2.0
Fedora 41 (ARM Clang)
Kernel: Depends on container host
Compiler: clang 19.1.5 (Fedora 19.1.5-1.fc41)
CentOS Stream 9 (ARM)
Kernel: Depends on container host
Compiler: gcc 11.5.0 20240719 (Red Hat 11.5.0-2)
Fedora 40 (ARM Clang)
Kernel: Depends on container host
Compiler: clang 18.1.8 (Fedora 18.1.8-1.fc40)
Fedora 40 (ARM)
Kernel: Depends on container host
Compiler: gcc 14.2.1 20240912 (Red Hat 14.2.1-3)
CentOS Stream 10 (ARM)
Kernel: Depends on container host
Compiler: gcc 14.2.1 20241104 (Red Hat 14.2.1-6)
Fedora 41 (ARM)
Kernel: Depends on container host
Compiler: gcc 14.2.1 20240912 (Red Hat 14.2.1-3)
Ubuntu 22.04 (ARM)
Kernel: Depends on container host
Compiler: gcc (Ubuntu 11.4.0-1ubuntu1~22.04) 11.4.0
Ubuntu 24.04 (ARM)
Kernel: Depends on container host
Compiler: gcc (Ubuntu 13.3.0-6ubuntu2~24.04) 13.3.0
RHEL9 (ARM)
Kernel: Depends on container host
Compiler: gcc 11.5.0 20240719 (Red Hat 11.5.0-2)
Ubuntu 20.04 (ARM)
Kernel: Depends on container host
Compiler: gcc (Ubuntu 9.4.0-1ubuntu1~20.04.2) 9.4.0
32-bit Ubuntu 22.04.4 (ARM)
Kernel: 5.15.83+ aarch64
Compiler: gcc (Ubuntu 11.4.0-1ubuntu1~22.04) 11.4.0
Ubuntu 20.04 ARM SVE
Kernel: Depends on container host
Compiler: gcc (Ubuntu 10.5.0-1ubuntu1~20.04) 10.5.0
To view detailed results, visit:
https://lab.dpdk.org/results/dashboard/patchsets/33162/
UNH-IOL DPDK Community Lab
To manage your email subscriptions, visit:
https://lab.dpdk.org/results/dashboard/preferences/subscriptions/
More information about the test-report
mailing list