|WARNING| pw153429-153431 [PATCH] [v4,3/3] doc: provide examples of 
    dpdklab at iol.unh.edu 
    dpdklab at iol.unh.edu
       
    Tue May 13 19:30:28 CEST 2025
    
    
  
Test-Label: iol-sample-apps-testing
Test-Status: WARNING
http://dpdk.org/patch/153431
_Testing issues_
Submitter: Bruce Richardson <bruce.richardson at intel.com>
Date: Tuesday, May 13 2025 16:17:10 
DPDK git baseline: Repo:dpdk
  Branch: master
  CommitID:2bf836de46d36a81f9321f947fbfce52b3180782
153429-153431 --> testing issues
Upstream job id: Template-DTS-Pipeline#225586
Test environment and result as below:
+--------------------+----------------------+----------------------+
|    Environment     | dpdk_fips_validation | compressdev_zlib_pmd |
+====================+======================+======================+
| Ubuntu 20.04       | PASS                 | SKIPPED              |
+--------------------+----------------------+----------------------+
| Ubuntu 22.04 (ARM) | SKIPPED              | FAIL                 |
+--------------------+----------------------+----------------------+
| Ubuntu 22.04       | SKIPPED              | FAIL                 |
+--------------------+----------------------+----------------------+
==== 20 line log output for Ubuntu 22.04 (compressdev_zlib_pmd): ====
 --- Failed to get log output --- 
==== End log output ====
Ubuntu 20.04
	Kernel: Depends on container host
	Compiler: gcc (Ubuntu 9.4.0-1ubuntu1~20.04.2) 9.4.0
Ubuntu 22.04 (ARM)
	Kernel: 5.15.0-97-generic
	Compiler: gcc gcc (Ubuntu 11.4.0-1ubuntu1~22.04) 11.4.0
Ubuntu 22.04
	Kernel: 5.15.0-100-generic
	Compiler: gcc gcc (Ubuntu 11.4.0-1ubuntu1~22.04) 11.4.0
To view detailed results, visit:
https://lab.dpdk.org/results/dashboard/patchsets/33164/
UNH-IOL DPDK Community Lab
To manage your email subscriptions, visit: 
https://lab.dpdk.org/results/dashboard/preferences/subscriptions/
    
    
More information about the test-report
mailing list