|WARNING| pw153840-153857 [PATCH] [v1,18/18] drivers/net: add hinic3

dpdklab at iol.unh.edu dpdklab at iol.unh.edu
Fri May 30 05:39:31 CEST 2025


Test-Label: iol-unit-arm64-testing
Test-Status: WARNING
http://dpdk.org/patch/153857

_Testing issues_

Submitter: Feifei <wff_light at vip.163.com>
Date: Thursday, May 29 2025 08:15:17 
DPDK git baseline: Repo:dpdk
  Branch: master
  CommitID:466db466e2938c0d4e7f3dd75435483133f98770

153840-153857 --> testing issues

Upstream job id: Generic-Unit-Test-DPDK#341780

Test environment and result as below:

+------------------------------+--------------+---------------------------+------------------------------+----------------+
|         Environment          | lpm_autotest | cryptodev_sw_zuc_autotest | cryptodev_sw_snow3g_autotest | dpdk_unit_test |
+==============================+==============+===========================+==============================+================+
| Ubuntu 20.04                 | PASS         | SKIPPED                   | SKIPPED                      | PASS           |
+------------------------------+--------------+---------------------------+------------------------------+----------------+
| Debian 12 (arm)              | SKIPPED      | PASS                      | PASS                         | SKIPPED        |
+------------------------------+--------------+---------------------------+------------------------------+----------------+
| CentOS Stream 10 (ARM)       | SKIPPED      | SKIPPED                   | SKIPPED                      | PASS           |
+------------------------------+--------------+---------------------------+------------------------------+----------------+
| CentOS Stream 9 (ARM)        | SKIPPED      | SKIPPED                   | SKIPPED                      | PASS           |
+------------------------------+--------------+---------------------------+------------------------------+----------------+
| Debian GNU/Linux 12          | SKIPPED      | SKIPPED                   | SKIPPED                      | PASS           |
+------------------------------+--------------+---------------------------+------------------------------+----------------+
| Fedora 40 (ARM)              | SKIPPED      | SKIPPED                   | SKIPPED                      | PASS           |
+------------------------------+--------------+---------------------------+------------------------------+----------------+
| Red Hat Enterprise Linux 9.5 | SKIPPED      | SKIPPED                   | SKIPPED                      | PASS           |
+------------------------------+--------------+---------------------------+------------------------------+----------------+
| Fedora 41 (ARM)              | SKIPPED      | SKIPPED                   | SKIPPED                      | PASS           |
+------------------------------+--------------+---------------------------+------------------------------+----------------+
| Fedora 41 (ARM Clang)        | SKIPPED      | SKIPPED                   | SKIPPED                      | WARN           |
+------------------------------+--------------+---------------------------+------------------------------+----------------+
| Fedora 40 (ARM Clang)        | SKIPPED      | SKIPPED                   | SKIPPED                      | WARN           |
+------------------------------+--------------+---------------------------+------------------------------+----------------+
| Ubuntu 22.04                 | SKIPPED      | SKIPPED                   | SKIPPED                      | PASS           |
+------------------------------+--------------+---------------------------+------------------------------+----------------+
| Ubuntu 24.04                 | SKIPPED      | SKIPPED                   | SKIPPED                      | PASS           |
+------------------------------+--------------+---------------------------+------------------------------+----------------+

==== 20 line log output for Fedora 40 (ARM Clang) (dpdk_unit_test): ====
227 |         ret = vsprintf(show_str + *show_len, fmt, args);
|                                              ^~~
1 error generated.
[1803/3730] Compiling C object drivers/net/hinic3/mml/libhinic3_mml.a.p/hinic3_mml_lib.c.o
FAILED: drivers/net/hinic3/mml/libhinic3_mml.a.p/hinic3_mml_lib.c.o
clang -Idrivers/net/hinic3/mml/libhinic3_mml.a.p -Idrivers/net/hinic3/mml -I../drivers/net/hinic3/mml -Idrivers/net/hinic3 -I../drivers/net/hinic3 -Idrivers/net/hinic3/base -I../drivers/net/hinic3/base -Ilib/eal/common -I../lib/eal/common -I. -I.. -Iconfig -I../config -Ilib/eal/include -I../lib/eal/include -Ilib/eal/linux/include -I../lib/eal/linux/include -Ilib/eal/arm/include -I../lib/eal/arm/include -I../kernel/linux -Ilib/eal -I../lib/eal -Ilib/kvargs -I../lib/kvargs -Ilib/log -I../lib/log -Ilib/metrics -I../lib/metrics -Ilib/telemetry -I../lib/telemetry -Ilib/ethdev -I../lib/ethdev -Ilib/net -I../lib/net -Ilib/mbuf -I../lib/mbuf -Ilib/mempool -I../lib/mempool -Ilib/ring -I../lib/ring -Ilib/meter -I../lib/meter -Idrivers/bus/pci -I../drivers/bus/pci -I../drivers/bus/pci/linux -Ilib/pci -I../lib/pci -Ilib/hash -I../lib/hash -Ilib/rcu -I../lib/rcu -Xclang -fcolor-diagnostics -pipe -D_FILE_OFFSET_BITS=64 -Wall -Winvalid-pch -Wextra -Werror -std=c11 -O3 -include rte_config.h -Wvla -W
 cast-qual -Wdeprecated -Wformat -Wformat-nonliteral -Wformat-security -Wmissing-declarations -Wmissing-prototypes -Wnested-externs -Wold-style-definition -Wpointer-arith -Wsign-compare -Wstrict-prototypes -Wundef -Wwrite-strings -Wno-missing-field-initializers -D_GNU_SOURCE -fPIC -march=armv8.1-a+crc+crypto -DALLOW_EXPERIMENTAL_API -DALLOW_INTERNAL_API -Wno-format-truncation -Wno-address-of-packed-member -DHW_CONVERT_ENDIAN -MD -MQ drivers/net/hinic3/mml/libhinic3_mml.a.p/hinic3_mml_lib.c.o -MF drivers/net/hinic3/mml/libhinic3_mml.a.p/hinic3_mml_lib.c.o.d -o drivers/net/hinic3/mml/libhinic3_mml.a.p/hinic3_mml_lib.c.o -c ../drivers/net/hinic3/mml/hinic3_mml_lib.c
In file included from ../drivers/net/hinic3/mml/hinic3_mml_lib.c:5:
../drivers/net/hinic3/mml/hinic3_mml_lib.h:227:39: error: format string is not a string literal [-Werror,-Wformat-nonliteral]
227 |         ret = vsprintf(show_str + *show_len, fmt, args);
|                                              ^~~
1 error generated.
[1804/3730] Compiling C object drivers/net/hinic3/mml/libhinic3_mml.a.p/hinic3_mml_main.c.o
FAILED: drivers/net/hinic3/mml/libhinic3_mml.a.p/hinic3_mml_main.c.o
clang -Idrivers/net/hinic3/mml/libhinic3_mml.a.p -Idrivers/net/hinic3/mml -I../drivers/net/hinic3/mml -Idrivers/net/hinic3 -I../drivers/net/hinic3 -Idrivers/net/hinic3/base -I../drivers/net/hinic3/base -Ilib/eal/common -I../lib/eal/common -I. -I.. -Iconfig -I../config -Ilib/eal/include -I../lib/eal/include -Ilib/eal/linux/include -I../lib/eal/linux/include -Ilib/eal/arm/include -I../lib/eal/arm/include -I../kernel/linux -Ilib/eal -I../lib/eal -Ilib/kvargs -I../lib/kvargs -Ilib/log -I../lib/log -Ilib/metrics -I../lib/metrics -Ilib/telemetry -I../lib/telemetry -Ilib/ethdev -I../lib/ethdev -Ilib/net -I../lib/net -Ilib/mbuf -I../lib/mbuf -Ilib/mempool -I../lib/mempool -Ilib/ring -I../lib/ring -Ilib/meter -I../lib/meter -Idrivers/bus/pci -I../drivers/bus/pci -I../drivers/bus/pci/linux -Ilib/pci -I../lib/pci -Ilib/hash -I../lib/hash -Ilib/rcu -I../lib/rcu -Xclang -fcolor-diagnostics -pipe -D_FILE_OFFSET_BITS=64 -Wall -Winvalid-pch -Wextra -Werror -std=c11 -O3 -include rte_config.h -Wvla -W
 cast-qual -Wdeprecated -Wformat -Wformat-nonliteral -Wformat-security -Wmissing-declarations -Wmissing-prototypes -Wnested-externs -Wold-style-definition -Wpointer-arith -Wsign-compare -Wstrict-prototypes -Wundef -Wwrite-strings -Wno-missing-field-initializers -D_GNU_SOURCE -fPIC -march=armv8.1-a+crc+crypto -DALLOW_EXPERIMENTAL_API -DALLOW_INTERNAL_API -Wno-format-truncation -Wno-address-of-packed-member -DHW_CONVERT_ENDIAN -MD -MQ drivers/net/hinic3/mml/libhinic3_mml.a.p/hinic3_mml_main.c.o -MF drivers/net/hinic3/mml/libhinic3_mml.a.p/hinic3_mml_main.c.o.d -o drivers/net/hinic3/mml/libhinic3_mml.a.p/hinic3_mml_main.c.o -c ../drivers/net/hinic3/mml/hinic3_mml_main.c
In file included from ../drivers/net/hinic3/mml/hinic3_mml_main.c:5:
../drivers/net/hinic3/mml/hinic3_mml_lib.h:227:39: error: format string is not a string literal [-Werror,-Wformat-nonliteral]
227 |         ret = vsprintf(show_str + *show_len, fmt, args);
|                                              ^~~
1 error generated.
ninja: build stopped: subcommand failed.
==== End log output ====

Ubuntu 20.04
	Kernel: 5.4
	Compiler: gcc gcc (Ubuntu 9.4.0-1ubuntu1~20.04.2) 9.4.0

Debian 12 (arm)
	Kernel: Depends on container host
	Compiler: gcc (Debian 12.2.0-14) 12.2.0

CentOS Stream 10 (ARM)
	Kernel: Depends on container host
	Compiler: gcc 14.2.1 20241104 (Red Hat 14.2.1-6)

CentOS Stream 9 (ARM)
	Kernel: Depends on container host
	Compiler: gcc 11.5.0 20240719 (Red Hat 11.5.0-2)

Debian GNU/Linux 12
	Kernel: 5.4
	Compiler: gcc gcc (Debian 12.2.0-14) 12.2.0

Fedora 40 (ARM)
	Kernel: Depends on container host
	Compiler: gcc 14.2.1 20240912 (Red Hat 14.2.1-3)

Red Hat Enterprise Linux 9.5
	Kernel: 5.4
	Compiler: gcc gcc (GCC) 11.5.0 20240719 (Red Hat 11.5.0-2)

Fedora 41 (ARM)
	Kernel: Depends on container host
	Compiler: gcc 14.2.1 20240912 (Red Hat 14.2.1-3)

Fedora 41 (ARM Clang)
	Kernel: Depends on container host
	Compiler: clang 19.1.5 (Fedora 19.1.5-1.fc41)

Fedora 40 (ARM Clang)
	Kernel: Depends on container host
	Compiler: clang 18.1.8 (Fedora 18.1.8-1.fc40)

Ubuntu 22.04
	Kernel: 5.4
	Compiler: gcc gcc (Ubuntu 11.4.0-1ubuntu1~22.04) 11.4.0

Ubuntu 24.04
	Kernel: 5.4
	Compiler: gcc gcc (Ubuntu 13.3.0-6ubuntu2~24.04) 13.3.0

To view detailed results, visit:
https://lab.dpdk.org/results/dashboard/patchsets/33275/

UNH-IOL DPDK Community Lab

To manage your email subscriptions, visit: 
https://lab.dpdk.org/results/dashboard/preferences/subscriptions/


More information about the test-report mailing list